74.7.227.150 - - [26/Mar/2026:10:05:27 -0400] "GET /wp-content/uploads/wpforms/assets/jvaiv/iesfh/admin.php?rename=/opt/alt/alt-nodejs8/root/usr/lib/node_modules/npm/node_modules.bundled/is-symbol/LICENSE HTTP/1.1" 200 960 "http://transforwarders.com/wp-content/uploads/wpforms/assets/jvaiv/iesfh/admin.php?dir=/opt/alt/alt-nodejs8/root/usr/lib/node_modules/npm/node_modules/is-symbol" "Mozilla/5.0 AppleWebKit/537.36 (KHTML, like Gecko; compatible; GPTBot/1.3; +https://openai.com/gptbot)"
158.158.55.189 - - [26/Mar/2026:10:05:27 -0400] "GET /fe5.php HTTP/1.1" 404 - "-" "-"
158.158.55.189 - - [26/Mar/2026:10:05:28 -0400] "GET /file61.php HTTP/1.1" 404 - "-" "-"
74.7.227.150 - - [26/Mar/2026:10:05:28 -0400] "GET /wp-content/uploads/wpforms/assets/jvaiv/iesfh/admin.php?rename=/opt/alt/alt-nodejs8/root/usr/lib/node_modules/npm/node_modules.bundled/sha/LICENSE HTTP/1.1" 200 956 "http://transforwarders.com/wp-content/uploads/wpforms/assets/jvaiv/iesfh/admin.php?dir=/opt/alt/alt-nodejs8/root/usr/lib/node_modules/npm/node_modules/sha" "Mozilla/5.0 AppleWebKit/537.36 (KHTML, like Gecko; compatible; GPTBot/1.3; +https://openai.com/gptbot)"
158.158.55.189 - - [26/Mar/2026:10:05:28 -0400] "GET /uuu.php HTTP/1.1" 404 - "-" "-"
74.7.227.150 - - [26/Mar/2026:10:05:28 -0400] "GET /wp-content/uploads/wpforms/assets/jvaiv/iesfh/admin.php?rename=/opt/alt/alt-nodejs8/root/usr/lib/node_modules/npm/node_modules.bundled/once/LICENSE HTTP/1.1" 200 957 "http://transforwarders.com/wp-content/uploads/wpforms/assets/jvaiv/iesfh/admin.php?dir=/opt/alt/alt-nodejs8/root/usr/lib/node_modules/npm/node_modules/once" "Mozilla/5.0 AppleWebKit/537.36 (KHTML, like Gecko; compatible; GPTBot/1.3; +https://openai.com/gptbot)"
158.158.55.189 - - [26/Mar/2026:10:05:28 -0400] "GET /settings.php HTTP/1.1" 404 - "-" "-"
158.158.55.189 - - [26/Mar/2026:10:05:29 -0400] "GET /sf.php HTTP/1.1" 404 - "-" "-"
74.7.227.150 - - [26/Mar/2026:10:05:29 -0400] "GET /wp-content/uploads/wpforms/assets/jvaiv/iesfh/admin.php?edit=/opt/alt/alt-nodejs6/root/usr/lib/node_modules/npm/node_modules.bundled/aproba/LICENSE HTTP/1.1" 200 1434 "http://transforwarders.com/wp-content/uploads/wpforms/assets/jvaiv/iesfh/admin.php?dir=/opt/alt/alt-nodejs6/root/usr/lib/node_modules/npm/node_modules.bundled/aproba" "Mozilla/5.0 AppleWebKit/537.36 (KHTML, like Gecko; compatible; GPTBot/1.3; +https://openai.com/gptbot)"
158.158.55.189 - - [26/Mar/2026:10:05:29 -0400] "GET /eee.php HTTP/1.1" 404 - "-" "-"
74.7.227.150 - - [26/Mar/2026:10:05:29 -0400] "GET /wp-content/uploads/wpforms/assets/jvaiv/iesfh/admin.php?edit=/opt/alt/alt-nodejs6/root/usr/lib/node_modules/npm/node_modules.bundled/tar/LICENSE HTTP/1.1" 200 1430 "http://transforwarders.com/wp-content/uploads/wpforms/assets/jvaiv/iesfh/admin.php?dir=/opt/alt/alt-nodejs6/root/usr/lib/node_modules/npm/node_modules/tar" "Mozilla/5.0 AppleWebKit/537.36 (KHTML, like Gecko; compatible; GPTBot/1.3; +https://openai.com/gptbot)"
158.158.55.189 - - [26/Mar/2026:10:05:29 -0400] "GET /no1.php HTTP/1.1" 404 - "-" "-"
158.158.55.189 - - [26/Mar/2026:10:05:30 -0400] "GET /w2025.php HTTP/1.1" 404 - "-" "-"
158.158.55.189 - - [26/Mar/2026:10:05:30 -0400] "GET /swallowable.php HTTP/1.1" 404 - "-" "-"
74.7.227.150 - - [26/Mar/2026:10:05:30 -0400] "GET /wp-content/uploads/wpforms/assets/jvaiv/iesfh/admin.php?edit=/opt/alt/alt-nodejs8/root/usr/lib/node_modules/npm/node_modules.bundled/colors/LICENSE HTTP/1.1" 200 1646 "http://transforwarders.com/wp-content/uploads/wpforms/assets/jvaiv/iesfh/admin.php?dir=/opt/alt/alt-nodejs8/root/usr/lib/node_modules/npm/node_modules.bundled/colors" "Mozilla/5.0 AppleWebKit/537.36 (KHTML, like Gecko; compatible; GPTBot/1.3; +https://openai.com/gptbot)"
158.158.55.189 - - [26/Mar/2026:10:05:30 -0400] "GET /fvvff.php HTTP/1.1" 404 - "-" "-"
74.7.227.150 - - [26/Mar/2026:10:05:30 -0400] "GET /wp-content/uploads/wpforms/assets/jvaiv/iesfh/admin.php?edit=/opt/alt/alt-nodejs8/root/usr/lib/node_modules/npm/node_modules.bundled/semver/LICENSE HTTP/1.1" 200 1435 "http://transforwarders.com/wp-content/uploads/wpforms/assets/jvaiv/iesfh/admin.php?dir=/opt/alt/alt-nodejs8/root/usr/lib/node_modules/npm/node_modules.bundled/semver" "Mozilla/5.0 AppleWebKit/537.36 (KHTML, like Gecko; compatible; GPTBot/1.3; +https://openai.com/gptbot)"
158.158.55.189 - - [26/Mar/2026:10:05:30 -0400] "GET /a2.php HTTP/1.1" 404 - "-" "-"
158.158.55.189 - - [26/Mar/2026:10:05:31 -0400] "GET /sty.php HTTP/1.1" 404 - "-" "-"
74.7.227.150 - - [26/Mar/2026:10:05:31 -0400] "GET /wp-content/uploads/wpforms/assets/jvaiv/iesfh/admin.php?rename=/opt/alt/alt-nodejs8/root/usr/lib/node_modules/npm/node_modules.bundled/lru-cache/LICENSE HTTP/1.1" 200 961 "http://transforwarders.com/wp-content/uploads/wpforms/assets/jvaiv/iesfh/admin.php?dir=/opt/alt/alt-nodejs8/root/usr/lib/node_modules/npm/node_modules/lru-cache" "Mozilla/5.0 AppleWebKit/537.36 (KHTML, like Gecko; compatible; GPTBot/1.3; +https://openai.com/gptbot)"
158.158.55.189 - - [26/Mar/2026:10:05:31 -0400] "GET /txets.php HTTP/1.1" 404 - "-" "-"
158.158.55.189 - - [26/Mar/2026:10:05:31 -0400] "GET //edit.php HTTP/1.1" 404 - "-" "-"
74.7.227.150 - - [26/Mar/2026:10:05:31 -0400] "GET /wp-content/uploads/wpforms/assets/jvaiv/iesfh/admin.php?edit=/opt/alt/alt-nodejs6/root/usr/lib/node_modules/npm/node_modules.bundled/fs-vacuum/LICENSE HTTP/1.1" 200 1418 "http://transforwarders.com/wp-content/uploads/wpforms/assets/jvaiv/iesfh/admin.php?dir=/opt/alt/alt-nodejs6/root/usr/lib/node_modules/npm/node_modules/fs-vacuum" "Mozilla/5.0 AppleWebKit/537.36 (KHTML, like Gecko; compatible; GPTBot/1.3; +https://openai.com/gptbot)"
158.158.55.189 - - [26/Mar/2026:10:05:32 -0400] "GET /ioxi-o.php HTTP/1.1" 404 - "-" "-"
158.158.55.189 - - [26/Mar/2026:10:05:32 -0400] "GET /wp-content/admin.php HTTP/1.1" 404 - "-" "-"
74.7.227.150 - - [26/Mar/2026:10:05:32 -0400] "GET /wp-content/uploads/wpforms/assets/jvaiv/iesfh/admin.php?edit=/opt/alt/alt-nodejs6/root/usr/lib/node_modules/npm/node_modules.bundled/mkdirp/LICENSE HTTP/1.1" 200 1625 "http://transforwarders.com/wp-content/uploads/wpforms/assets/jvaiv/iesfh/admin.php?dir=/opt/alt/alt-nodejs6/root/usr/lib/node_modules/npm/node_modules.bundled/mkdirp" "Mozilla/5.0 AppleWebKit/537.36 (KHTML, like Gecko; compatible; GPTBot/1.3; +https://openai.com/gptbot)"
158.158.55.189 - - [26/Mar/2026:10:05:32 -0400] "GET /66.php HTTP/1.1" 404 - "-" "-"
158.158.55.189 - - [26/Mar/2026:10:05:32 -0400] "GET /a5.php HTTP/1.1" 404 - "-" "-"
158.158.55.189 - - [26/Mar/2026:10:05:32 -0400] "GET /xmlrpc.php HTTP/1.1" 404 - "-" "-"
74.7.227.150 - - [26/Mar/2026:10:05:33 -0400] "GET /wp-content/uploads/wpforms/assets/jvaiv/iesfh/admin.php?edit=/opt/alt/alt-nodejs6/root/usr/lib/node_modules/npm/node_modules.bundled/rimraf/LICENSE HTTP/1.1" 200 1435 "http://transforwarders.com/wp-content/uploads/wpforms/assets/jvaiv/iesfh/admin.php?dir=/opt/alt/alt-nodejs6/root/usr/lib/node_modules/npm/node_modules.bundled/rimraf" "Mozilla/5.0 AppleWebKit/537.36 (KHTML, like Gecko; compatible; GPTBot/1.3; +https://openai.com/gptbot)"
158.158.55.189 - - [26/Mar/2026:10:05:33 -0400] "GET /ol.php HTTP/1.1" 404 - "-" "-"
158.158.55.189 - - [26/Mar/2026:10:05:33 -0400] "GET //f6.php HTTP/1.1" 404 - "-" "-"
74.7.227.150 - - [26/Mar/2026:10:05:33 -0400] "GET /wp-content/uploads/wpforms/assets/jvaiv/iesfh/admin.php?edit=/opt/alt/alt-nodejs8/root/usr/lib/node_modules/npm/node_modules.bundled/is-ci/LICENSE HTTP/1.1" 200 1600 "http://transforwarders.com/wp-content/uploads/wpforms/assets/jvaiv/iesfh/admin.php?dir=/opt/alt/alt-nodejs8/root/usr/lib/node_modules/npm/node_modules/is-ci" "Mozilla/5.0 AppleWebKit/537.36 (KHTML, like Gecko; compatible; GPTBot/1.3; +https://openai.com/gptbot)"
158.158.55.189 - - [26/Mar/2026:10:05:33 -0400] "GET //inputs.php HTTP/1.1" 404 - "-" "-"
74.7.227.150 - - [26/Mar/2026:10:05:34 -0400] "GET /wp-content/uploads/wpforms/assets/jvaiv/iesfh/admin.php?edit=/opt/alt/alt-nodejs8/root/usr/lib/node_modules/npm/node_modules.bundled/qs/LICENSE HTTP/1.1" 200 1786 "http://transforwarders.com/wp-content/uploads/wpforms/assets/jvaiv/iesfh/admin.php?dir=/opt/alt/alt-nodejs8/root/usr/lib/node_modules/npm/node_modules/qs" "Mozilla/5.0 AppleWebKit/537.36 (KHTML, like Gecko; compatible; GPTBot/1.3; +https://openai.com/gptbot)"
158.158.55.189 - - [26/Mar/2026:10:05:34 -0400] "GET /style.php HTTP/1.1" 404 - "-" "-"
158.158.55.189 - - [26/Mar/2026:10:05:34 -0400] "GET /bgymj.php HTTP/1.1" 404 - "-" "-"
74.7.227.150 - - [26/Mar/2026:10:05:34 -0400] "GET /wp-content/uploads/wpforms/assets/jvaiv/iesfh/admin.php?rename=/opt/alt/alt-nodejs8/root/usr/lib/node_modules/npm/node_modules.bundled/jsbn/LICENSE HTTP/1.1" 200 957 "http://transforwarders.com/wp-content/uploads/wpforms/assets/jvaiv/iesfh/admin.php?dir=/opt/alt/alt-nodejs8/root/usr/lib/node_modules/npm/node_modules/jsbn" "Mozilla/5.0 AppleWebKit/537.36 (KHTML, like Gecko; compatible; GPTBot/1.3; +https://openai.com/gptbot)"
158.158.55.189 - - [26/Mar/2026:10:05:34 -0400] "GET //aa.php HTTP/1.1" 404 - "-" "-"
158.158.55.189 - - [26/Mar/2026:10:05:34 -0400] "GET //1.php HTTP/1.1" 404 - "-" "-"
74.7.227.150 - - [26/Mar/2026:10:05:35 -0400] "GET /wp-content/uploads/wpforms/assets/jvaiv/iesfh/admin.php?rename=/opt/alt/alt-nodejs8/root/usr/lib/node_modules/npm/node_modules.bundled/is-ci/LICENSE HTTP/1.1" 200 958 "http://transforwarders.com/wp-content/uploads/wpforms/assets/jvaiv/iesfh/admin.php?dir=/opt/alt/alt-nodejs8/root/usr/lib/node_modules/npm/node_modules/is-ci" "Mozilla/5.0 AppleWebKit/537.36 (KHTML, like Gecko; compatible; GPTBot/1.3; +https://openai.com/gptbot)"
158.158.55.189 - - [26/Mar/2026:10:05:35 -0400] "GET //av.php HTTP/1.1" 404 - "-" "-"
74.7.244.22 - - [26/Mar/2026:10:05:35 -0400] "GET /robots.txt HTTP/1.1" 404 - "-" "Mozilla/5.0 (Macintosh; Intel Mac OS X 10_15_7) AppleWebKit/537.36 (KHTML, like Gecko) Chrome/131.0.0.0 Safari/537.36; compatible; OAI-SearchBot/1.3; robots.txt; +https://openai.com/searchbot"
74.7.227.150 - - [26/Mar/2026:10:05:35 -0400] "GET /wp-content/uploads/wpforms/assets/jvaiv/iesfh/admin.php?edit=/opt/alt/alt-nodejs6/root/usr/lib/node_modules/npm/node_modules.bundled/once/LICENSE HTTP/1.1" 200 1434 "http://transforwarders.com/wp-content/uploads/wpforms/assets/jvaiv/iesfh/admin.php?dir=/opt/alt/alt-nodejs6/root/usr/lib/node_modules/npm/node_modules/once" "Mozilla/5.0 AppleWebKit/537.36 (KHTML, like Gecko; compatible; GPTBot/1.3; +https://openai.com/gptbot)"
74.7.227.150 - - [26/Mar/2026:10:05:36 -0400] "GET /wp-content/uploads/wpforms/assets/jvaiv/iesfh/admin.php?edit=/opt/alt/alt-nodejs8/root/usr/lib/node_modules/npm/node_modules.bundled/socks/LICENSE HTTP/1.1" 200 1599 "http://transforwarders.com/wp-content/uploads/wpforms/assets/jvaiv/iesfh/admin.php?dir=/opt/alt/alt-nodejs8/root/usr/lib/node_modules/npm/node_modules/socks" "Mozilla/5.0 AppleWebKit/537.36 (KHTML, like Gecko; compatible; GPTBot/1.3; +https://openai.com/gptbot)"
74.7.227.150 - - [26/Mar/2026:10:05:36 -0400] "GET /wp-content/uploads/wpforms/assets/jvaiv/iesfh/admin.php?edit=/opt/alt/alt-nodejs8/root/usr/lib/node_modules/npm/node_modules.bundled/lru-cache/LICENSE HTTP/1.1" 200 1437 "http://transforwarders.com/wp-content/uploads/wpforms/assets/jvaiv/iesfh/admin.php?dir=/opt/alt/alt-nodejs8/root/usr/lib/node_modules/npm/node_modules/lru-cache" "Mozilla/5.0 AppleWebKit/537.36 (KHTML, like Gecko; compatible; GPTBot/1.3; +https://openai.com/gptbot)"
74.7.227.150 - - [26/Mar/2026:10:05:37 -0400] "GET /wp-content/uploads/wpforms/assets/jvaiv/iesfh/admin.php?edit=/opt/alt/alt-nodejs8/root/usr/lib/node_modules/npm/node_modules.bundled/has-symbols/LICENSE HTTP/1.1" 200 1595 "http://transforwarders.com/wp-content/uploads/wpforms/assets/jvaiv/iesfh/admin.php?dir=/opt/alt/alt-nodejs8/root/usr/lib/node_modules/npm/node_modules.bundled/has-symbols" "Mozilla/5.0 AppleWebKit/537.36 (KHTML, like Gecko; compatible; GPTBot/1.3; +https://openai.com/gptbot)"
74.7.227.150 - - [26/Mar/2026:10:05:37 -0400] "GET /wp-content/uploads/wpforms/assets/jvaiv/iesfh/admin.php?edit=/opt/alt/alt-nodejs8/root/usr/lib/node_modules/npm/node_modules.bundled/extend/LICENSE HTTP/1.1" 200 1591 "http://transforwarders.com/wp-content/uploads/wpforms/assets/jvaiv/iesfh/admin.php?dir=/opt/alt/alt-nodejs8/root/usr/lib/node_modules/npm/node_modules.bundled/extend" "Mozilla/5.0 AppleWebKit/537.36 (KHTML, like Gecko; compatible; GPTBot/1.3; +https://openai.com/gptbot)"
158.158.55.189 - - [26/Mar/2026:10:05:37 -0400] "GET /wp-admin/css/bolt.php HTTP/1.1" 404 - "-" "-"
158.158.55.189 - - [26/Mar/2026:10:05:38 -0400] "GET /file59.php HTTP/1.1" 404 - "-" "-"
74.7.227.150 - - [26/Mar/2026:10:05:38 -0400] "GET /wp-content/uploads/wpforms/assets/jvaiv/iesfh/admin.php?rename=/opt/alt/alt-nodejs6/root/usr/lib/node_modules/npm/node_modules.bundled/tar/LICENSE HTTP/1.1" 200 956 "http://transforwarders.com/wp-content/uploads/wpforms/assets/jvaiv/iesfh/admin.php?dir=/opt/alt/alt-nodejs6/root/usr/lib/node_modules/npm/node_modules/tar" "Mozilla/5.0 AppleWebKit/537.36 (KHTML, like Gecko; compatible; GPTBot/1.3; +https://openai.com/gptbot)"
158.158.55.189 - - [26/Mar/2026:10:05:38 -0400] "GET /bless5.php HTTP/1.1" 404 - "-" "-"
158.158.55.189 - - [26/Mar/2026:10:05:38 -0400] "GET /wp-act.php HTTP/1.1" 404 - "-" "-"
158.158.55.189 - - [26/Mar/2026:10:05:38 -0400] "GET /xqq.php HTTP/1.1" 404 - "-" "-"
158.158.55.189 - - [26/Mar/2026:10:05:38 -0400] "GET /plss3.php HTTP/1.1" 404 - "-" "-"
158.158.55.189 - - [26/Mar/2026:10:05:39 -0400] "GET /aaa.php?p= HTTP/1.1" 404 - "-" "-"
158.158.55.189 - - [26/Mar/2026:10:05:39 -0400] "GET /classwithtostring.php?p= HTTP/1.1" 404 - "-" "-"
158.158.55.189 - - [26/Mar/2026:10:05:39 -0400] "GET /wp-content/themes/index.php HTTP/1.1" 404 - "-" "-"
158.158.55.189 - - [26/Mar/2026:10:05:39 -0400] "GET /tinyfilemanager.php?p= HTTP/1.1" 404 - "-" "-"
74.7.227.150 - - [26/Mar/2026:10:05:38 -0400] "GET /wp-content/uploads/wpforms/assets/jvaiv/iesfh/admin.php?edit=/opt/cpanel/ea-libicu/lib/libicui18n.so HTTP/1.1" 200 1457195 "http://transforwarders.com/wp-content/uploads/wpforms/assets/jvaiv/iesfh/admin.php?dir=/opt/cpanel/ea-libicu/lib" "Mozilla/5.0 AppleWebKit/537.36 (KHTML, like Gecko; compatible; GPTBot/1.3; +https://openai.com/gptbot)"
158.158.55.189 - - [26/Mar/2026:10:05:39 -0400] "GET /ms.php HTTP/1.1" 404 - "-" "-"
158.158.55.189 - - [26/Mar/2026:10:05:39 -0400] "GET /wp-update.php HTTP/1.1" 404 - "-" "-"
158.158.55.189 - - [26/Mar/2026:10:05:40 -0400] "GET /sbhu.php HTTP/1.1" 404 - "-" "-"
158.158.55.189 - - [26/Mar/2026:10:05:40 -0400] "GET /wp-blog.php HTTP/1.1" 404 - "-" "-"
158.158.55.189 - - [26/Mar/2026:10:05:40 -0400] "GET /test1.php HTTP/1.1" 404 - "-" "-"
158.158.55.189 - - [26/Mar/2026:10:05:40 -0400] "GET //wp-includes/js/jquery/ HTTP/1.1" 404 - "-" "-"
158.158.55.189 - - [26/Mar/2026:10:05:41 -0400] "GET /166.php HTTP/1.1" 404 - "-" "-"
158.158.55.189 - - [26/Mar/2026:10:05:41 -0400] "GET //wp-content/admin.php HTTP/1.1" 404 - "-" "-"
158.158.55.189 - - [26/Mar/2026:10:05:41 -0400] "GET /ms-edit.php HTTP/1.1" 404 - "-" "-"
158.158.55.189 - - [26/Mar/2026:10:05:41 -0400] "GET //adminfuns.php HTTP/1.1" 404 - "-" "-"
158.158.55.189 - - [26/Mar/2026:10:05:41 -0400] "GET /goods.php HTTP/1.1" 404 - "-" "-"
74.7.227.150 - - [26/Mar/2026:10:05:41 -0400] "GET /wp-content/uploads/wpforms/assets/jvaiv/iesfh/admin.php?view=/lib64/python2.7/idlelib/MultiCall.py HTTP/1.1" 200 5896 "http://transforwarders.com/wp-content/uploads/wpforms/assets/jvaiv/iesfh/admin.php?dir=/lib64/python2.7/idlelib" "Mozilla/5.0 AppleWebKit/537.36 (KHTML, like Gecko; compatible; GPTBot/1.3; +https://openai.com/gptbot)"
158.158.55.189 - - [26/Mar/2026:10:05:42 -0400] "GET /ms-edit.php HTTP/1.1" 404 - "-" "-"
158.158.55.189 - - [26/Mar/2026:10:05:42 -0400] "GET /222.php HTTP/1.1" 404 - "-" "-"
158.158.55.189 - - [26/Mar/2026:10:05:42 -0400] "GET //cgi-bin/index.php HTTP/1.1" 404 - "-" "-"
74.7.227.150 - - [26/Mar/2026:10:05:42 -0400] "GET /wp-content/uploads/wpforms/assets/jvaiv/iesfh/admin.php?view=/lib64/python2.7/idlelib/WindowList.py HTTP/1.1" 200 1655 "http://transforwarders.com/wp-content/uploads/wpforms/assets/jvaiv/iesfh/admin.php?dir=/lib64/python2.7/idlelib" "Mozilla/5.0 AppleWebKit/537.36 (KHTML, like Gecko; compatible; GPTBot/1.3; +https://openai.com/gptbot)"
158.158.55.189 - - [26/Mar/2026:10:05:42 -0400] "GET /ff1.php HTTP/1.1" 404 - "-" "-"
158.158.55.189 - - [26/Mar/2026:10:05:42 -0400] "GET /fff.php HTTP/1.1" 404 - "-" "-"
74.7.227.150 - - [26/Mar/2026:10:05:42 -0400] "GET /wp-content/uploads/wpforms/assets/jvaiv/iesfh/admin.php?view=/lib64/python2.7/idlelib/MultiCall.pyc HTTP/1.1" 200 7562 "http://transforwarders.com/wp-content/uploads/wpforms/assets/jvaiv/iesfh/admin.php?dir=/lib64/python2.7/idlelib" "Mozilla/5.0 AppleWebKit/537.36 (KHTML, like Gecko; compatible; GPTBot/1.3; +https://openai.com/gptbot)"
158.158.55.189 - - [26/Mar/2026:10:05:42 -0400] "GET /wp-content/ HTTP/1.1" 200 1896 "-" "-"
158.158.55.189 - - [26/Mar/2026:10:05:43 -0400] "GET /155.php HTTP/1.1" 404 - "-" "-"
158.158.55.189 - - [26/Mar/2026:10:05:43 -0400] "GET /we.php HTTP/1.1" 404 - "-" "-"
74.7.227.150 - - [26/Mar/2026:10:05:43 -0400] "GET /wp-content/uploads/wpforms/assets/jvaiv/iesfh/admin.php?view=/lib64/python2.7/_MozillaCookieJar.py HTTP/1.1" 200 2661 "http://transforwarders.com/wp-content/uploads/wpforms/assets/jvaiv/iesfh/admin.php?dir=/lib64/python2.7" "Mozilla/5.0 AppleWebKit/537.36 (KHTML, like Gecko; compatible; GPTBot/1.3; +https://openai.com/gptbot)"
158.158.55.189 - - [26/Mar/2026:10:05:43 -0400] "GET /alpha.php HTTP/1.1" 404 - "-" "-"
158.158.55.189 - - [26/Mar/2026:10:05:43 -0400] "GET /makeasmtp.php?p= HTTP/1.1" 404 - "-" "-"
74.7.227.150 - - [26/Mar/2026:10:05:44 -0400] "GET /wp-content/uploads/wpforms/assets/jvaiv/iesfh/admin.php?view=/lib64/python2.7/DocXMLRPCServer.pyc HTTP/1.1" 200 5030 "http://transforwarders.com/wp-content/uploads/wpforms/assets/jvaiv/iesfh/admin.php?dir=/lib64/python2.7" "Mozilla/5.0 AppleWebKit/537.36 (KHTML, like Gecko; compatible; GPTBot/1.3; +https://openai.com/gptbot)"
158.158.55.189 - - [26/Mar/2026:10:05:44 -0400] "GET /wp-michan.php HTTP/1.1" 404 - "-" "-"
158.158.55.189 - - [26/Mar/2026:10:05:44 -0400] "GET /wp-the.php HTTP/1.1" 404 - "-" "-"
158.158.55.189 - - [26/Mar/2026:10:05:44 -0400] "GET //wp-includes/css/dist/ HTTP/1.1" 404 - "-" "-"
74.7.227.150 - - [26/Mar/2026:10:05:44 -0400] "GET /wp-content/uploads/wpforms/assets/jvaiv/iesfh/admin.php?view=/lib64/python2.7/idlelib/ParenMatch.py HTTP/1.1" 200 3045 "http://transforwarders.com/wp-content/uploads/wpforms/assets/jvaiv/iesfh/admin.php?dir=/lib64/python2.7/idlelib" "Mozilla/5.0 AppleWebKit/537.36 (KHTML, like Gecko; compatible; GPTBot/1.3; +https://openai.com/gptbot)"
158.158.55.189 - - [26/Mar/2026:10:05:44 -0400] "GET /BDKR28WP.php HTTP/1.1" 404 - "-" "-"
158.158.55.189 - - [26/Mar/2026:10:05:45 -0400] "GET //wp-includes/l10n/ HTTP/1.1" 200 844 "-" "-"
74.7.227.150 - - [26/Mar/2026:10:05:45 -0400] "GET /wp-content/uploads/wpforms/assets/jvaiv/iesfh/admin.php?view=/lib64/python2.7/idlelib/IOBinding.pyc HTTP/1.1" 200 7995 "http://transforwarders.com/wp-content/uploads/wpforms/assets/jvaiv/iesfh/admin.php?dir=/lib64/python2.7/idlelib" "Mozilla/5.0 AppleWebKit/537.36 (KHTML, like Gecko; compatible; GPTBot/1.3; +https://openai.com/gptbot)"
158.158.55.189 - - [26/Mar/2026:10:05:45 -0400] "GET /wp-good.php HTTP/1.1" 404 - "-" "-"
158.158.55.189 - - [26/Mar/2026:10:05:45 -0400] "GET /wp.php HTTP/1.1" 404 - "-" "-"
158.158.55.189 - - [26/Mar/2026:10:05:45 -0400] "GET /wp-admin/js/fi.php HTTP/1.1" 404 - "-" "-"
74.7.227.150 - - [26/Mar/2026:10:05:45 -0400] "GET /wp-content/uploads/wpforms/assets/jvaiv/iesfh/admin.php?view=/lib64/python2.7/idlelib/FileList.pyc HTTP/1.1" 200 2626 "http://transforwarders.com/wp-content/uploads/wpforms/assets/jvaiv/iesfh/admin.php?dir=/lib64/python2.7/idlelib" "Mozilla/5.0 AppleWebKit/537.36 (KHTML, like Gecko; compatible; GPTBot/1.3; +https://openai.com/gptbot)"
158.158.55.189 - - [26/Mar/2026:10:05:46 -0400] "GET /fe5.php HTTP/1.1" 404 - "-" "-"
158.158.55.189 - - [26/Mar/2026:10:05:46 -0400] "GET /kj.php HTTP/1.1" 404 - "-" "-"
74.7.227.150 - - [26/Mar/2026:10:05:46 -0400] "GET /wp-content/uploads/wpforms/assets/jvaiv/iesfh/admin.php?view=/lib64/python2.7/idlelib/HISTORY.txt HTTP/1.1" 200 5306 "http://transforwarders.com/wp-content/uploads/wpforms/assets/jvaiv/iesfh/admin.php?dir=/lib64/python2.7/idlelib" "Mozilla/5.0 AppleWebKit/537.36 (KHTML, like Gecko; compatible; GPTBot/1.3; +https://openai.com/gptbot)"
158.158.55.189 - - [26/Mar/2026:10:05:46 -0400] "GET //wp-content/uploads/2021/02/index.php HTTP/1.1" 404 - "-" "-"
158.158.55.189 - - [26/Mar/2026:10:05:46 -0400] "GET /av.php HTTP/1.1" 404 - "-" "-"
158.158.55.189 - - [26/Mar/2026:10:05:46 -0400] "GET /abcd.php HTTP/1.1" 404 - "-" "-"
74.7.227.150 - - [26/Mar/2026:10:05:46 -0400] "GET /wp-content/uploads/wpforms/assets/jvaiv/iesfh/admin.php?view=/lib64/python2.7/DocXMLRPCServer.pyo HTTP/1.1" 200 4983 "http://transforwarders.com/wp-content/uploads/wpforms/assets/jvaiv/iesfh/admin.php?dir=/lib64/python2.7" "Mozilla/5.0 AppleWebKit/537.36 (KHTML, like Gecko; compatible; GPTBot/1.3; +https://openai.com/gptbot)"
158.158.55.189 - - [26/Mar/2026:10:05:47 -0400] "GET /about.php HTTP/1.1" 404 - "-" "-"
158.158.55.189 - - [26/Mar/2026:10:05:47 -0400] "GET /fi.php HTTP/1.1" 404 - "-" "-"
74.7.227.150 - - [26/Mar/2026:10:05:47 -0400] "GET /wp-content/uploads/wpforms/assets/jvaiv/iesfh/admin.php?view=/lib64/python2.7/idlelib/IOBinding.pyo HTTP/1.1" 200 7995 "http://transforwarders.com/wp-content/uploads/wpforms/assets/jvaiv/iesfh/admin.php?dir=/lib64/python2.7/idlelib" "Mozilla/5.0 AppleWebKit/537.36 (KHTML, like Gecko; compatible; GPTBot/1.3; +https://openai.com/gptbot)"
158.158.55.189 - - [26/Mar/2026:10:05:47 -0400] "GET //a1.php HTTP/1.1" 404 - "-" "-"
158.158.55.189 - - [26/Mar/2026:10:05:47 -0400] "GET /update/f35.php HTTP/1.1" 404 - "-" "-"
74.7.227.150 - - [26/Mar/2026:10:05:47 -0400] "GET /wp-content/uploads/wpforms/assets/jvaiv/iesfh/admin.php?view=/lib64/python2.7/idlelib/CallTips.pyc HTTP/1.1" 200 4489 "http://transforwarders.com/wp-content/uploads/wpforms/assets/jvaiv/iesfh/admin.php?dir=/lib64/python2.7/idlelib" "Mozilla/5.0 AppleWebKit/537.36 (KHTML, like Gecko; compatible; GPTBot/1.3; +https://openai.com/gptbot)"
158.158.55.189 - - [26/Mar/2026:10:05:47 -0400] "GET /wp-includes/Text/Diff/Engine/about.php HTTP/1.1" 404 - "-" "-"
158.158.55.189 - - [26/Mar/2026:10:05:47 -0400] "GET /f35.php HTTP/1.1" 404 - "-" "-"
158.158.55.189 - - [26/Mar/2026:10:05:48 -0400] "GET //wp-includes/css/index.php?p= HTTP/1.1" 404 - "-" "-"
74.7.227.150 - - [26/Mar/2026:10:05:48 -0400] "GET /wp-content/uploads/wpforms/assets/jvaiv/iesfh/admin.php?view=/lib64/python2.7/idlelib/IOBinding.py HTTP/1.1" 200 6900 "http://transforwarders.com/wp-content/uploads/wpforms/assets/jvaiv/iesfh/admin.php?dir=/lib64/python2.7/idlelib" "Mozilla/5.0 AppleWebKit/537.36 (KHTML, like Gecko; compatible; GPTBot/1.3; +https://openai.com/gptbot)"
158.158.55.189 - - [26/Mar/2026:10:05:48 -0400] "GET /wp-includes/SimplePie/ HTTP/1.1" 200 851 "-" "-"
158.158.55.189 - - [26/Mar/2026:10:05:48 -0400] "GET /prv8.php HTTP/1.1" 404 - "-" "-"
74.7.227.150 - - [26/Mar/2026:10:05:48 -0400] "GET /wp-content/uploads/wpforms/assets/jvaiv/iesfh/admin.php?view=/lib64/python2.7/idlelib/AutoExpand.py HTTP/1.1" 200 2023 "http://transforwarders.com/wp-content/uploads/wpforms/assets/jvaiv/iesfh/admin.php?dir=/lib64/python2.7/idlelib" "Mozilla/5.0 AppleWebKit/537.36 (KHTML, like Gecko; compatible; GPTBot/1.3; +https://openai.com/gptbot)"
158.158.55.189 - - [26/Mar/2026:10:05:48 -0400] "GET /k.php HTTP/1.1" 404 - "-" "-"
158.158.55.189 - - [26/Mar/2026:10:05:48 -0400] "GET /dev.php HTTP/1.1" 404 - "-" "-"
158.158.55.189 - - [26/Mar/2026:10:05:49 -0400] "GET /bal.php HTTP/1.1" 404 - "-" "-"
158.158.55.189 - - [26/Mar/2026:10:05:49 -0400] "GET /in.php HTTP/1.1" 404 - "-" "-"
74.7.227.150 - - [26/Mar/2026:10:05:49 -0400] "GET /wp-content/uploads/wpforms/assets/jvaiv/iesfh/admin.php?view=/lib64/python2.7/idlelib/FileList.py HTTP/1.1" 200 1954 "http://transforwarders.com/wp-content/uploads/wpforms/assets/jvaiv/iesfh/admin.php?dir=/lib64/python2.7/idlelib" "Mozilla/5.0 AppleWebKit/537.36 (KHTML, like Gecko; compatible; GPTBot/1.3; +https://openai.com/gptbot)"
158.158.55.189 - - [26/Mar/2026:10:05:49 -0400] "GET /gssdd.php HTTP/1.1" 404 - "-" "-"
158.158.55.189 - - [26/Mar/2026:10:05:49 -0400] "GET /motu.php HTTP/1.1" 404 - "-" "-"
74.7.227.150 - - [26/Mar/2026:10:05:49 -0400] "GET /wp-content/uploads/wpforms/assets/jvaiv/iesfh/admin.php?view=/lib64/python2.7/idlelib/CREDITS.txt HTTP/1.1" 200 1859 "http://transforwarders.com/wp-content/uploads/wpforms/assets/jvaiv/iesfh/admin.php?dir=/lib64/python2.7/idlelib" "Mozilla/5.0 AppleWebKit/537.36 (KHTML, like Gecko; compatible; GPTBot/1.3; +https://openai.com/gptbot)"
158.158.55.189 - - [26/Mar/2026:10:05:50 -0400] "GET /bs1.php HTTP/1.1" 404 - "-" "-"
158.158.55.189 - - [26/Mar/2026:10:05:50 -0400] "GET /bengi.php HTTP/1.1" 404 - "-" "-"
158.158.55.189 - - [26/Mar/2026:10:05:50 -0400] "GET /wp-content/plugins/pwnd/as.php HTTP/1.1" 404 - "-" "-"
74.7.227.150 - - [26/Mar/2026:10:05:50 -0400] "GET /wp-content/uploads/wpforms/assets/jvaiv/iesfh/admin.php?view=/lib64/python2.7/idlelib/textView.py HTTP/1.1" 200 2150 "http://transforwarders.com/wp-content/uploads/wpforms/assets/jvaiv/iesfh/admin.php?dir=/lib64/python2.7/idlelib" "Mozilla/5.0 AppleWebKit/537.36 (KHTML, like Gecko; compatible; GPTBot/1.3; +https://openai.com/gptbot)"
158.158.55.189 - - [26/Mar/2026:10:05:50 -0400] "GET /axx.php HTTP/1.1" 404 - "-" "-"
158.158.55.189 - - [26/Mar/2026:10:05:50 -0400] "GET /alfashell.php HTTP/1.1" 404 - "-" "-"
158.158.55.189 - - [26/Mar/2026:10:05:51 -0400] "GET /fm.php?p= HTTP/1.1" 404 - "-" "-"
74.7.227.150 - - [26/Mar/2026:10:05:50 -0400] "GET /wp-content/uploads/wpforms/assets/jvaiv/iesfh/admin.php?view=/lib64/python2.7/idlelib/PyParse.pyo HTTP/1.1" 200 4855 "http://transforwarders.com/wp-content/uploads/wpforms/assets/jvaiv/iesfh/admin.php?dir=/lib64/python2.7/idlelib" "Mozilla/5.0 AppleWebKit/537.36 (KHTML, like Gecko; compatible; GPTBot/1.3; +https://openai.com/gptbot)"
158.158.55.189 - - [26/Mar/2026:10:05:51 -0400] "GET /flower.php HTTP/1.1" 404 - "-" "-"
158.158.55.189 - - [26/Mar/2026:10:05:51 -0400] "GET /gettest.php HTTP/1.1" 404 - "-" "-"
74.7.227.150 - - [26/Mar/2026:10:05:51 -0400] "GET /wp-content/uploads/wpforms/assets/jvaiv/iesfh/admin.php?view=/lib64/python2.7/idlelib/PyParse.pyc HTTP/1.1" 200 5016 "http://transforwarders.com/wp-content/uploads/wpforms/assets/jvaiv/iesfh/admin.php?dir=/lib64/python2.7/idlelib" "Mozilla/5.0 AppleWebKit/537.36 (KHTML, like Gecko; compatible; GPTBot/1.3; +https://openai.com/gptbot)"
158.158.55.189 - - [26/Mar/2026:10:05:51 -0400] "GET /acp.php HTTP/1.1" 404 - "-" "-"
158.158.55.189 - - [26/Mar/2026:10:05:51 -0400] "GET /sdm.php HTTP/1.1" 404 - "-" "-"
158.158.55.189 - - [26/Mar/2026:10:05:51 -0400] "GET /file52.php HTTP/1.1" 404 - "-" "-"
74.7.227.150 - - [26/Mar/2026:10:05:52 -0400] "GET /wp-content/uploads/wpforms/assets/jvaiv/iesfh/admin.php?view=/lib64/python2.7/idlelib/Percolator.py HTTP/1.1" 200 1804 "http://transforwarders.com/wp-content/uploads/wpforms/assets/jvaiv/iesfh/admin.php?dir=/lib64/python2.7/idlelib" "Mozilla/5.0 AppleWebKit/537.36 (KHTML, like Gecko; compatible; GPTBot/1.3; +https://openai.com/gptbot)"
158.158.55.189 - - [26/Mar/2026:10:05:52 -0400] "GET /file48.php HTTP/1.1" 404 - "-" "-"
158.158.55.189 - - [26/Mar/2026:10:05:52 -0400] "GET /s.php HTTP/1.1" 404 - "-" "-"
74.7.227.150 - - [26/Mar/2026:10:05:52 -0400] "GET /wp-content/uploads/wpforms/assets/jvaiv/iesfh/admin.php?view=/lib64/python2.7/idlelib/GrepDialog.py HTTP/1.1" 200 2633 "http://transforwarders.com/wp-content/uploads/wpforms/assets/jvaiv/iesfh/admin.php?dir=/lib64/python2.7/idlelib" "Mozilla/5.0 AppleWebKit/537.36 (KHTML, like Gecko; compatible; GPTBot/1.3; +https://openai.com/gptbot)"
158.158.55.189 - - [26/Mar/2026:10:05:52 -0400] "GET /g.php HTTP/1.1" 404 - "-" "-"
158.158.55.189 - - [26/Mar/2026:10:05:52 -0400] "GET /wp-content/ HTTP/1.1" 200 1896 "-" "-"
74.7.227.150 - - [26/Mar/2026:10:05:53 -0400] "GET /wp-content/uploads/wpforms/assets/jvaiv/iesfh/admin.php?view=/lib64/python2.7/idlelib/CallTips.py HTTP/1.1" 200 3622 "http://transforwarders.com/wp-content/uploads/wpforms/assets/jvaiv/iesfh/admin.php?dir=/lib64/python2.7/idlelib" "Mozilla/5.0 AppleWebKit/537.36 (KHTML, like Gecko; compatible; GPTBot/1.3; +https://openai.com/gptbot)"
158.158.55.189 - - [26/Mar/2026:10:05:53 -0400] "GET /simple.php HTTP/1.1" 404 - "-" "-"
158.158.55.189 - - [26/Mar/2026:10:05:53 -0400] "GET /atomlib.php HTTP/1.1" 404 - "-" "-"
74.7.227.150 - - [26/Mar/2026:10:05:53 -0400] "GET /wp-content/uploads/wpforms/assets/jvaiv/iesfh/admin.php?view=/lib64/python2.7/idlelib/CallTips.pyo HTTP/1.1" 200 4489 "http://transforwarders.com/wp-content/uploads/wpforms/assets/jvaiv/iesfh/admin.php?dir=/lib64/python2.7/idlelib" "Mozilla/5.0 AppleWebKit/537.36 (KHTML, like Gecko; compatible; GPTBot/1.3; +https://openai.com/gptbot)"
158.158.55.189 - - [26/Mar/2026:10:05:53 -0400] "GET /hla.php HTTP/1.1" 404 - "-" "-"
158.158.55.189 - - [26/Mar/2026:10:05:53 -0400] "GET /ew.php HTTP/1.1" 404 - "-" "-"
74.7.227.150 - - [26/Mar/2026:10:05:54 -0400] "GET /wp-content/uploads/wpforms/assets/jvaiv/iesfh/admin.php?view=/lib64/python2.7/site-packages/README HTTP/1.1" 200 921 "http://transforwarders.com/wp-content/uploads/wpforms/assets/jvaiv/iesfh/admin.php?dir=/lib64/python2.7/site-packages" "Mozilla/5.0 AppleWebKit/537.36 (KHTML, like Gecko; compatible; GPTBot/1.3; +https://openai.com/gptbot)"
158.158.55.189 - - [26/Mar/2026:10:05:54 -0400] "GET /css.php HTTP/1.1" 404 - "-" "-"
158.158.55.189 - - [26/Mar/2026:10:05:54 -0400] "GET /goat1.php HTTP/1.1" 404 - "-" "-"
158.158.55.189 - - [26/Mar/2026:10:05:54 -0400] "GET /file21.php HTTP/1.1" 404 - "-" "-"
74.7.227.150 - - [26/Mar/2026:10:05:54 -0400] "GET /wp-content/uploads/wpforms/assets/jvaiv/iesfh/admin.php?view=/lib64/python2.7/SimpleHTTPServer.py HTTP/1.1" 200 3686 "http://transforwarders.com/wp-content/uploads/wpforms/assets/jvaiv/iesfh/admin.php?dir=/lib64/python2.7" "Mozilla/5.0 AppleWebKit/537.36 (KHTML, like Gecko; compatible; GPTBot/1.3; +https://openai.com/gptbot)"
158.158.55.189 - - [26/Mar/2026:10:05:54 -0400] "GET /class19.php HTTP/1.1" 404 - "-" "-"
158.158.55.189 - - [26/Mar/2026:10:05:54 -0400] "GET /fffff.php HTTP/1.1" 404 - "-" "-"
158.158.55.189 - - [26/Mar/2026:10:05:55 -0400] "GET /thh.php HTTP/1.1" 404 - "-" "-"
74.7.227.150 - - [26/Mar/2026:10:05:55 -0400] "GET /wp-content/uploads/wpforms/assets/jvaiv/iesfh/admin.php?view=/lib64/python2.7/idlelib/FileList.pyo HTTP/1.1" 200 2612 "http://transforwarders.com/wp-content/uploads/wpforms/assets/jvaiv/iesfh/admin.php?dir=/lib64/python2.7/idlelib" "Mozilla/5.0 AppleWebKit/537.36 (KHTML, like Gecko; compatible; GPTBot/1.3; +https://openai.com/gptbot)"
158.158.55.189 - - [26/Mar/2026:10:05:55 -0400] "GET /yellow.php HTTP/1.1" 404 - "-" "-"
158.158.55.189 - - [26/Mar/2026:10:05:55 -0400] "GET /wfile.php HTTP/1.1" 404 - "-" "-"
158.158.55.189 - - [26/Mar/2026:10:05:55 -0400] "GET /class20.php HTTP/1.1" 404 - "-" "-"
74.7.227.150 - - [26/Mar/2026:10:05:55 -0400] "GET /wp-content/uploads/wpforms/assets/jvaiv/iesfh/admin.php?view=/lib64/python2.7/idlelib/Delegator.py HTTP/1.1" 200 1082 "http://transforwarders.com/wp-content/uploads/wpforms/assets/jvaiv/iesfh/admin.php?dir=/lib64/python2.7/idlelib" "Mozilla/5.0 AppleWebKit/537.36 (KHTML, like Gecko; compatible; GPTBot/1.3; +https://openai.com/gptbot)"
158.158.55.189 - - [26/Mar/2026:10:05:55 -0400] "GET /build.php HTTP/1.1" 404 - "-" "-"
158.158.55.189 - - [26/Mar/2026:10:05:55 -0400] "GET /file1.php HTTP/1.1" 404 - "-" "-"
158.158.55.189 - - [26/Mar/2026:10:05:56 -0400] "GET /520.php HTTP/1.1" 404 - "-" "-"
74.7.227.150 - - [26/Mar/2026:10:05:56 -0400] "GET /wp-content/uploads/wpforms/assets/jvaiv/iesfh/admin.php?view=/lib64/python2.7/_MozillaCookieJar.pyc HTTP/1.1" 200 3089 "http://transforwarders.com/wp-content/uploads/wpforms/assets/jvaiv/iesfh/admin.php?dir=/lib64/python2.7" "Mozilla/5.0 AppleWebKit/537.36 (KHTML, like Gecko; compatible; GPTBot/1.3; +https://openai.com/gptbot)"
158.158.55.189 - - [26/Mar/2026:10:05:56 -0400] "GET /file18.php HTTP/1.1" 404 - "-" "-"
74.7.227.150 - - [26/Mar/2026:10:05:56 -0400] "GET /wp-content/uploads/wpforms/assets/jvaiv/iesfh/admin.php?view=/lib64/python2.7/idlelib/PyShell.pyc HTTP/1.1" 200 20868 "http://transforwarders.com/wp-content/uploads/wpforms/assets/jvaiv/iesfh/admin.php?dir=/lib64/python2.7/idlelib" "Mozilla/5.0 AppleWebKit/537.36 (KHTML, like Gecko; compatible; GPTBot/1.3; +https://openai.com/gptbot)"
158.158.55.189 - - [26/Mar/2026:10:05:56 -0400] "GET /ffile.php HTTP/1.1" 404 - "-" "-"
158.158.55.189 - - [26/Mar/2026:10:05:56 -0400] "GET /vee.php HTTP/1.1" 404 - "-" "-"
158.158.55.189 - - [26/Mar/2026:10:05:57 -0400] "GET /efile.php HTTP/1.1" 404 - "-" "-"
74.7.227.150 - - [26/Mar/2026:10:05:57 -0400] "GET /wp-content/uploads/wpforms/assets/jvaiv/iesfh/admin.php?view=/lib64/python2.7/idlelib/ZoomHeight.py HTTP/1.1" 200 1425 "http://transforwarders.com/wp-content/uploads/wpforms/assets/jvaiv/iesfh/admin.php?dir=/lib64/python2.7/idlelib" "Mozilla/5.0 AppleWebKit/537.36 (KHTML, like Gecko; compatible; GPTBot/1.3; +https://openai.com/gptbot)"
158.158.55.189 - - [26/Mar/2026:10:05:57 -0400] "GET /afile.php HTTP/1.1" 404 - "-" "-"
158.158.55.189 - - [26/Mar/2026:10:05:57 -0400] "GET /lites.php HTTP/1.1" 404 - "-" "-"
158.158.55.189 - - [26/Mar/2026:10:05:57 -0400] "GET /0x.php HTTP/1.1" 404 - "-" "-"
74.7.227.150 - - [26/Mar/2026:10:05:57 -0400] "GET /wp-content/uploads/wpforms/assets/jvaiv/iesfh/admin.php?view=/lib64/python2.7/idlelib/textView.pyo HTTP/1.1" 200 2806 "http://transforwarders.com/wp-content/uploads/wpforms/assets/jvaiv/iesfh/admin.php?dir=/lib64/python2.7/idlelib" "Mozilla/5.0 AppleWebKit/537.36 (KHTML, like Gecko; compatible; GPTBot/1.3; +https://openai.com/gptbot)"
158.158.55.189 - - [26/Mar/2026:10:05:57 -0400] "GET /bless3.php HTTP/1.1" 404 - "-" "-"
158.158.55.189 - - [26/Mar/2026:10:05:58 -0400] "GET /enclas.php HTTP/1.1" 404 - "-" "-"
158.158.55.189 - - [26/Mar/2026:10:05:58 -0400] "GET /he.php HTTP/1.1" 404 - "-" "-"
74.7.227.150 - - [26/Mar/2026:10:05:58 -0400] "GET /wp-content/uploads/wpforms/assets/jvaiv/iesfh/admin.php?view=/lib64/python2.7/idlelib/TreeWidget.py HTTP/1.1" 200 5106 "http://transforwarders.com/wp-content/uploads/wpforms/assets/jvaiv/iesfh/admin.php?dir=/lib64/python2.7/idlelib" "Mozilla/5.0 AppleWebKit/537.36 (KHTML, like Gecko; compatible; GPTBot/1.3; +https://openai.com/gptbot)"
158.158.55.189 - - [26/Mar/2026:10:05:58 -0400] "GET /aves.php HTTP/1.1" 404 - "-" "-"
158.158.55.189 - - [26/Mar/2026:10:05:58 -0400] "GET /cabs.php HTTP/1.1" 404 - "-" "-"
158.158.55.189 - - [26/Mar/2026:10:05:58 -0400] "GET /file88.php HTTP/1.1" 404 - "-" "-"
74.7.227.150 - - [26/Mar/2026:10:05:58 -0400] "GET /wp-content/uploads/wpforms/assets/jvaiv/iesfh/admin.php?view=/lib64/python2.7/_MozillaCookieJar.pyo HTTP/1.1" 200 3066 "http://transforwarders.com/wp-content/uploads/wpforms/assets/jvaiv/iesfh/admin.php?dir=/lib64/python2.7" "Mozilla/5.0 AppleWebKit/537.36 (KHTML, like Gecko; compatible; GPTBot/1.3; +https://openai.com/gptbot)"
158.158.55.189 - - [26/Mar/2026:10:05:58 -0400] "GET /xwx1.php HTTP/1.1" 404 - "-" "-"
158.158.55.189 - - [26/Mar/2026:10:05:59 -0400] "GET /x1da.php HTTP/1.1" 404 - "-" "-"
74.7.227.150 - - [26/Mar/2026:10:05:59 -0400] "GET /wp-content/uploads/wpforms/assets/jvaiv/iesfh/admin.php?view=/lib64/python2.7/idlelib/PyShell.pyo HTTP/1.1" 200 20824 "http://transforwarders.com/wp-content/uploads/wpforms/assets/jvaiv/iesfh/admin.php?dir=/lib64/python2.7/idlelib" "Mozilla/5.0 AppleWebKit/537.36 (KHTML, like Gecko; compatible; GPTBot/1.3; +https://openai.com/gptbot)"
158.158.55.189 - - [26/Mar/2026:10:05:59 -0400] "GET /des.php HTTP/1.1" 404 - "-" "-"
158.158.55.189 - - [26/Mar/2026:10:05:59 -0400] "GET /kaza.php HTTP/1.1" 404 - "-" "-"
74.7.227.150 - - [26/Mar/2026:10:05:59 -0400] "GET /wp-content/uploads/wpforms/assets/jvaiv/iesfh/admin.php?view=/lib64/python2.7/idlelib/MultiCall.pyo HTTP/1.1" 200 7514 "http://transforwarders.com/wp-content/uploads/wpforms/assets/jvaiv/iesfh/admin.php?dir=/lib64/python2.7/idlelib" "Mozilla/5.0 AppleWebKit/537.36 (KHTML, like Gecko; compatible; GPTBot/1.3; +https://openai.com/gptbot)"
158.158.55.189 - - [26/Mar/2026:10:05:59 -0400] "GET /file51.php HTTP/1.1" 404 - "-" "-"
158.158.55.189 - - [26/Mar/2026:10:06:00 -0400] "GET /blurbs15.php HTTP/1.1" 404 - "-" "-"
158.158.55.189 - - [26/Mar/2026:10:06:00 -0400] "GET /bless11.php HTTP/1.1" 404 - "-" "-"
74.7.227.150 - - [26/Mar/2026:10:06:00 -0400] "GET /wp-content/uploads/wpforms/assets/jvaiv/iesfh/admin.php?dir=/usr/lib64/perl5/auto/attributes HTTP/1.1" 200 1343 "http://transforwarders.com/wp-content/uploads/wpforms/assets/jvaiv/iesfh/admin.php?view=/lib/.build-id/1b/c4cd0bba113258f0015fdceca91323141831bb" "Mozilla/5.0 AppleWebKit/537.36 (KHTML, like Gecko; compatible; GPTBot/1.3; +https://openai.com/gptbot)"
158.158.55.189 - - [26/Mar/2026:10:06:00 -0400] "GET /security.php HTTP/1.1" 404 - "-" "-"
158.158.55.189 - - [26/Mar/2026:10:06:00 -0400] "GET /jp.php HTTP/1.1" 404 - "-" "-"
74.7.227.150 - - [26/Mar/2026:10:06:00 -0400] "GET /wp-content/uploads/wpforms/assets/jvaiv/iesfh/admin.php?rename=/var/softaculous/ocart23/info.xml HTTP/1.1" 200 931 "http://transforwarders.com/wp-content/uploads/wpforms/assets/jvaiv/iesfh/admin.php?dir=/var/softaculous/ocart23" "Mozilla/5.0 AppleWebKit/537.36 (KHTML, like Gecko; compatible; GPTBot/1.3; +https://openai.com/gptbot)"
158.158.55.189 - - [26/Mar/2026:10:06:00 -0400] "GET /chosen.php HTTP/1.1" 404 - "-" "-"
158.158.55.189 - - [26/Mar/2026:10:06:01 -0400] "GET /xoot.php HTTP/1.1" 404 - "-" "-"
74.7.227.150 - - [26/Mar/2026:10:06:01 -0400] "GET /wp-content/uploads/wpforms/assets/jvaiv/iesfh/admin.php?rename=/var/softaculous/ostic17/info.xml HTTP/1.1" 200 931 "http://transforwarders.com/wp-content/uploads/wpforms/assets/jvaiv/iesfh/admin.php?dir=/var/softaculous/ostic17" "Mozilla/5.0 AppleWebKit/537.36 (KHTML, like Gecko; compatible; GPTBot/1.3; +https://openai.com/gptbot)"
158.158.55.189 - - [26/Mar/2026:10:06:01 -0400] "GET /wp-content/radio.php HTTP/1.1" 404 - "-" "-"
158.158.55.189 - - [26/Mar/2026:10:06:01 -0400] "GET /modules/mod_simplefileuploadv1.3/elements/filemanager.php HTTP/1.1" 404 - "-" "-"
74.7.227.150 - - [26/Mar/2026:10:06:01 -0400] "GET /wp-content/uploads/wpforms/assets/jvaiv/iesfh/admin.php?rename=/var/softaculous/tiki22/info.xml HTTP/1.1" 200 931 "http://transforwarders.com/wp-content/uploads/wpforms/assets/jvaiv/iesfh/admin.php?dir=/var/softaculous/tiki22" "Mozilla/5.0 AppleWebKit/537.36 (KHTML, like Gecko; compatible; GPTBot/1.3; +https://openai.com/gptbot)"
74.7.227.150 - - [26/Mar/2026:10:06:02 -0400] "GET /wp-content/uploads/wpforms/assets/jvaiv/iesfh/admin.php?rename=/var/softaculous/ostic14/info.xml HTTP/1.1" 200 930 "http://transforwarders.com/wp-content/uploads/wpforms/assets/jvaiv/iesfh/admin.php?dir=/var/softaculous/ostic14" "Mozilla/5.0 AppleWebKit/537.36 (KHTML, like Gecko; compatible; GPTBot/1.3; +https://openai.com/gptbot)"
74.7.227.150 - - [26/Mar/2026:10:06:03 -0400] "GET /wp-content/uploads/wpforms/assets/jvaiv/iesfh/admin.php?edit=/var/softaculous/tcexam/tce_db_config.php HTTP/1.1" 200 2224 "http://transforwarders.com/wp-content/uploads/wpforms/assets/jvaiv/iesfh/admin.php?dir=/var/softaculous/tcexam" "Mozilla/5.0 AppleWebKit/537.36 (KHTML, like Gecko; compatible; GPTBot/1.3; +https://openai.com/gptbot)"
74.7.227.150 - - [26/Mar/2026:10:06:04 -0400] "GET /wp-content/uploads/wpforms/assets/jvaiv/iesfh/admin.php?rename=/var/softaculous/zwiicms/check_suphp.php HTTP/1.1" 200 937 "http://transforwarders.com/wp-content/uploads/wpforms/assets/jvaiv/iesfh/admin.php?dir=/var/softaculous/zwiicms" "Mozilla/5.0 AppleWebKit/537.36 (KHTML, like Gecko; compatible; GPTBot/1.3; +https://openai.com/gptbot)"
74.7.227.150 - - [26/Mar/2026:10:06:04 -0400] "GET /wp-content/uploads/wpforms/assets/jvaiv/iesfh/admin.php?rename=/var/softaculous/zencart/configure_.php HTTP/1.1" 200 935 "http://transforwarders.com/wp-content/uploads/wpforms/assets/jvaiv/iesfh/admin.php?dir=/var/softaculous/zencart" "Mozilla/5.0 AppleWebKit/537.36 (KHTML, like Gecko; compatible; GPTBot/1.3; +https://openai.com/gptbot)"
74.7.227.150 - - [26/Mar/2026:10:06:05 -0400] "GET /wp-content/uploads/wpforms/assets/jvaiv/iesfh/admin.php?edit=/lib64/libisccc.so.161 HTTP/1.1" 200 17283 "http://transforwarders.com/wp-content/uploads/wpforms/assets/jvaiv/iesfh/admin.php?dir=//lib64" "Mozilla/5.0 AppleWebKit/537.36 (KHTML, like Gecko; compatible; GPTBot/1.3; +https://openai.com/gptbot)"
74.7.227.150 - - [26/Mar/2026:10:06:05 -0400] "GET /wp-content/uploads/wpforms/assets/jvaiv/iesfh/admin.php?edit=/opt/alt/alt-nodejs8/root/usr/lib/node_modules/npm/node_modules.bundled/dezalgo/LICENSE HTTP/1.1" 200 1436 "http://transforwarders.com/wp-content/uploads/wpforms/assets/jvaiv/iesfh/admin.php?dir=/opt/alt/alt-nodejs8/root/usr/lib/node_modules/npm/node_modules.bundled/dezalgo" "Mozilla/5.0 AppleWebKit/537.36 (KHTML, like Gecko; compatible; GPTBot/1.3; +https://openai.com/gptbot)"
74.7.227.150 - - [26/Mar/2026:10:06:06 -0400] "GET /wp-content/uploads/wpforms/assets/jvaiv/iesfh/admin.php?view=/usr/lib64/perl5/auto/attributes/attributes.so HTTP/1.1" 200 5745 "http://transforwarders.com/wp-content/uploads/wpforms/assets/jvaiv/iesfh/admin.php?dir=/usr/lib64/perl5/auto/attributes" "Mozilla/5.0 AppleWebKit/537.36 (KHTML, like Gecko; compatible; GPTBot/1.3; +https://openai.com/gptbot)"
74.7.227.150 - - [26/Mar/2026:10:06:06 -0400] "GET /wp-content/uploads/wpforms/assets/jvaiv/iesfh/admin.php?edit=/usr/lib64/perl5/auto/attributes/attributes.so HTTP/1.1" 200 5828 "http://transforwarders.com/wp-content/uploads/wpforms/assets/jvaiv/iesfh/admin.php?dir=/usr/lib64/perl5/auto/attributes" "Mozilla/5.0 AppleWebKit/537.36 (KHTML, like Gecko; compatible; GPTBot/1.3; +https://openai.com/gptbot)"
74.7.227.150 - - [26/Mar/2026:10:06:07 -0400] "GET /wp-content/uploads/wpforms/assets/jvaiv/iesfh/admin.php?rename=/usr/lib64/perl5/auto/attributes/attributes.so HTTP/1.1" 200 935 "http://transforwarders.com/wp-content/uploads/wpforms/assets/jvaiv/iesfh/admin.php?dir=/usr/lib64/perl5/auto/attributes" "Mozilla/5.0 AppleWebKit/537.36 (KHTML, like Gecko; compatible; GPTBot/1.3; +https://openai.com/gptbot)"
74.7.227.150 - - [26/Mar/2026:10:06:07 -0400] "GET /wp-content/uploads/wpforms/assets/jvaiv/iesfh/admin.php?rename=/opt/alt/alt-nodejs8/root/usr/lib/node_modules/npm/node_modules.bundled/iferr/LICENSE HTTP/1.1" 200 957 "http://transforwarders.com/wp-content/uploads/wpforms/assets/jvaiv/iesfh/admin.php?dir=/opt/alt/alt-nodejs8/root/usr/lib/node_modules/npm/node_modules/iferr" "Mozilla/5.0 AppleWebKit/537.36 (KHTML, like Gecko; compatible; GPTBot/1.3; +https://openai.com/gptbot)"
74.7.227.150 - - [26/Mar/2026:10:06:08 -0400] "GET /wp-content/uploads/wpforms/assets/jvaiv/iesfh/admin.php?edit=/opt/alt/alt-nodejs8/root/usr/lib/node_modules/npm/node_modules.bundled/pumpify/LICENSE HTTP/1.1" 200 1596 "http://transforwarders.com/wp-content/uploads/wpforms/assets/jvaiv/iesfh/admin.php?dir=/opt/alt/alt-nodejs8/root/usr/lib/node_modules/npm/node_modules.bundled/pumpify" "Mozilla/5.0 AppleWebKit/537.36 (KHTML, like Gecko; compatible; GPTBot/1.3; +https://openai.com/gptbot)"
74.7.227.150 - - [26/Mar/2026:10:06:08 -0400] "GET /wp-content/uploads/wpforms/assets/jvaiv/iesfh/admin.php?edit=/opt/alt/alt-nodejs8/root/usr/lib/node_modules/npm/node_modules.bundled/yallist/LICENSE HTTP/1.1" 200 1436 "http://transforwarders.com/wp-content/uploads/wpforms/assets/jvaiv/iesfh/admin.php?dir=/opt/alt/alt-nodejs8/root/usr/lib/node_modules/npm/node_modules.bundled/yallist" "Mozilla/5.0 AppleWebKit/537.36 (KHTML, like Gecko; compatible; GPTBot/1.3; +https://openai.com/gptbot)"
74.7.227.150 - - [26/Mar/2026:10:06:09 -0400] "GET /wp-content/uploads/wpforms/assets/jvaiv/iesfh/admin.php?edit=/opt/alt/alt-nodejs6/root/usr/lib/node_modules/npm/node_modules.bundled/fstream/LICENSE HTTP/1.1" 200 1435 "http://transforwarders.com/wp-content/uploads/wpforms/assets/jvaiv/iesfh/admin.php?dir=/opt/alt/alt-nodejs6/root/usr/lib/node_modules/npm/node_modules.bundled/fstream" "Mozilla/5.0 AppleWebKit/537.36 (KHTML, like Gecko; compatible; GPTBot/1.3; +https://openai.com/gptbot)"
74.7.227.150 - - [26/Mar/2026:10:06:09 -0400] "GET /wp-content/uploads/wpforms/assets/jvaiv/iesfh/admin.php?edit=/opt/alt/alt-nodejs6/root/usr/lib/node_modules/npm/node_modules.bundled/dezalgo/LICENSE HTTP/1.1" 200 1436 "http://transforwarders.com/wp-content/uploads/wpforms/assets/jvaiv/iesfh/admin.php?dir=/opt/alt/alt-nodejs6/root/usr/lib/node_modules/npm/node_modules.bundled/dezalgo" "Mozilla/5.0 AppleWebKit/537.36 (KHTML, like Gecko; compatible; GPTBot/1.3; +https://openai.com/gptbot)"
74.7.227.150 - - [26/Mar/2026:10:06:10 -0400] "GET /wp-content/uploads/wpforms/assets/jvaiv/iesfh/admin.php?edit=/opt/alt/alt-nodejs8/root/usr/lib/node_modules/npm/node_modules.bundled/request/LICENSE HTTP/1.1" 200 4253 "http://transforwarders.com/wp-content/uploads/wpforms/assets/jvaiv/iesfh/admin.php?dir=/opt/alt/alt-nodejs8/root/usr/lib/node_modules/npm/node_modules.bundled/request" "Mozilla/5.0 AppleWebKit/537.36 (KHTML, like Gecko; compatible; GPTBot/1.3; +https://openai.com/gptbot)"
74.7.227.150 - - [26/Mar/2026:10:06:10 -0400] "GET /wp-content/uploads/wpforms/assets/jvaiv/iesfh/admin.php?rename=/opt/alt/alt-nodejs6/root/usr/lib/node_modules/npm/node_modules.bundled/iferr/LICENSE HTTP/1.1" 200 957 "http://transforwarders.com/wp-content/uploads/wpforms/assets/jvaiv/iesfh/admin.php?dir=/opt/alt/alt-nodejs6/root/usr/lib/node_modules/npm/node_modules/iferr" "Mozilla/5.0 AppleWebKit/537.36 (KHTML, like Gecko; compatible; GPTBot/1.3; +https://openai.com/gptbot)"
74.7.227.150 - - [26/Mar/2026:10:06:11 -0400] "GET /wp-content/uploads/wpforms/assets/jvaiv/iesfh/admin.php?rename=/opt/alt/alt-nodejs8/root/usr/lib/node_modules/npm/node_modules.bundled/isexe/LICENSE HTTP/1.1" 200 958 "http://transforwarders.com/wp-content/uploads/wpforms/assets/jvaiv/iesfh/admin.php?dir=/opt/alt/alt-nodejs8/root/usr/lib/node_modules/npm/node_modules/isexe" "Mozilla/5.0 AppleWebKit/537.36 (KHTML, like Gecko; compatible; GPTBot/1.3; +https://openai.com/gptbot)"
74.7.227.150 - - [26/Mar/2026:10:06:11 -0400] "GET /wp-content/uploads/wpforms/assets/jvaiv/iesfh/admin.php?rename=/opt/alt/alt-nodejs8/root/usr/lib/node_modules/npm/node_modules.bundled/debug/LICENSE HTTP/1.1" 200 958 "http://transforwarders.com/wp-content/uploads/wpforms/assets/jvaiv/iesfh/admin.php?dir=/opt/alt/alt-nodejs8/root/usr/lib/node_modules/npm/node_modules/debug" "Mozilla/5.0 AppleWebKit/537.36 (KHTML, like Gecko; compatible; GPTBot/1.3; +https://openai.com/gptbot)"
74.7.227.150 - - [26/Mar/2026:10:06:12 -0400] "GET /wp-content/uploads/wpforms/assets/jvaiv/iesfh/admin.php?rename=/opt/alt/alt-nodejs6/root/usr/lib/node_modules/npm/node_modules.bundled/which/LICENSE HTTP/1.1" 200 958 "http://transforwarders.com/wp-content/uploads/wpforms/assets/jvaiv/iesfh/admin.php?dir=/opt/alt/alt-nodejs6/root/usr/lib/node_modules/npm/node_modules/which" "Mozilla/5.0 AppleWebKit/537.36 (KHTML, like Gecko; compatible; GPTBot/1.3; +https://openai.com/gptbot)"
74.7.227.150 - - [26/Mar/2026:10:06:13 -0400] "GET /wp-content/uploads/wpforms/assets/jvaiv/iesfh/admin.php?rename=/opt/alt/alt-nodejs6/root/usr/lib/node_modules/npm/node_modules.bundled/umask/LICENSE HTTP/1.1" 200 958 "http://transforwarders.com/wp-content/uploads/wpforms/assets/jvaiv/iesfh/admin.php?dir=/opt/alt/alt-nodejs6/root/usr/lib/node_modules/npm/node_modules/umask" "Mozilla/5.0 AppleWebKit/537.36 (KHTML, like Gecko; compatible; GPTBot/1.3; +https://openai.com/gptbot)"
74.7.227.150 - - [26/Mar/2026:10:06:13 -0400] "GET /wp-content/uploads/wpforms/assets/jvaiv/iesfh/admin.php?rename=/opt/alt/alt-nodejs8/root/usr/lib/node_modules/npm/node_modules.bundled/sshpk/LICENSE HTTP/1.1" 200 958 "http://transforwarders.com/wp-content/uploads/wpforms/assets/jvaiv/iesfh/admin.php?dir=/opt/alt/alt-nodejs8/root/usr/lib/node_modules/npm/node_modules/sshpk" "Mozilla/5.0 AppleWebKit/537.36 (KHTML, like Gecko; compatible; GPTBot/1.3; +https://openai.com/gptbot)"
74.7.227.150 - - [26/Mar/2026:10:06:14 -0400] "GET /wp-content/uploads/wpforms/assets/jvaiv/iesfh/admin.php?rename=/opt/alt/alt-nodejs8/root/usr/lib/node_modules/npm/node_modules.bundled/clone/LICENSE HTTP/1.1" 200 958 "http://transforwarders.com/wp-content/uploads/wpforms/assets/jvaiv/iesfh/admin.php?dir=/opt/alt/alt-nodejs8/root/usr/lib/node_modules/npm/node_modules/clone" "Mozilla/5.0 AppleWebKit/537.36 (KHTML, like Gecko; compatible; GPTBot/1.3; +https://openai.com/gptbot)"
74.7.227.150 - - [26/Mar/2026:10:06:14 -0400] "GET /wp-content/uploads/wpforms/assets/jvaiv/iesfh/admin.php?rename=/opt/alt/alt-nodejs8/root/usr/lib/node_modules/npm/node_modules.bundled/gauge/LICENSE HTTP/1.1" 200 959 "http://transforwarders.com/wp-content/uploads/wpforms/assets/jvaiv/iesfh/admin.php?dir=/opt/alt/alt-nodejs8/root/usr/lib/node_modules/npm/node_modules/gauge" "Mozilla/5.0 AppleWebKit/537.36 (KHTML, like Gecko; compatible; GPTBot/1.3; +https://openai.com/gptbot)"
74.7.227.150 - - [26/Mar/2026:10:06:15 -0400] "GET /wp-content/uploads/wpforms/assets/jvaiv/iesfh/admin.php?rename=/opt/alt/alt-nodejs8/root/usr/lib/node_modules/npm/node_modules.bundled/which/LICENSE HTTP/1.1" 200 958 "http://transforwarders.com/wp-content/uploads/wpforms/assets/jvaiv/iesfh/admin.php?dir=/opt/alt/alt-nodejs8/root/usr/lib/node_modules/npm/node_modules/which" "Mozilla/5.0 AppleWebKit/537.36 (KHTML, like Gecko; compatible; GPTBot/1.3; +https://openai.com/gptbot)"
