216.73.216.217 - - [25/Mar/2026:11:02:07 -0400] "GET /wp-includes/html-api/resources/files/2023/sae/index.php?path=%2F%2Fusr%2Flib64%2Fgstreamer-1.0&viewfile=%2F%2Fusr%2Flib64%2Fgstreamer-1.0%2Flibgstvolume.so HTTP/1.1" 302 381 "-" "Mozilla/5.0 AppleWebKit/537.36 (KHTML, like Gecko; compatible; ClaudeBot/1.0; +claudebot@anthropic.com)"
216.73.216.217 - - [25/Mar/2026:11:02:09 -0400] "GET /wp-includes/html-api/resources/files/2023/sae/?path=%2F%2Fdev%2Fshm&viewfile=%2F%2Fdev%2Fshm%2Fsem.lsphp%5Bhash%3D103b1e4f895ad3b67b3b29809336638a%5D.is_ready HTTP/1.1" 302 393 "-" "Mozilla/5.0 AppleWebKit/537.36 (KHTML, like Gecko; compatible; ClaudeBot/1.0; +claudebot@anthropic.com)"
216.73.216.217 - - [25/Mar/2026:11:02:11 -0400] "GET /wp-includes/html-api/resources/files/2023/sae/?path=%2F%2Fusr%2Fshare%2Fman%2Fman1&viewfile=%2F%2Fusr%2Fshare%2Fman%2Fman1%2Fisql.1.gz HTTP/1.1" 302 369 "-" "Mozilla/5.0 AppleWebKit/537.36 (KHTML, like Gecko; compatible; ClaudeBot/1.0; +claudebot@anthropic.com)"
216.73.216.217 - - [25/Mar/2026:11:02:13 -0400] "GET /wp-includes/html-api/resources/files/2023/sae/?path=%2F%2Fusr%2Fshare%2Fman%2Fman1&viewfile=%2F%2Fusr%2Fshare%2Fman%2Fman1%2Frrdinfo.1.gz HTTP/1.1" 302 372 "-" "Mozilla/5.0 AppleWebKit/537.36 (KHTML, like Gecko; compatible; ClaudeBot/1.0; +claudebot@anthropic.com)"
216.73.216.217 - - [25/Mar/2026:11:02:15 -0400] "GET /wp-includes/html-api/resources/files/2023/sae/?path=%2F%2Fusr%2Fshare%2Fman%2Fman1&viewfile=%2F%2Fusr%2Fshare%2Fman%2Fman1%2Fbzmore.1.gz HTTP/1.1" 302 371 "-" "Mozilla/5.0 AppleWebKit/537.36 (KHTML, like Gecko; compatible; ClaudeBot/1.0; +claudebot@anthropic.com)"
216.73.216.217 - - [25/Mar/2026:11:02:17 -0400] "GET /wp-includes/html-api/resources/files/2023/sae/?path=%2F%2Fusr%2Fshare%2Fman%2Fman1&viewfile=%2F%2Fusr%2Fshare%2Fman%2Fman1%2Fperltie.1.gz HTTP/1.1" 302 372 "-" "Mozilla/5.0 AppleWebKit/537.36 (KHTML, like Gecko; compatible; ClaudeBot/1.0; +claudebot@anthropic.com)"
216.73.216.217 - - [25/Mar/2026:11:02:19 -0400] "GET /wp-includes/html-api/resources/files/2023/sae/?path=%2F%2Fusr%2Fshare%2Fman%2Fman0p&viewfile=%2F%2Fusr%2Fshare%2Fman%2Fman0p%2Fsys_utsname.h.0p.gz HTTP/1.1" 302 381 "-" "Mozilla/5.0 AppleWebKit/537.36 (KHTML, like Gecko; compatible; ClaudeBot/1.0; +claudebot@anthropic.com)"
216.73.216.217 - - [25/Mar/2026:11:02:21 -0400] "GET /wp-includes/html-api/resources/files/2023/sae/?path=%2F%2Fusr%2Fshare%2Fman%2Fman1&viewfile=%2F%2Fusr%2Fshare%2Fman%2Fman1%2Firb.1.gz HTTP/1.1" 302 368 "-" "Mozilla/5.0 AppleWebKit/537.36 (KHTML, like Gecko; compatible; ClaudeBot/1.0; +claudebot@anthropic.com)"
216.73.216.217 - - [25/Mar/2026:11:02:23 -0400] "GET /wp-includes/html-api/resources/files/2023/sae/?path=%2F%2Fdev%2Fshm&viewfile=%2F%2Fdev%2Fshm%2Fsem.lsphp%5Bhash%3Dfb186e27265b7834b37a2749bc27ebc0%5D.is_ready HTTP/1.1" 302 393 "-" "Mozilla/5.0 AppleWebKit/537.36 (KHTML, like Gecko; compatible; ClaudeBot/1.0; +claudebot@anthropic.com)"
216.73.216.217 - - [25/Mar/2026:11:02:25 -0400] "GET /wp-includes/html-api/resources/files/2023/sae/?path=%2F%2Fdev%2Fshm&viewfile=%2F%2Fdev%2Fshm%2Fsem.lsphp%5Bhash%3D13fcc927bf9249822e0ec96a01c11ad0%5D.is_ready HTTP/1.1" 302 393 "-" "Mozilla/5.0 AppleWebKit/537.36 (KHTML, like Gecko; compatible; ClaudeBot/1.0; +claudebot@anthropic.com)"
216.73.216.217 - - [25/Mar/2026:11:02:26 -0400] "GET /wp-includes/html-api/resources/files/2023/sae/?path=%2F%2Fdev%2Fshm&viewfile=%2F%2Fdev%2Fshm%2Fsem.lsphp%5Bhash%3D214438cf7d54d1a99baf6184a98485f6%5D.is_ready HTTP/1.1" 302 393 "-" "Mozilla/5.0 AppleWebKit/537.36 (KHTML, like Gecko; compatible; ClaudeBot/1.0; +claudebot@anthropic.com)"
216.73.216.217 - - [25/Mar/2026:11:02:28 -0400] "GET /wp-includes/html-api/resources/files/2023/sae/?path=%2F%2Fproc%2Fself%2Froot%2Fdev%2Fshm&viewfile=%2F%2Fproc%2Fself%2Froot%2Fdev%2Fshm%2Fsem.lsphp%5Bhash%3D905759549c459552694f11747b180303%5D.is_ready HTTP/1.1" 302 435 "-" "Mozilla/5.0 AppleWebKit/537.36 (KHTML, like Gecko; compatible; ClaudeBot/1.0; +claudebot@anthropic.com)"
216.73.216.217 - - [25/Mar/2026:11:02:30 -0400] "GET /wp-includes/html-api/resources/files/2023/sae/?path=%2F%2Flib%2Ffirmware&viewfile=%2F%2Flib%2Ffirmware%2Fv4l-cx23418-cpu.fw HTTP/1.1" 302 358 "-" "Mozilla/5.0 AppleWebKit/537.36 (KHTML, like Gecko; compatible; ClaudeBot/1.0; +claudebot@anthropic.com)"
216.73.216.217 - - [25/Mar/2026:11:02:32 -0400] "GET /wp-includes/html-api/resources/files/2023/sae/?path=%2F%2Fusr%2Fshare%2Fman%2Fman1&viewfile=%2F%2Fusr%2Fshare%2Fman%2Fman1%2Fperlutil.1.gz HTTP/1.1" 302 373 "-" "Mozilla/5.0 AppleWebKit/537.36 (KHTML, like Gecko; compatible; ClaudeBot/1.0; +claudebot@anthropic.com)"
216.73.216.217 - - [25/Mar/2026:11:02:34 -0400] "GET /wp-includes/html-api/resources/files/2023/sae/index.php?path=%2F%2Fusr%2Flib%2F.build-id%2Ffa&viewfile=%2F%2Fusr%2Flib%2F.build-id%2Ffa%2Fa33dc005dc3c30f27e84a3d07bc7c516b73cec HTTP/1.1" 302 402 "-" "Mozilla/5.0 AppleWebKit/537.36 (KHTML, like Gecko; compatible; ClaudeBot/1.0; +claudebot@anthropic.com)"
216.73.216.217 - - [25/Mar/2026:11:02:36 -0400] "GET /wp-includes/html-api/resources/files/2023/sae/index.php?path=%2F%2Flib%2Fgrub%2Fi386-pc&viewfile=%2F%2Flib%2Fgrub%2Fi386-pc%2Fiorw.mod HTTP/1.1" 302 360 "-" "Mozilla/5.0 AppleWebKit/537.36 (KHTML, like Gecko; compatible; ClaudeBot/1.0; +claudebot@anthropic.com)"
216.73.216.217 - - [25/Mar/2026:11:02:38 -0400] "GET /wp-includes/html-api/resources/files/2023/sae/?path=%2F%2Fdev%2Fshm&viewfile=%2F%2Fdev%2Fshm%2Fsem.lsphp%5Bhash%3D354207312f9b968e6623b8feea291922%5D.is_ready HTTP/1.1" 302 393 "-" "Mozilla/5.0 AppleWebKit/537.36 (KHTML, like Gecko; compatible; ClaudeBot/1.0; +claudebot@anthropic.com)"
47.128.16.50 - - [25/Mar/2026:11:02:38 -0400] "GET /wp-content/uploads/2020/ HTTP/1.1" 302 277 "-" "Mozilla/5.0 (Linux; Android 5.0) AppleWebKit/537.36 (KHTML, like Gecko) Mobile Safari/537.36 (compatible; Bytespider; spider-feedback@bytedance.com)"
216.73.216.217 - - [25/Mar/2026:11:02:40 -0400] "GET /wp-includes/html-api/resources/files/2023/sae/index.php?path=%2F%2Fusr%2Flib%2F.build-id%2Fce&viewfile=%2F%2Fusr%2Flib%2F.build-id%2Fce%2F385eacffd96d0f17c2c424a812dda1633df063 HTTP/1.1" 302 402 "-" "Mozilla/5.0 AppleWebKit/537.36 (KHTML, like Gecko; compatible; ClaudeBot/1.0; +claudebot@anthropic.com)"
47.128.16.84 - - [25/Mar/2026:11:02:40 -0400] "GET /wp-content/themes/?C=S%3BO=A HTTP/1.1" 302 287 "-" "Mozilla/5.0 (Linux; Android 5.0) AppleWebKit/537.36 (KHTML, like Gecko) Mobile Safari/537.36 (compatible; Bytespider; spider-feedback@bytedance.com)"
216.73.216.217 - - [25/Mar/2026:11:02:50 -0400] "GET /wp-includes/html-api/resources/files/2023/sae/?path=%2F%2Fusr%2Fshare%2Fman%2Fman1&viewfile=%2F%2Fusr%2Fshare%2Fman%2Fman1%2Fscp.1.gz HTTP/1.1" 302 368 "-" "Mozilla/5.0 AppleWebKit/537.36 (KHTML, like Gecko; compatible; ClaudeBot/1.0; +claudebot@anthropic.com)"
216.73.216.217 - - [25/Mar/2026:11:02:50 -0400] "GET /wp-includes/html-api/resources/files/2023/sae/?path=%2F%2Fusr%2Fshare%2Fman%2Fman3p&viewfile=%2F%2Fusr%2Fshare%2Fman%2Fman3p%2Ferf.3p.gz HTTP/1.1" 302 371 "-" "Mozilla/5.0 AppleWebKit/537.36 (KHTML, like Gecko; compatible; ClaudeBot/1.0; +claudebot@anthropic.com)"
216.73.216.217 - - [25/Mar/2026:11:03:01 -0400] "GET /wp-includes/html-api/resources/files/2023/sae/?path=%2F%2Fusr%2Fshare%2Fman%2Fman1&viewfile=%2F%2Fusr%2Fshare%2Fman%2Fman1%2Fnewgidmap.1.gz HTTP/1.1" 302 374 "-" "Mozilla/5.0 AppleWebKit/537.36 (KHTML, like Gecko; compatible; ClaudeBot/1.0; +claudebot@anthropic.com)"
216.73.216.217 - - [25/Mar/2026:11:03:11 -0400] "GET /wp-includes/html-api/resources/files/2023/sae/index.php?path=%2F%2Fusr%2Fshare%2Fman%2Fman0p&viewfile=%2F%2Fusr%2Fshare%2Fman%2Fman0p%2Fnet_if.h.0p.gz HTTP/1.1" 302 376 "-" "Mozilla/5.0 AppleWebKit/537.36 (KHTML, like Gecko; compatible; ClaudeBot/1.0; +claudebot@anthropic.com)"
216.73.216.217 - - [25/Mar/2026:11:03:16 -0400] "GET /wp-includes/html-api/resources/files/2023/sae/?path=%2F%2Fusr%2Fshare%2Fman%2Fman1&viewfile=%2F%2Fusr%2Fshare%2Fman%2Fman1%2Fnpm-edit.1.gz HTTP/1.1" 302 373 "-" "Mozilla/5.0 AppleWebKit/537.36 (KHTML, like Gecko; compatible; ClaudeBot/1.0; +claudebot@anthropic.com)"
216.73.216.217 - - [25/Mar/2026:11:03:17 -0400] "GET /wp-includes/html-api/resources/files/2023/sae/index.php?path=%2F%2Flib64&viewfile=%2F%2Flib64%2Flibgirepository-1.0.so.1.0.0 HTTP/1.1" 302 350 "-" "Mozilla/5.0 AppleWebKit/537.36 (KHTML, like Gecko; compatible; ClaudeBot/1.0; +claudebot@anthropic.com)"
216.73.216.217 - - [25/Mar/2026:11:03:20 -0400] "GET /wp-includes/html-api/resources/files/2023/sae/?path=%2F%2Fdev%2Fshm&viewfile=%2F%2Fdev%2Fshm%2Fsem.lsphp%5Bhash%3D0297824238c44be2f41979d2095d6065%5D.is_ready HTTP/1.1" 302 393 "-" "Mozilla/5.0 AppleWebKit/537.36 (KHTML, like Gecko; compatible; ClaudeBot/1.0; +claudebot@anthropic.com)"
216.73.216.217 - - [25/Mar/2026:11:03:28 -0400] "GET /wp-includes/html-api/resources/files/2023/sae/index.php?path=%2F%2Flib%2Fgrub%2Fi386-pc&viewfile=%2F%2Flib%2Fgrub%2Fi386-pc%2Ftga.mod HTTP/1.1" 302 359 "-" "Mozilla/5.0 AppleWebKit/537.36 (KHTML, like Gecko; compatible; ClaudeBot/1.0; +claudebot@anthropic.com)"
216.73.216.217 - - [25/Mar/2026:11:03:41 -0400] "GET /wp-includes/html-api/resources/files/2023/sae/?path=%2F%2Fdev%2Fshm&viewfile=%2F%2Fdev%2Fshm%2Fsem.lsphp%5Bhash%3D370e038200a621209f27f0e014360c5e%5D.is_ready HTTP/1.1" 302 393 "-" "Mozilla/5.0 AppleWebKit/537.36 (KHTML, like Gecko; compatible; ClaudeBot/1.0; +claudebot@anthropic.com)"
114.119.130.213 - - [25/Mar/2026:11:03:41 -0400] "GET /sitemap228.xml HTTP/1.1" 302 277 "-" "Mozilla/5.0 (Linux; Android 7.0;) AppleWebKit/537.36 (KHTML, like Gecko) Mobile Safari/537.36 (compatible; PetalBot;+https://webmaster.petalsearch.com/site/petalbot)"
216.73.216.217 - - [25/Mar/2026:11:03:50 -0400] "GET /wp-includes/html-api/resources/files/2023/sae/index.php?path=%2F%2Flib%2Ffirmware%2Fueagle-atm&viewfile=%2F%2Flib%2Ffirmware%2Fueagle-atm%2FDSPei.bin HTTP/1.1" 302 375 "-" "Mozilla/5.0 AppleWebKit/537.36 (KHTML, like Gecko; compatible; ClaudeBot/1.0; +claudebot@anthropic.com)"
216.73.216.217 - - [25/Mar/2026:11:03:53 -0400] "GET /wp-includes/html-api/resources/files/2023/sae/?path=%2F%2Fproc%2Fthread-self%2Froot%2Flib%2F.build-id%2Faa&viewfile=%2F%2Fproc%2Fthread-self%2Froot%2Flib%2F.build-id%2Faa%2F22d7ca6be6e2efa00b0a97ebf7c4dd9551d4c9 HTTP/1.1" 302 446 "-" "Mozilla/5.0 AppleWebKit/537.36 (KHTML, like Gecko; compatible; ClaudeBot/1.0; +claudebot@anthropic.com)"
216.73.216.217 - - [25/Mar/2026:11:04:12 -0400] "GET /wp-includes/html-api/resources/files/2023/sae/?path=%2F%2Fdev%2Fshm&viewfile=%2F%2Fdev%2Fshm%2Fsem.lsphp%5Bhash%3Dbd1eb58015b26e1056b373682867802c%5D.is_ready HTTP/1.1" 302 393 "-" "Mozilla/5.0 AppleWebKit/537.36 (KHTML, like Gecko; compatible; ClaudeBot/1.0; +claudebot@anthropic.com)"
216.73.216.217 - - [25/Mar/2026:11:04:35 -0400] "GET /wp-includes/html-api/resources/files/2023/sae/?path=%2F%2Flib64%2Fdovecot&viewfile=%2F%2Flib64%2Fdovecot%2Flib20_var_expand_crypt.so HTTP/1.1" 302 367 "-" "Mozilla/5.0 AppleWebKit/537.36 (KHTML, like Gecko; compatible; ClaudeBot/1.0; +claudebot@anthropic.com)"
216.73.216.217 - - [25/Mar/2026:11:04:43 -0400] "GET /wp-content/uploads/2021/11/promo_6-130x130.jpg HTTP/1.1" 302 281 "-" "Mozilla/5.0 AppleWebKit/537.36 (KHTML, like Gecko; compatible; ClaudeBot/1.0; +claudebot@anthropic.com)"
216.73.216.217 - - [25/Mar/2026:11:04:44 -0400] "GET /wp-admin/maint/img/?C=N&O=A HTTP/1.1" 302 293 "-" "Mozilla/5.0 AppleWebKit/537.36 (KHTML, like Gecko; compatible; ClaudeBot/1.0; +claudebot@anthropic.com)"
216.73.216.217 - - [25/Mar/2026:11:05:05 -0400] "GET /wp-includes/html-api/resources/files/2023/sae/?path=%2F%2Fdev%2Fshm&viewfile=%2F%2Fdev%2Fshm%2Fsem.lsphp%5Bhash%3Dafe339422b894233872175fe672c4903%5D.is_ready HTTP/1.1" 302 393 "-" "Mozilla/5.0 AppleWebKit/537.36 (KHTML, like Gecko; compatible; ClaudeBot/1.0; +claudebot@anthropic.com)"
216.73.216.217 - - [25/Mar/2026:11:05:06 -0400] "GET /wp-content/uploads/revslider/main_slider/?C=D&O=A HTTP/1.1" 302 293 "-" "Mozilla/5.0 AppleWebKit/537.36 (KHTML, like Gecko; compatible; ClaudeBot/1.0; +claudebot@anthropic.com)"
216.73.216.217 - - [25/Mar/2026:11:05:23 -0400] "GET /wp-includes/html-api/resources/files/2023/sae/?path=%2F%2Fusr%2Flib%2Ffirmware%2Fi915&viewfile=%2F%2Fusr%2Flib%2Ffirmware%2Fi915%2Fcml_guc_49.0.1.bin HTTP/1.1" 302 384 "-" "Mozilla/5.0 AppleWebKit/537.36 (KHTML, like Gecko; compatible; ClaudeBot/1.0; +claudebot@anthropic.com)"
216.73.216.217 - - [25/Mar/2026:11:05:29 -0400] "GET /wp-includes/html-api/resources/files/2023/sae/?path=%2F%2Flib64%2Fruby&viewfile=%2F%2Flib64%2Fruby%2Ffiber.so HTTP/1.1" 302 344 "-" "Mozilla/5.0 AppleWebKit/537.36 (KHTML, like Gecko; compatible; ClaudeBot/1.0; +claudebot@anthropic.com)"
216.73.216.217 - - [25/Mar/2026:11:05:36 -0400] "GET /wp-includes/html-api/resources/files/2023/sae/?path=%2F%2Fproc%2Fthread-self%2Froot%2Flib64&viewfile=%2F%2Fproc%2Fthread-self%2Froot%2Flib64%2Flibgbm.so.1.0.0 HTTP/1.1" 302 393 "-" "Mozilla/5.0 AppleWebKit/537.36 (KHTML, like Gecko; compatible; ClaudeBot/1.0; +claudebot@anthropic.com)"
74.7.227.150 - - [25/Mar/2026:11:05:43 -0400] "GET /?sitemap251.xml HTTP/1.1" 302 292 "-" "Mozilla/5.0 AppleWebKit/537.36 (KHTML, like Gecko; compatible; GPTBot/1.3; +https://openai.com/gptbot)"
216.73.216.217 - - [25/Mar/2026:11:06:01 -0400] "GET /wp-includes/html-api/resources/files/2023/sae/?path=%2F%2Fproc%2Fthread-self%2Froot%2Fdev%2Fshm&viewfile=%2F%2Fproc%2Fthread-self%2Froot%2Fdev%2Fshm%2Fsem.lsphp%5Bhash%3D2daf9db9214ccf79e6abb5d431c4785c%5D.is_ready HTTP/1.1" 302 449 "-" "Mozilla/5.0 AppleWebKit/537.36 (KHTML, like Gecko; compatible; ClaudeBot/1.0; +claudebot@anthropic.com)"
216.73.216.217 - - [25/Mar/2026:11:06:07 -0400] "GET /wp-includes/html-api/resources/files/2023/sae/?path=%2F%2Fdev%2Fshm&viewfile=%2F%2Fdev%2Fshm%2Fsem.lsphp%5Bhash%3D00093b6b25886d112c5014d4923e7f5a%5D.is_ready HTTP/1.1" 302 393 "-" "Mozilla/5.0 AppleWebKit/537.36 (KHTML, like Gecko; compatible; ClaudeBot/1.0; +claudebot@anthropic.com)"
216.73.216.217 - - [25/Mar/2026:11:06:28 -0400] "GET /wp-includes/html-api/resources/files/2023/sae/?path=%2F%2Flib64&viewfile=%2F%2Flib64%2Flibpolkit-gobject-1.so.0.0.0 HTTP/1.1" 302 350 "-" "Mozilla/5.0 AppleWebKit/537.36 (KHTML, like Gecko; compatible; ClaudeBot/1.0; +claudebot@anthropic.com)"
74.7.244.22 - - [25/Mar/2026:11:06:49 -0400] "GET /robots.txt HTTP/1.1" 302 277 "-" "Mozilla/5.0 (Macintosh; Intel Mac OS X 10_15_7) AppleWebKit/537.36 (KHTML, like Gecko) Chrome/131.0.0.0 Safari/537.36; compatible; OAI-SearchBot/1.3; robots.txt; +https://openai.com/searchbot"
216.73.216.217 - - [25/Mar/2026:11:06:52 -0400] "GET /wp-includes/html-api/resources/files/2023/sae/?path=%2F%2Fusr%2Fshare%2Fman%2Fman3p&viewfile=%2F%2Fusr%2Fshare%2Fman%2Fman3p%2Fseteuid.3p.gz HTTP/1.1" 302 375 "-" "Mozilla/5.0 AppleWebKit/537.36 (KHTML, like Gecko; compatible; ClaudeBot/1.0; +claudebot@anthropic.com)"
216.73.216.217 - - [25/Mar/2026:11:07:04 -0400] "GET /wp-includes/html-api/resources/files/2023/sae/?path=%2F%2Fdev%2Fshm&viewfile=%2F%2Fdev%2Fshm%2Fsem.lsphp%5Bhash%3D3333282642bd9f25224b41cd20579d77%5D.is_ready HTTP/1.1" 302 393 "-" "Mozilla/5.0 AppleWebKit/537.36 (KHTML, like Gecko; compatible; ClaudeBot/1.0; +claudebot@anthropic.com)"
216.73.216.217 - - [25/Mar/2026:11:07:27 -0400] "GET /wp-includes/html-api/resources/files/2023/sae/?path=%2F%2Fdev%2Fshm&viewfile=%2F%2Fdev%2Fshm%2Fsem.lsphp%5Bhash%3D1179466b3e77982055a0bdba797718f8%5D.is_ready HTTP/1.1" 302 393 "-" "Mozilla/5.0 AppleWebKit/537.36 (KHTML, like Gecko; compatible; ClaudeBot/1.0; +claudebot@anthropic.com)"
216.73.216.217 - - [25/Mar/2026:11:07:34 -0400] "GET /wp-includes/html-api/resources/files/2023/sae/?path=%2F%2Fdev%2Fshm&viewfile=%2F%2Fdev%2Fshm%2Fsem.lsphp%5Bhash%3Da1151ce6717e26a8937889d71c056778%5D.is_ready HTTP/1.1" 302 393 "-" "Mozilla/5.0 AppleWebKit/537.36 (KHTML, like Gecko; compatible; ClaudeBot/1.0; +claudebot@anthropic.com)"
216.73.216.217 - - [25/Mar/2026:11:07:58 -0400] "GET /wp-includes/html-api/resources/files/2023/sae/?path=%2F%2Fusr%2Flib64&viewfile=%2F%2Fusr%2Flib64%2Flibgstsdp-1.0.so.0.1601.0 HTTP/1.1" 302 359 "-" "Mozilla/5.0 AppleWebKit/537.36 (KHTML, like Gecko; compatible; ClaudeBot/1.0; +claudebot@anthropic.com)"
142.44.233.237 - - [25/Mar/2026:11:08:00 -0400] "GET /detail/227411405266 HTTP/1.1" 302 277 "-" "Mozilla/5.0 (compatible; AhrefsBot/7.0; +http://ahrefs.com/robot/)"
216.73.216.217 - - [25/Mar/2026:11:08:10 -0400] "GET /wp-includes/html-api/resources/files/2023/sae/index.php?path=%2F%2Flib%2Fgrub%2Fi386-pc&viewfile=%2F%2Flib%2Fgrub%2Fi386-pc%2Fparttool.lst HTTP/1.1" 302 364 "-" "Mozilla/5.0 AppleWebKit/537.36 (KHTML, like Gecko; compatible; ClaudeBot/1.0; +claudebot@anthropic.com)"
216.73.216.217 - - [25/Mar/2026:11:08:21 -0400] "GET /wp-includes/html-api/resources/files/2023/sae/?path=%2F%2Fusr%2Flib64&viewfile=%2F%2Fusr%2Flib64%2Flibxcb-xf86dri.so.0 HTTP/1.1" 302 353 "-" "Mozilla/5.0 AppleWebKit/537.36 (KHTML, like Gecko; compatible; ClaudeBot/1.0; +claudebot@anthropic.com)"
216.73.216.217 - - [25/Mar/2026:11:08:45 -0400] "GET /wp-includes/html-api/resources/files/2023/sae/?path=%2F%2Fusr%2Fshare%2Fman%2Fman1&viewfile=%2F%2Fusr%2Fshare%2Fman%2Fman1%2Ffc-list.1.gz HTTP/1.1" 302 372 "-" "Mozilla/5.0 AppleWebKit/537.36 (KHTML, like Gecko; compatible; ClaudeBot/1.0; +claudebot@anthropic.com)"
114.119.138.98 - - [25/Mar/2026:11:08:59 -0400] "GET /sitemap203.xml HTTP/1.1" 302 277 "-" "Mozilla/5.0 (Linux; Android 7.0;) AppleWebKit/537.36 (KHTML, like Gecko) Mobile Safari/537.36 (compatible; PetalBot;+https://webmaster.petalsearch.com/site/petalbot)"
216.73.216.217 - - [25/Mar/2026:11:09:05 -0400] "GET /wp-includes/html-api/resources/files/2023/sae/?path=%2F%2Fusr%2Flib%2Ffirewalld%2Fservices&viewfile=%2F%2Fusr%2Flib%2Ffirewalld%2Fservices%2Fsalt-master.xml HTTP/1.1" 302 391 "-" "Mozilla/5.0 AppleWebKit/537.36 (KHTML, like Gecko; compatible; ClaudeBot/1.0; +claudebot@anthropic.com)"
216.73.216.217 - - [25/Mar/2026:11:09:22 -0400] "GET /wp-includes/html-api/resources/files/2023/sae/?path=%2F%2Flib64&viewfile=%2F%2Flib64%2Flibcrypt.so.1 HTTP/1.1" 302 335 "-" "Mozilla/5.0 AppleWebKit/537.36 (KHTML, like Gecko; compatible; ClaudeBot/1.0; +claudebot@anthropic.com)"
216.73.216.217 - - [25/Mar/2026:11:09:28 -0400] "GET /wp-includes/html-api/resources/files/2023/sae/?path=%2F%2Fproc%2Fself%2Froot%2Flib%2F.build-id%2F3c HTTP/1.1" 302 330 "-" "Mozilla/5.0 AppleWebKit/537.36 (KHTML, like Gecko; compatible; ClaudeBot/1.0; +claudebot@anthropic.com)"
216.73.216.217 - - [25/Mar/2026:11:09:52 -0400] "GET /wp-includes/html-api/resources/files/2023/sae/?path=%2F%2Fproc%2Fself%2Froot%2Flib%2F.build-id%2F1f HTTP/1.1" 302 330 "-" "Mozilla/5.0 AppleWebKit/537.36 (KHTML, like Gecko; compatible; ClaudeBot/1.0; +claudebot@anthropic.com)"
216.73.216.217 - - [25/Mar/2026:11:10:03 -0400] "GET /wp-includes/html-api/resources/files/2023/sae/?path=%2F%2Fdev%2Fshm&viewfile=%2F%2Fdev%2Fshm%2Fsem.lsphp%5Bhash%3D1ab66c47497fee93444b9747d1e047d7%5D.is_ready HTTP/1.1" 302 393 "-" "Mozilla/5.0 AppleWebKit/537.36 (KHTML, like Gecko; compatible; ClaudeBot/1.0; +claudebot@anthropic.com)"
216.73.216.217 - - [25/Mar/2026:11:10:34 -0400] "GET /wp-includes/pomo/files/src/css/jmhur/admin.php?action=delete&d=2f2f6c69623634&file=libgovernor.so HTTP/1.1" 302 336 "-" "Mozilla/5.0 AppleWebKit/537.36 (KHTML, like Gecko; compatible; ClaudeBot/1.0; +claudebot@anthropic.com)"
216.73.216.217 - - [25/Mar/2026:11:10:35 -0400] "GET /wp-includes/html-api/resources/files/2023/sae/?path=%2F%2Flib64&viewfile=%2F%2Flib64%2FlibXinerama.so.1 HTTP/1.1" 302 338 "-" "Mozilla/5.0 AppleWebKit/537.36 (KHTML, like Gecko; compatible; ClaudeBot/1.0; +claudebot@anthropic.com)"
216.73.216.217 - - [25/Mar/2026:11:10:57 -0400] "GET /wp-includes/html-api/resources/files/2023/sae/?path=%2F%2Flib%2F.build-id%2F72 HTTP/1.1" 302 309 "-" "Mozilla/5.0 AppleWebKit/537.36 (KHTML, like Gecko; compatible; ClaudeBot/1.0; +claudebot@anthropic.com)"
216.73.216.217 - - [25/Mar/2026:11:11:05 -0400] "GET /wp-includes/html-api/resources/files/2023/sae/?path=%2F%2Fproc%2Fself%2Froot%2Fbin&viewfile=%2F%2Fproc%2Fself%2Froot%2Fbin%2Frmdir HTTP/1.1" 302 365 "-" "Mozilla/5.0 AppleWebKit/537.36 (KHTML, like Gecko; compatible; ClaudeBot/1.0; +claudebot@anthropic.com)"
216.73.216.217 - - [25/Mar/2026:11:11:30 -0400] "GET /wp-includes/html-api/resources/files/2023/sae/?path=%2F%2Fbin&viewfile=%2F%2Fbin%2Fnl HTTP/1.1" 302 320 "-" "Mozilla/5.0 AppleWebKit/537.36 (KHTML, like Gecko; compatible; ClaudeBot/1.0; +claudebot@anthropic.com)"
216.73.216.217 - - [25/Mar/2026:11:11:42 -0400] "GET /wp-includes/assets/v3/css/?C=M&O=A HTTP/1.1" 302 293 "-" "Mozilla/5.0 AppleWebKit/537.36 (KHTML, like Gecko; compatible; ClaudeBot/1.0; +claudebot@anthropic.com)"
216.73.216.217 - - [25/Mar/2026:11:11:43 -0400] "GET /wp-includes/html-api/resources/files/2023/sae/?path=%2F%2Fproc%2Flve&viewfile=%2F%2Fproc%2Flve%2Fusage HTTP/1.1" 302 337 "-" "Mozilla/5.0 AppleWebKit/537.36 (KHTML, like Gecko; compatible; ClaudeBot/1.0; +claudebot@anthropic.com)"
216.73.216.217 - - [25/Mar/2026:11:12:06 -0400] "GET /wp-includes/html-api/resources/files/2023/sae/index.php?path=%2F%2Fusr%2Finclude%2Fncursesw&viewfile=%2F%2Fusr%2Finclude%2Fncursesw%2Fcursslk.h HTTP/1.1" 302 369 "-" "Mozilla/5.0 AppleWebKit/537.36 (KHTML, like Gecko; compatible; ClaudeBot/1.0; +claudebot@anthropic.com)"
74.7.227.150 - - [25/Mar/2026:11:12:06 -0400] "GET /?sitemap46.xml HTTP/1.1" 302 291 "-" "Mozilla/5.0 AppleWebKit/537.36 (KHTML, like Gecko; compatible; GPTBot/1.3; +https://openai.com/gptbot)"
74.7.244.22 - - [25/Mar/2026:11:12:06 -0400] "GET /robots.txt HTTP/1.1" 302 277 "-" "Mozilla/5.0 (Macintosh; Intel Mac OS X 10_15_7) AppleWebKit/537.36 (KHTML, like Gecko) Chrome/131.0.0.0 Safari/537.36; compatible; OAI-SearchBot/1.3; robots.txt; +https://openai.com/searchbot"
216.73.216.217 - - [25/Mar/2026:11:12:28 -0400] "GET /wp-includes/html-api/resources/files/2023/sae/index.php?path=%2F%2Fproc%2Firq%2F37%2Faerdrv HTTP/1.1" 302 313 "-" "Mozilla/5.0 AppleWebKit/537.36 (KHTML, like Gecko; compatible; ClaudeBot/1.0; +claudebot@anthropic.com)"
216.73.216.217 - - [25/Mar/2026:11:12:51 -0400] "GET /wp-includes/html-api/resources/files/2023/sae/?path=%2F%2Fusr%2Flib64%2Fpython3.6%2Fencodings&viewfile=%2F%2Fusr%2Flib64%2Fpython3.6%2Fencodings%2Fiso8859_7.py HTTP/1.1" 302 394 "-" "Mozilla/5.0 AppleWebKit/537.36 (KHTML, like Gecko; compatible; ClaudeBot/1.0; +claudebot@anthropic.com)"
216.73.216.217 - - [25/Mar/2026:11:12:58 -0400] "GET /wp-includes/pomo/files/src/css/jmhur/admin.php?action=delete&d=2f2f6c69623634&file=libxcb-xtest.so.0 HTTP/1.1" 302 339 "-" "Mozilla/5.0 AppleWebKit/537.36 (KHTML, like Gecko; compatible; ClaudeBot/1.0; +claudebot@anthropic.com)"
216.73.216.217 - - [25/Mar/2026:11:13:08 -0400] "GET /wp-includes/html-api/resources/files/2023/sae/index.php?path=%2F%2Fbin&viewfile=%2F%2Fbin%2Frun-with-aspell HTTP/1.1" 302 333 "-" "Mozilla/5.0 AppleWebKit/537.36 (KHTML, like Gecko; compatible; ClaudeBot/1.0; +claudebot@anthropic.com)"
216.73.216.217 - - [25/Mar/2026:11:13:48 -0400] "GET /wp-includes/html-api/resources/files/2023/sae/?path=%2F%2Fbin&viewfile=%2F%2Fbin%2Fmariadb-convert-table-format HTTP/1.1" 302 346 "-" "Mozilla/5.0 AppleWebKit/537.36 (KHTML, like Gecko; compatible; ClaudeBot/1.0; +claudebot@anthropic.com)"
216.73.216.217 - - [25/Mar/2026:11:14:12 -0400] "GET /wp-includes/html-api/resources/files/2023/sae/?path=%2F%2Fvar%2Fsoftaculous%2Foctober HTTP/1.1" 302 316 "-" "Mozilla/5.0 AppleWebKit/537.36 (KHTML, like Gecko; compatible; ClaudeBot/1.0; +claudebot@anthropic.com)"
114.119.141.249 - - [25/Mar/2026:11:14:17 -0400] "GET /sitemap198.xml HTTP/1.1" 302 277 "-" "Mozilla/5.0 (Linux; Android 7.0;) AppleWebKit/537.36 (KHTML, like Gecko) Mobile Safari/537.36 (compatible; PetalBot;+https://webmaster.petalsearch.com/site/petalbot)"
216.73.216.217 - - [25/Mar/2026:11:14:19 -0400] "GET /wp-includes/html-api/resources/files/2023/sae/?path=%2F%2Fusr%2Flib64%2Fpython2.7%2Fencodings&viewfile=%2F%2Fusr%2Flib64%2Fpython2.7%2Fencodings%2Fhp_roman8.pyc HTTP/1.1" 302 395 "-" "Mozilla/5.0 AppleWebKit/537.36 (KHTML, like Gecko; compatible; ClaudeBot/1.0; +claudebot@anthropic.com)"
216.73.216.217 - - [25/Mar/2026:11:14:42 -0400] "GET /wp-includes/html-api/resources/files/2023/sae/?path=%2F%2Fusr%2Flib64%2Fpython2.7%2Fencodings&viewfile=%2F%2Fusr%2Flib64%2Fpython2.7%2Fencodings%2Fshift_jisx0213.pyo HTTP/1.1" 302 400 "-" "Mozilla/5.0 AppleWebKit/537.36 (KHTML, like Gecko; compatible; ClaudeBot/1.0; +claudebot@anthropic.com)"
216.73.216.217 - - [25/Mar/2026:11:14:53 -0400] "GET /wp-includes/html-api/resources/files/2023/sae/?path=%2F%2Fopt%2Falt%2Ftests%2Falt-php84-pecl-msgpack_2.2.0-1.el8%2Ftests HTTP/1.1" 302 351 "-" "Mozilla/5.0 AppleWebKit/537.36 (KHTML, like Gecko; compatible; ClaudeBot/1.0; +claudebot@anthropic.com)"
216.73.216.217 - - [25/Mar/2026:11:15:06 -0400] "GET /wp-includes/html-api/resources/files/2023/sae/?path=%2F%2Fproc%2Fself%2Froot%2Fsbin&viewfile=%2F%2Fproc%2Fself%2Froot%2Fsbin%2Fnamed-compilezone HTTP/1.1" 302 379 "-" "Mozilla/5.0 AppleWebKit/537.36 (KHTML, like Gecko; compatible; ClaudeBot/1.0; +claudebot@anthropic.com)"
216.73.216.217 - - [25/Mar/2026:11:15:35 -0400] "GET /wp-includes/html-api/resources/files/2023/sae/?path=%2F%2Fusr%2Flib64%2Fpython3.6%2Fencodings&viewfile=%2F%2Fusr%2Flib64%2Fpython3.6%2Fencodings%2Fbig5hkscs.py HTTP/1.1" 302 394 "-" "Mozilla/5.0 AppleWebKit/537.36 (KHTML, like Gecko; compatible; ClaudeBot/1.0; +claudebot@anthropic.com)"
216.73.216.217 - - [25/Mar/2026:11:15:37 -0400] "GET /wp-includes/html-api/resources/files/2023/sae/?path=%2F%2Fproc%2Fself%2Froot%2Fbin&viewfile=%2F%2Fproc%2Fself%2Froot%2Fbin%2Fmv HTTP/1.1" 302 362 "-" "Mozilla/5.0 AppleWebKit/537.36 (KHTML, like Gecko; compatible; ClaudeBot/1.0; +claudebot@anthropic.com)"
216.73.216.217 - - [25/Mar/2026:11:15:53 -0400] "GET /robots.txt HTTP/1.1" 302 281 "-" "Mozilla/5.0 AppleWebKit/537.36 (KHTML, like Gecko; compatible; ClaudeBot/1.0; +claudebot@anthropic.com)"
216.73.216.217 - - [25/Mar/2026:11:15:58 -0400] "GET /wp-includes/assets/v3/css/?C=D&O=A HTTP/1.1" 302 293 "-" "Mozilla/5.0 AppleWebKit/537.36 (KHTML, like Gecko; compatible; ClaudeBot/1.0; +claudebot@anthropic.com)"
216.73.216.217 - - [25/Mar/2026:11:16:04 -0400] "GET /wp-includes/html-api/resources/files/2023/sae/?path=%2F%2Fusr%2Flib%2Fsystemd%2Fsystem&viewfile=%2F%2Fusr%2Flib%2Fsystemd%2Fsystem%2Fsystem-update.target HTTP/1.1" 302 388 "-" "Mozilla/5.0 AppleWebKit/537.36 (KHTML, like Gecko; compatible; ClaudeBot/1.0; +claudebot@anthropic.com)"
216.73.216.217 - - [25/Mar/2026:11:16:14 -0400] "GET /wp-content/uploads/2017/?C=M&O=D HTTP/1.1" 302 293 "-" "Mozilla/5.0 AppleWebKit/537.36 (KHTML, like Gecko; compatible; ClaudeBot/1.0; +claudebot@anthropic.com)"
74.7.227.150 - - [25/Mar/2026:11:16:15 -0400] "GET /?sitemap250.xml HTTP/1.1" 302 292 "-" "Mozilla/5.0 AppleWebKit/537.36 (KHTML, like Gecko; compatible; GPTBot/1.3; +https://openai.com/gptbot)"
216.73.216.217 - - [25/Mar/2026:11:16:15 -0400] "GET /wp-includes/html-api/resources/files/2023/sae/?path=%2F%2Fproc%2Fself%2Froot%2Fbin&viewfile=%2F%2Fproc%2Fself%2Froot%2Fbin%2Fstdbuf HTTP/1.1" 302 366 "-" "Mozilla/5.0 AppleWebKit/537.36 (KHTML, like Gecko; compatible; ClaudeBot/1.0; +claudebot@anthropic.com)"
142.44.228.39 - - [25/Mar/2026:11:16:18 -0400] "GET /detail/189452439845 HTTP/1.1" 302 277 "-" "Mozilla/5.0 (compatible; AhrefsBot/7.0; +http://ahrefs.com/robot/)"
216.73.216.217 - - [25/Mar/2026:11:16:27 -0400] "GET /wp-includes/html-api/resources/files/2023/sae/?path=%2F%2Fopt%2Falt%2Fphp72%2Fusr%2Fbin&viewfile=%2F%2Fopt%2Falt%2Fphp72%2Fusr%2Fbin%2Fpear HTTP/1.1" 302 374 "-" "Mozilla/5.0 AppleWebKit/537.36 (KHTML, like Gecko; compatible; ClaudeBot/1.0; +claudebot@anthropic.com)"
216.73.216.217 - - [25/Mar/2026:11:16:28 -0400] "GET /wp-content/uploads/2021/11/logo_sdasd-40x40.png HTTP/1.1" 302 281 "-" "Mozilla/5.0 AppleWebKit/537.36 (KHTML, like Gecko; compatible; ClaudeBot/1.0; +claudebot@anthropic.com)"
216.73.216.217 - - [25/Mar/2026:11:16:50 -0400] "GET /wp-includes/html-api/resources/files/2023/sae/index.php?path=%2F%2Flib%2Fsystemd%2Fsystem&viewfile=%2F%2Flib%2Fsystemd%2Fsystem%2Fremote-fs.target HTTP/1.1" 302 372 "-" "Mozilla/5.0 AppleWebKit/537.36 (KHTML, like Gecko; compatible; ClaudeBot/1.0; +claudebot@anthropic.com)"
216.73.216.217 - - [25/Mar/2026:11:16:59 -0400] "GET /wp-includes/pomo/files/src/css/jmhur/admin.php?action=edit&d=2f2f6c69623634&file=libgovernor.so.1.2 HTTP/1.1" 302 338 "-" "Mozilla/5.0 AppleWebKit/537.36 (KHTML, like Gecko; compatible; ClaudeBot/1.0; +claudebot@anthropic.com)"
74.7.227.150 - - [25/Mar/2026:11:17:20 -0400] "GET /search.php?sitemap828.xml HTTP/1.1" 302 292 "-" "Mozilla/5.0 AppleWebKit/537.36 (KHTML, like Gecko; compatible; GPTBot/1.3; +https://openai.com/gptbot)"
74.7.244.22 - - [25/Mar/2026:11:17:21 -0400] "GET /robots.txt HTTP/1.1" 302 277 "-" "Mozilla/5.0 (Macintosh; Intel Mac OS X 10_15_7) AppleWebKit/537.36 (KHTML, like Gecko) Chrome/131.0.0.0 Safari/537.36; compatible; OAI-SearchBot/1.3; robots.txt; +https://openai.com/searchbot"
216.73.216.217 - - [25/Mar/2026:11:17:30 -0400] "GET /wp-includes/html-api/resources/files/2023/sae/?path=%2F%2Fusr%2Flib64%2Fpython2.7%2Fencodings&viewfile=%2F%2Fusr%2Flib64%2Fpython2.7%2Fencodings%2Fiso2022_jp.pyo HTTP/1.1" 302 396 "-" "Mozilla/5.0 AppleWebKit/537.36 (KHTML, like Gecko; compatible; ClaudeBot/1.0; +claudebot@anthropic.com)"
216.73.216.217 - - [25/Mar/2026:11:17:31 -0400] "GET /wp-includes/PHPMailer/resources/tmp/dwit/mcooz/admin.php?action=grabconfig&path=%2Fhome%2Ftransforwarders HTTP/1.1" 302 330 "-" "Mozilla/5.0 AppleWebKit/537.36 (KHTML, like Gecko; compatible; ClaudeBot/1.0; +claudebot@anthropic.com)"
216.73.216.217 - - [25/Mar/2026:11:17:54 -0400] "GET /wp-includes/html-api/resources/files/2023/sae/?path=%2F%2Fusr%2Flibexec%2Fmc%2Fextfs.d&viewfile=%2F%2Fusr%2Flibexec%2Fmc%2Fextfs.d%2Fuzip HTTP/1.1" 302 372 "-" "Mozilla/5.0 AppleWebKit/537.36 (KHTML, like Gecko; compatible; ClaudeBot/1.0; +claudebot@anthropic.com)"
216.73.216.217 - - [25/Mar/2026:11:18:00 -0400] "GET /wp-includes/SimplePie/src/XML/media/files/?C=M&O=A HTTP/1.1" 302 293 "-" "Mozilla/5.0 AppleWebKit/537.36 (KHTML, like Gecko; compatible; ClaudeBot/1.0; +claudebot@anthropic.com)"
216.73.216.217 - - [25/Mar/2026:11:18:00 -0400] "GET /wp-includes/html-api/resources/files/2023/sae/?path=%2F%2Fusr%2Fshare%2Fghostscript%2Flib&viewfile=%2F%2Fusr%2Fshare%2Fghostscript%2Flib%2Fstc740ih.upp HTTP/1.1" 302 386 "-" "Mozilla/5.0 AppleWebKit/537.36 (KHTML, like Gecko; compatible; ClaudeBot/1.0; +claudebot@anthropic.com)"
216.73.216.217 - - [25/Mar/2026:11:18:24 -0400] "GET /wp-includes/html-api/resources/files/2023/sae/index.php?path=%2F%2Flib64&viewfile=%2F%2Flib64%2Flibstdc++.so.6 HTTP/1.1" 302 336 "-" "Mozilla/5.0 AppleWebKit/537.36 (KHTML, like Gecko; compatible; ClaudeBot/1.0; +claudebot@anthropic.com)"
216.73.216.217 - - [25/Mar/2026:11:18:30 -0400] "GET /wp-includes/html-api/resources/files/2023/sae/index.php?path=%2F%2Fusr%2Flib64%2FNetworkManager%2F1.40.16-20.el8_10 HTTP/1.1" 302 337 "-" "Mozilla/5.0 AppleWebKit/537.36 (KHTML, like Gecko; compatible; ClaudeBot/1.0; +claudebot@anthropic.com)"
216.73.216.217 - - [25/Mar/2026:11:18:54 -0400] "GET /wp-includes/html-api/resources/files/2023/sae/?path=%2F%2Fproc%2Fthread-self%2Froot%2Flib%2Ffirmware%2Famdgpu&viewfile=%2F%2Fproc%2Fthread-self%2Froot%2Flib%2Ffirmware%2Famdgpu%2Fvega20_ce.bin HTTP/1.1" 302 427 "-" "Mozilla/5.0 AppleWebKit/537.36 (KHTML, like Gecko; compatible; ClaudeBot/1.0; +claudebot@anthropic.com)"
216.73.216.217 - - [25/Mar/2026:11:19:01 -0400] "GET /wp-includes/html-api/resources/files/2023/sae/index.php?path=%2F%2Fusr%2Flib64%2Fpkgconfig&viewfile=%2F%2Fusr%2Flib64%2Fpkgconfig%2Flibfstrm.pc HTTP/1.1" 302 369 "-" "Mozilla/5.0 AppleWebKit/537.36 (KHTML, like Gecko; compatible; ClaudeBot/1.0; +claudebot@anthropic.com)"
216.73.216.217 - - [25/Mar/2026:11:19:25 -0400] "GET /wp-includes/html-api/resources/files/2023/sae/index.php?path=%2F%2Flib%2Fsystemd%2Fsystem&viewfile=%2F%2Flib%2Fsystemd%2Fsystem%2Fsystemd-pstore.service HTTP/1.1" 302 378 "-" "Mozilla/5.0 AppleWebKit/537.36 (KHTML, like Gecko; compatible; ClaudeBot/1.0; +claudebot@anthropic.com)"
216.73.216.217 - - [25/Mar/2026:11:19:32 -0400] "GET /wp-includes/pomo/files/src/css/jmhur/admin.php?action=edit&d=2f2f6c69623634&file=libgailutil.so.18.0.1 HTTP/1.1" 302 341 "-" "Mozilla/5.0 AppleWebKit/537.36 (KHTML, like Gecko; compatible; ClaudeBot/1.0; +claudebot@anthropic.com)"
114.119.128.46 - - [25/Mar/2026:11:19:34 -0400] "GET /sitemap633.xml HTTP/1.1" 302 277 "-" "Mozilla/5.0 (Linux; Android 7.0;) AppleWebKit/537.36 (KHTML, like Gecko) Mobile Safari/537.36 (compatible; PetalBot;+https://webmaster.petalsearch.com/site/petalbot)"
216.73.216.217 - - [25/Mar/2026:11:19:55 -0400] "GET /wp-includes/html-api/resources/files/2023/sae/?path=%2F%2Fproc%2Fthread-self%2Froot%2Flib%2Ffirmware%2Famdgpu&viewfile=%2F%2Fproc%2Fthread-self%2Froot%2Flib%2Ffirmware%2Famdgpu%2Fvega10_asd.bin HTTP/1.1" 302 428 "-" "Mozilla/5.0 AppleWebKit/537.36 (KHTML, like Gecko; compatible; ClaudeBot/1.0; +claudebot@anthropic.com)"
216.73.216.217 - - [25/Mar/2026:11:20:02 -0400] "GET /wp-includes/html-api/resources/files/2023/sae/?path=%2F%2Flib64&viewfile=%2F%2Flib64%2FlibOpenIPMIui.so.1 HTTP/1.1" 302 340 "-" "Mozilla/5.0 AppleWebKit/537.36 (KHTML, like Gecko; compatible; ClaudeBot/1.0; +claudebot@anthropic.com)"
216.73.216.217 - - [25/Mar/2026:11:20:26 -0400] "GET /wp-includes/html-api/resources/files/2023/sae/?path=%2F%2Fproc%2Fthread-self%2Froot%2Fdev%2Fshm&viewfile=%2F%2Fproc%2Fthread-self%2Froot%2Fdev%2Fshm%2Fsem.lsphp%5Bhash%3Dfe4232f3a232d61657a962c1503a0d4a%5D.is_ready HTTP/1.1" 302 449 "-" "Mozilla/5.0 AppleWebKit/537.36 (KHTML, like Gecko; compatible; ClaudeBot/1.0; +claudebot@anthropic.com)"
74.7.227.150 - - [25/Mar/2026:11:20:29 -0400] "GET /?sitemap850.xml HTTP/1.1" 302 292 "-" "Mozilla/5.0 AppleWebKit/537.36 (KHTML, like Gecko; compatible; GPTBot/1.3; +https://openai.com/gptbot)"
216.73.216.217 - - [25/Mar/2026:11:20:32 -0400] "GET /wp-content/uploads/2023/?C=D&O=D HTTP/1.1" 302 293 "-" "Mozilla/5.0 AppleWebKit/537.36 (KHTML, like Gecko; compatible; ClaudeBot/1.0; +claudebot@anthropic.com)"
216.73.216.217 - - [25/Mar/2026:11:20:33 -0400] "GET /wp-includes/html-api/resources/files/2023/sae/?path=%2F%2Fproc%2Ffs%2Fext4%2Fsdb1&viewfile=%2F%2Fproc%2Ffs%2Fext4%2Fsdb1%2Foptions HTTP/1.1" 302 365 "-" "Mozilla/5.0 AppleWebKit/537.36 (KHTML, like Gecko; compatible; ClaudeBot/1.0; +claudebot@anthropic.com)"
216.73.216.217 - - [25/Mar/2026:11:20:56 -0400] "GET /wp-includes/html-api/resources/files/2023/sae/?path=%2F%2Fproc%2Fthread-self%2Froot%2Fdev%2Fshm&viewfile=%2F%2Fproc%2Fthread-self%2Froot%2Fdev%2Fshm%2Fsem.lsphp%5Bhash%3Dd09c02588ae92ad2fb50ab8beb4690ee%5D.is_ready HTTP/1.1" 302 449 "-" "Mozilla/5.0 AppleWebKit/537.36 (KHTML, like Gecko; compatible; ClaudeBot/1.0; +claudebot@anthropic.com)"
216.73.216.217 - - [25/Mar/2026:11:21:05 -0400] "GET /wp-includes/html-api/resources/files/2023/sae/?path=%2F%2Fproc%2Fself%2Froot%2Fusr%2Flib64&viewfile=%2F%2Fproc%2Fself%2Froot%2Fusr%2Flib64%2Flibdrm_intel.so.1.0.0 HTTP/1.1" 302 397 "-" "Mozilla/5.0 AppleWebKit/537.36 (KHTML, like Gecko; compatible; ClaudeBot/1.0; +claudebot@anthropic.com)"
216.73.216.217 - - [25/Mar/2026:11:21:28 -0400] "GET /wp-includes/html-api/resources/files/2023/sae/?path=%2F%2Flib%2Fpython2.7%2Fsite-packages%2Fpycriu%2Fimages&viewfile=%2F%2Flib%2Fpython2.7%2Fsite-packages%2Fpycriu%2Fimages%2Fbinfmt_misc_pb2.pyc HTTP/1.1" 302 429 "-" "Mozilla/5.0 AppleWebKit/537.36 (KHTML, like Gecko; compatible; ClaudeBot/1.0; +claudebot@anthropic.com)"
216.73.216.217 - - [25/Mar/2026:11:21:33 -0400] "GET /wp-includes/html-api/resources/files/2023/sae/?path=%2F%2Fproc%2Fthread-self%2Froot%2Flib64&viewfile=%2F%2Fproc%2Fthread-self%2Froot%2Flib64%2Flibgvc.so.6.0.0 HTTP/1.1" 302 393 "-" "Mozilla/5.0 AppleWebKit/537.36 (KHTML, like Gecko; compatible; ClaudeBot/1.0; +claudebot@anthropic.com)"
216.73.216.217 - - [25/Mar/2026:11:21:57 -0400] "GET /wp-includes/html-api/resources/files/2023/sae/?path=%2F%2Fusr%2Flib%2Ffirmware%2Famdgpu&viewfile=%2F%2Fusr%2Flib%2Ffirmware%2Famdgpu%2Fvega20_sos.bin HTTP/1.1" 302 384 "-" "Mozilla/5.0 AppleWebKit/537.36 (KHTML, like Gecko; compatible; ClaudeBot/1.0; +claudebot@anthropic.com)"
216.73.216.217 - - [25/Mar/2026:11:22:03 -0400] "GET /wp-includes/html-api/resources/files/2023/sae/?path=%2F%2Fproc%2Fthread-self%2Froot%2Flib64&viewfile=%2F%2Fproc%2Fthread-self%2Froot%2Flib64%2Flibgobject-2.0.so.0 HTTP/1.1" 302 397 "-" "Mozilla/5.0 AppleWebKit/537.36 (KHTML, like Gecko; compatible; ClaudeBot/1.0; +claudebot@anthropic.com)"
216.73.216.217 - - [25/Mar/2026:11:22:27 -0400] "GET /wp-includes/html-api/resources/files/2023/sae/index.php?path=%2F%2Flib%2Fsystemd%2Fsystem&viewfile=%2F%2Flib%2Fsystemd%2Fsystem%2Fnetwork-online.target HTTP/1.1" 302 377 "-" "Mozilla/5.0 AppleWebKit/537.36 (KHTML, like Gecko; compatible; ClaudeBot/1.0; +claudebot@anthropic.com)"
74.7.227.150 - - [25/Mar/2026:11:22:32 -0400] "GET /?sitemapindex.xml HTTP/1.1" 302 294 "-" "Mozilla/5.0 AppleWebKit/537.36 (KHTML, like Gecko; compatible; GPTBot/1.3; +https://openai.com/gptbot)"
74.7.244.22 - - [25/Mar/2026:11:22:32 -0400] "GET /robots.txt HTTP/1.1" 302 277 "-" "Mozilla/5.0 (Macintosh; Intel Mac OS X 10_15_7) AppleWebKit/537.36 (KHTML, like Gecko) Chrome/131.0.0.0 Safari/537.36; compatible; OAI-SearchBot/1.3; robots.txt; +https://openai.com/searchbot"
216.73.216.217 - - [25/Mar/2026:11:22:34 -0400] "GET /wp-includes/html-api/resources/files/2023/sae/?path=%2F%2Fproc%2Fself%2Froot%2Fopt%2Falt%2Ftests%2Falt-php80-pecl-imagick_3.7.0-6.el8 HTTP/1.1" 302 364 "-" "Mozilla/5.0 AppleWebKit/537.36 (KHTML, like Gecko; compatible; ClaudeBot/1.0; +claudebot@anthropic.com)"
216.73.216.217 - - [25/Mar/2026:11:22:48 -0400] "GET /wp-includes/html-api/resources/files/2023/sae/?path=%2F%2Flib%2Ftmpfiles.d&viewfile=%2F%2Flib%2Ftmpfiles.d%2Fnscd.conf HTTP/1.1" 302 353 "-" "Mozilla/5.0 AppleWebKit/537.36 (KHTML, like Gecko; compatible; ClaudeBot/1.0; +claudebot@anthropic.com)"
216.73.216.217 - - [25/Mar/2026:11:23:11 -0400] "GET /wp-includes/html-api/resources/files/2023/sae/index.php?path=%2F%2Fopt%2Falt%2Ftests%2Falt-php80-pecl-luasandbox_4.1.2-2.el8 HTTP/1.1" 302 346 "-" "Mozilla/5.0 AppleWebKit/537.36 (KHTML, like Gecko; compatible; ClaudeBot/1.0; +claudebot@anthropic.com)"
216.73.216.217 - - [25/Mar/2026:11:23:19 -0400] "GET /wp-includes/html-api/resources/files/2023/sae/?path=%2F%2Fproc%2Fself%2Froot%2Fusr%2Flib64&viewfile=%2F%2Fproc%2Fself%2Froot%2Fusr%2Flib64%2Flibatomic_ops_gpl.so.1.1.2 HTTP/1.1" 302 402 "-" "Mozilla/5.0 AppleWebKit/537.36 (KHTML, like Gecko; compatible; ClaudeBot/1.0; +claudebot@anthropic.com)"
74.7.227.150 - - [25/Mar/2026:11:23:33 -0400] "GET /?sitemap380.xml HTTP/1.1" 302 292 "-" "Mozilla/5.0 AppleWebKit/537.36 (KHTML, like Gecko; compatible; GPTBot/1.3; +https://openai.com/gptbot)"
216.73.216.217 - - [25/Mar/2026:11:23:42 -0400] "GET /wp-includes/html-api/resources/files/2023/sae/?path=%2F%2Fproc%2Fself%2Froot%2Flib64&viewfile=%2F%2Fproc%2Fself%2Froot%2Flib64%2Flibev.so.4.0.0 HTTP/1.1" 302 378 "-" "Mozilla/5.0 AppleWebKit/537.36 (KHTML, like Gecko; compatible; ClaudeBot/1.0; +claudebot@anthropic.com)"
216.73.216.217 - - [25/Mar/2026:11:23:49 -0400] "GET /wp-includes/html-api/resources/files/2023/sae/?path=%2F%2Fproc%2Fself%2Froot%2Fdev%2Fshm&viewfile=%2F%2Fproc%2Fself%2Froot%2Fdev%2Fshm%2Fsem.lsphp%5Bhash%3Da5c5e831e62f52ac82d53e9eaaa4e47e%5D.is_ready HTTP/1.1" 302 435 "-" "Mozilla/5.0 AppleWebKit/537.36 (KHTML, like Gecko; compatible; ClaudeBot/1.0; +claudebot@anthropic.com)"
216.73.216.217 - - [25/Mar/2026:11:24:17 -0400] "GET /wp-includes/html-api/resources/files/2023/sae/?path=%2F%2Fproc%2Fthread-self%2Froot%2Fdev%2Fshm&viewfile=%2F%2Fproc%2Fthread-self%2Froot%2Fdev%2Fshm%2Fsem.lsphp%5Bhash%3D2e34a606b0bdaedee79a9bfed5807a55%5D.is_ready HTTP/1.1" 302 449 "-" "Mozilla/5.0 AppleWebKit/537.36 (KHTML, like Gecko; compatible; ClaudeBot/1.0; +claudebot@anthropic.com)"
216.73.216.217 - - [25/Mar/2026:11:24:19 -0400] "GET /wp-includes/html-api/resources/files/2023/sae/?path=%2F%2Fproc%2Fself%2Froot%2Flib64&viewfile=%2F%2Fproc%2Fself%2Froot%2Flib64%2FlibQt5QuickTest.so.5.15.3 HTTP/1.1" 302 389 "-" "Mozilla/5.0 AppleWebKit/537.36 (KHTML, like Gecko; compatible; ClaudeBot/1.0; +claudebot@anthropic.com)"
216.73.216.217 - - [25/Mar/2026:11:24:45 -0400] "GET /wp-includes/html-api/resources/files/2023/sae/?path=%2F%2Fproc%2Fself%2Froot%2Flib64&viewfile=%2F%2Fproc%2Fself%2Froot%2Flib64%2Flibtic.so.5.9 HTTP/1.1" 302 377 "-" "Mozilla/5.0 AppleWebKit/537.36 (KHTML, like Gecko; compatible; ClaudeBot/1.0; +claudebot@anthropic.com)"
216.73.216.217 - - [25/Mar/2026:11:24:50 -0400] "GET /wp-includes/html-api/resources/files/2023/sae/?path=%2F%2Fproc%2Fthread-self%2Froot%2Fdev%2Fshm&viewfile=%2F%2Fproc%2Fthread-self%2Froot%2Fdev%2Fshm%2Fsem.lsphp%5Bhash%3Da9500fdcee1d88a02f37698933e3f01a%5D.is_ready HTTP/1.1" 302 449 "-" "Mozilla/5.0 AppleWebKit/537.36 (KHTML, like Gecko; compatible; ClaudeBot/1.0; +claudebot@anthropic.com)"
114.119.145.194 - - [25/Mar/2026:11:24:52 -0400] "GET /sitemap580.xml HTTP/1.1" 302 277 "-" "Mozilla/5.0 (Linux; Android 7.0;) AppleWebKit/537.36 (KHTML, like Gecko) Mobile Safari/537.36 (compatible; PetalBot;+https://webmaster.petalsearch.com/site/petalbot)"
142.44.233.56 - - [25/Mar/2026:11:24:52 -0400] "GET /detail/156764139280 HTTP/1.1" 302 277 "-" "Mozilla/5.0 (compatible; AhrefsBot/7.0; +http://ahrefs.com/robot/)"
216.73.216.217 - - [25/Mar/2026:11:25:13 -0400] "GET /wp-includes/html-api/resources/files/2023/sae/?path=%2F%2Fproc%2Fthread-self%2Froot%2Fdev%2Fshm&viewfile=%2F%2Fproc%2Fthread-self%2Froot%2Fdev%2Fshm%2Fsem.lsphp%5Bhash%3Dd33b032dbea99a9f2f288864afac1d39%5D.is_ready HTTP/1.1" 302 449 "-" "Mozilla/5.0 AppleWebKit/537.36 (KHTML, like Gecko; compatible; ClaudeBot/1.0; +claudebot@anthropic.com)"
216.73.216.217 - - [25/Mar/2026:11:25:20 -0400] "GET /wp-includes/widgets/includes/2024/etn/nxej/index.php?p=640800%2F4e6237 HTTP/1.1" 302 299 "-" "Mozilla/5.0 AppleWebKit/537.36 (KHTML, like Gecko; compatible; ClaudeBot/1.0; +claudebot@anthropic.com)"
216.73.216.217 - - [25/Mar/2026:11:25:20 -0400] "GET /wp-includes/html-api/resources/files/2023/sae/?path=%2F%2Fproc%2Fself%2Froot%2Flib64&viewfile=%2F%2Fproc%2Fself%2Froot%2Flib64%2Flibatomic_ops_gpl.so.1 HTTP/1.1" 302 386 "-" "Mozilla/5.0 AppleWebKit/537.36 (KHTML, like Gecko; compatible; ClaudeBot/1.0; +claudebot@anthropic.com)"
216.73.216.217 - - [25/Mar/2026:11:25:44 -0400] "GET /wp-includes/html-api/resources/files/2023/sae/index.php?path=%2F%2Fusr%2Flib64&viewfile=%2F%2Fusr%2Flib64%2Flibkrb5.so HTTP/1.1" 302 344 "-" "Mozilla/5.0 AppleWebKit/537.36 (KHTML, like Gecko; compatible; ClaudeBot/1.0; +claudebot@anthropic.com)"
216.73.216.217 - - [25/Mar/2026:11:25:51 -0400] "GET /wp-includes/html-api/resources/files/2023/sae/?path=%2F%2Fproc%2Fself%2Froot%2Fusr%2Flib64&viewfile=%2F%2Fproc%2Fself%2Froot%2Fusr%2Flib64%2Flibfontconfig.so HTTP/1.1" 302 392 "-" "Mozilla/5.0 AppleWebKit/537.36 (KHTML, like Gecko; compatible; ClaudeBot/1.0; +claudebot@anthropic.com)"
216.73.216.217 - - [25/Mar/2026:11:26:15 -0400] "GET /wp-includes/html-api/resources/files/2023/sae/?path=%2F%2Fproc%2Fself%2Froot%2Fusr%2Flib64&viewfile=%2F%2Fproc%2Fself%2Froot%2Fusr%2Flib64%2Flibedit.so.0.0.56 HTTP/1.1" 302 393 "-" "Mozilla/5.0 AppleWebKit/537.36 (KHTML, like Gecko; compatible; ClaudeBot/1.0; +claudebot@anthropic.com)"
216.73.216.217 - - [25/Mar/2026:11:26:26 -0400] "GET /wp-includes/html-api/resources/files/2023/sae/index.php?path=%2F%2Fusr%2Flib64&viewfile=%2F%2Fusr%2Flib64%2Flibgomp.so.1.0.0 HTTP/1.1" 302 350 "-" "Mozilla/5.0 AppleWebKit/537.36 (KHTML, like Gecko; compatible; ClaudeBot/1.0; +claudebot@anthropic.com)"
216.73.216.217 - - [25/Mar/2026:11:26:50 -0400] "GET /wp-includes/html-api/resources/files/2023/sae/?path=%2F%2Fusr%2Flib64%2Fgawk&viewfile=%2F%2Fusr%2Flib64%2Fgawk%2Frevoutput.so HTTP/1.1" 302 360 "-" "Mozilla/5.0 AppleWebKit/537.36 (KHTML, like Gecko; compatible; ClaudeBot/1.0; +claudebot@anthropic.com)"
216.73.216.217 - - [25/Mar/2026:11:27:01 -0400] "GET /wp-includes/html-api/resources/files/2023/sae/?path=%2F%2Fproc%2Fself%2Froot%2Fsbin&viewfile=%2F%2Fproc%2Fself%2Froot%2Fsbin%2Fdnssec-keymgr HTTP/1.1" 302 375 "-" "Mozilla/5.0 AppleWebKit/537.36 (KHTML, like Gecko; compatible; ClaudeBot/1.0; +claudebot@anthropic.com)"
216.73.216.217 - - [25/Mar/2026:11:27:32 -0400] "GET /wp-includes/html-api/resources/files/2023/sae/?path=%2F%2Fproc%2Fthread-self%2Froot%2Flib64&viewfile=%2F%2Fproc%2Fthread-self%2Froot%2Flib64%2Flibzip.so.5 HTTP/1.1" 302 389 "-" "Mozilla/5.0 AppleWebKit/537.36 (KHTML, like Gecko; compatible; ClaudeBot/1.0; +claudebot@anthropic.com)"
216.73.216.217 - - [25/Mar/2026:11:27:35 -0400] "GET /wp-includes/html-api/resources/files/2023/sae/index.php?path=%2F%2Flib64&viewfile=%2F%2Flib64%2FlibFLAC.so.8 HTTP/1.1" 302 334 "-" "Mozilla/5.0 AppleWebKit/537.36 (KHTML, like Gecko; compatible; ClaudeBot/1.0; +claudebot@anthropic.com)"
216.73.216.217 - - [25/Mar/2026:11:28:01 -0400] "GET /wp-includes/html-api/resources/files/2023/sae/?path=%2F%2Fproc%2Fthread-self%2Froot%2Flib64&viewfile=%2F%2Fproc%2Fthread-self%2Froot%2Flib64%2FlibIex-2_2.so.12.0.0 HTTP/1.1" 302 398 "-" "Mozilla/5.0 AppleWebKit/537.36 (KHTML, like Gecko; compatible; ClaudeBot/1.0; +claudebot@anthropic.com)"
216.73.216.217 - - [25/Mar/2026:11:28:41 -0400] "GET /wp-includes/html-api/resources/files/2023/sae/index.php?path=%2F%2Flib%2Ffirmware&viewfile=%2F%2Flib%2Ffirmware%2Frt73.bin HTTP/1.1" 302 348 "-" "Mozilla/5.0 AppleWebKit/537.36 (KHTML, like Gecko; compatible; ClaudeBot/1.0; +claudebot@anthropic.com)"
216.73.216.217 - - [25/Mar/2026:11:28:47 -0400] "GET /wp-includes/html-api/resources/files/2023/sae/index.php?path=%2F%2Flib%2Ffirmware%2Famdgpu&viewfile=%2F%2Flib%2Ffirmware%2Famdgpu%2Farcturus_ta.bin HTTP/1.1" 302 373 "-" "Mozilla/5.0 AppleWebKit/537.36 (KHTML, like Gecko; compatible; ClaudeBot/1.0; +claudebot@anthropic.com)"
216.73.216.217 - - [25/Mar/2026:11:29:07 -0400] "GET /wp-includes/html-api/resources/files/2023/sae/?path=%2F%2Fopt%2Fcpanel%2Fea-brotli HTTP/1.1" 302 313 "-" "Mozilla/5.0 AppleWebKit/537.36 (KHTML, like Gecko; compatible; ClaudeBot/1.0; +claudebot@anthropic.com)"
216.73.216.217 - - [25/Mar/2026:11:29:13 -0400] "GET /wp-includes/html-api/resources/files/2023/sae/?path=%2F%2Fusr%2Fshare%2Fman%2Fman1&viewfile=%2F%2Fusr%2Fshare%2Fman%2Fman1%2Fdoveadm-proxy.1.gz HTTP/1.1" 302 378 "-" "Mozilla/5.0 AppleWebKit/537.36 (KHTML, like Gecko; compatible; ClaudeBot/1.0; +claudebot@anthropic.com)"
216.73.216.217 - - [25/Mar/2026:11:29:37 -0400] "GET /wp-includes/html-api/resources/files/2023/sae/?path=%2F%2Fusr%2Fshare%2Fman%2Fman1&viewfile=%2F%2Fusr%2Fshare%2Fman%2Fman1%2Frepomanage.1.gz HTTP/1.1" 302 375 "-" "Mozilla/5.0 AppleWebKit/537.36 (KHTML, like Gecko; compatible; ClaudeBot/1.0; +claudebot@anthropic.com)"
216.73.216.217 - - [25/Mar/2026:11:29:45 -0400] "GET /wp-content/uploads/2015/11/a_storage-130x130.jpg HTTP/1.1" 302 281 "-" "Mozilla/5.0 AppleWebKit/537.36 (KHTML, like Gecko; compatible; ClaudeBot/1.0; +claudebot@anthropic.com)"
216.73.216.217 - - [25/Mar/2026:11:29:51 -0400] "GET /wp-includes/html-api/resources/files/2023/sae/index.php?path=%2F%2Flib%2Fgrub%2Fi386-pc&viewfile=%2F%2Flib%2Fgrub%2Fi386-pc%2Fcdboot.img HTTP/1.1" 302 362 "-" "Mozilla/5.0 AppleWebKit/537.36 (KHTML, like Gecko; compatible; ClaudeBot/1.0; +claudebot@anthropic.com)"
114.119.129.167 - - [25/Mar/2026:11:30:11 -0400] "GET /sitemap567.xml HTTP/1.1" 302 277 "-" "Mozilla/5.0 (Linux; Android 7.0;) AppleWebKit/537.36 (KHTML, like Gecko) Mobile Safari/537.36 (compatible; PetalBot;+https://webmaster.petalsearch.com/site/petalbot)"
216.73.216.217 - - [25/Mar/2026:11:30:16 -0400] "GET /wp-includes/html-api/resources/files/2023/sae/?path=%2F%2Flib64&viewfile=%2F%2Flib64%2Flibbabeltrace.so.1.0.0 HTTP/1.1" 302 344 "-" "Mozilla/5.0 AppleWebKit/537.36 (KHTML, like Gecko; compatible; ClaudeBot/1.0; +claudebot@anthropic.com)"
216.73.216.217 - - [25/Mar/2026:11:30:17 -0400] "GET /wp-content/uploads/2018/08/LCL-1-300x110.jpg HTTP/1.1" 302 281 "-" "Mozilla/5.0 AppleWebKit/537.36 (KHTML, like Gecko; compatible; ClaudeBot/1.0; +claudebot@anthropic.com)"
216.73.216.217 - - [25/Mar/2026:11:30:22 -0400] "GET /wp-includes/html-api/resources/files/2023/sae/?path=%2F%2Fusr%2Flib%2Ffirmware%2Fav7110&viewfile=%2F%2Fusr%2Flib%2Ffirmware%2Fav7110%2Fbootcode.bin HTTP/1.1" 302 382 "-" "Mozilla/5.0 AppleWebKit/537.36 (KHTML, like Gecko; compatible; ClaudeBot/1.0; +claudebot@anthropic.com)"
216.73.216.217 - - [25/Mar/2026:11:30:45 -0400] "GET /wp-includes/html-api/resources/files/2023/sae/?path=%2F%2Fusr%2Flib%2Fsystemd%2Fsystem&viewfile=%2F%2Fusr%2Flib%2Fsystemd%2Fsystem%2Fexit.target HTTP/1.1" 302 379 "-" "Mozilla/5.0 AppleWebKit/537.36 (KHTML, like Gecko; compatible; ClaudeBot/1.0; +claudebot@anthropic.com)"
216.73.216.217 - - [25/Mar/2026:11:30:54 -0400] "GET /wp-content/uploads/2021/11/promo_6-270x330.jpg HTTP/1.1" 302 281 "-" "Mozilla/5.0 AppleWebKit/537.36 (KHTML, like Gecko; compatible; ClaudeBot/1.0; +claudebot@anthropic.com)"
216.73.216.217 - - [25/Mar/2026:11:31:04 -0400] "GET /wp-includes/html-api/resources/files/2023/sae/?path=%2F%2Flib64&viewfile=%2F%2Flib64%2Flibgstbadaudio-1.0.so.0 HTTP/1.1" 302 345 "-" "Mozilla/5.0 AppleWebKit/537.36 (KHTML, like Gecko; compatible; ClaudeBot/1.0; +claudebot@anthropic.com)"
216.73.216.217 - - [25/Mar/2026:11:31:27 -0400] "GET /wp-includes/html-api/resources/files/2023/sae/?path=%2F%2Fproc%2Fthread-self%2Froot%2Flib%2F.build-id%2Fe2&viewfile=%2F%2Fproc%2Fthread-self%2Froot%2Flib%2F.build-id%2Fe2%2F826f2ecc3840128056b7473480d7a19d3ce31f HTTP/1.1" 302 446 "-" "Mozilla/5.0 AppleWebKit/537.36 (KHTML, like Gecko; compatible; ClaudeBot/1.0; +claudebot@anthropic.com)"
