74.7.227.150 - - [25/Mar/2026:12:16:05 -0400] "GET /wp-content/uploads/wpforms/assets/jvaiv/iesfh/admin.php?rename=/opt/imunify360/venv/lib/python3.11/site-packages/Crypto/Hash/cSHAKE128.pyi HTTP/1.1" 302 359 "http://transforwarders.com/wp-content/uploads/wpforms/assets/jvaiv/iesfh/admin.php?dir=/opt/imunify360/venv/lib/python3.11/site-packages/Crypto/Hash" "Mozilla/5.0 AppleWebKit/537.36 (KHTML, like Gecko; compatible; GPTBot/1.3; +https://openai.com/gptbot)"
74.7.227.150 - - [25/Mar/2026:12:17:08 -0400] "GET /wp-content/uploads/wpforms/assets/jvaiv/iesfh/admin.php?rename=/opt/imunify360/venv/lib/python3.11/site-packages/Crypto/Hash/KMAC256.py HTTP/1.1" 302 356 "http://transforwarders.com/wp-content/uploads/wpforms/assets/jvaiv/iesfh/admin.php?dir=/opt/imunify360/venv/lib/python3.11/site-packages/Crypto/Hash" "Mozilla/5.0 AppleWebKit/537.36 (KHTML, like Gecko; compatible; GPTBot/1.3; +https://openai.com/gptbot)"
74.7.244.22 - - [25/Mar/2026:12:17:08 -0400] "GET /robots.txt HTTP/1.1" 302 276 "-" "Mozilla/5.0 (Macintosh; Intel Mac OS X 10_15_7) AppleWebKit/537.36 (KHTML, like Gecko) Chrome/131.0.0.0 Safari/537.36; compatible; OAI-SearchBot/1.3; robots.txt; +https://openai.com/searchbot"
74.7.227.150 - - [25/Mar/2026:12:18:12 -0400] "GET /wp-content/uploads/wpforms/assets/jvaiv/iesfh/admin.php?edit=/opt/imunify360/venv/lib/python3.11/site-packages/Crypto/Hash/Poly1305.pyi HTTP/1.1" 302 356 "http://transforwarders.com/wp-content/uploads/wpforms/assets/jvaiv/iesfh/admin.php?dir=/opt/imunify360/venv/lib/python3.11/site-packages/Crypto/Hash" "Mozilla/5.0 AppleWebKit/537.36 (KHTML, like Gecko; compatible; GPTBot/1.3; +https://openai.com/gptbot)"
74.7.227.150 - - [25/Mar/2026:12:19:16 -0400] "GET /wp-content/uploads/wpforms/assets/jvaiv/iesfh/admin.php?edit=/opt/imunify360/venv/lib/python3.11/site-packages/Crypto/Hash/SHA256.pyi HTTP/1.1" 302 354 "http://transforwarders.com/wp-content/uploads/wpforms/assets/jvaiv/iesfh/admin.php?dir=/opt/imunify360/venv/lib/python3.11/site-packages/Crypto/Hash" "Mozilla/5.0 AppleWebKit/537.36 (KHTML, like Gecko; compatible; GPTBot/1.3; +https://openai.com/gptbot)"
74.7.227.150 - - [25/Mar/2026:12:20:19 -0400] "GET /wp-content/uploads/wpforms/assets/jvaiv/iesfh/admin.php?edit=/opt/imunify360/venv/lib/python3.11/site-packages/Crypto/Hash/SHA224.py HTTP/1.1" 302 353 "http://transforwarders.com/wp-content/uploads/wpforms/assets/jvaiv/iesfh/admin.php?dir=/opt/imunify360/venv/lib/python3.11/site-packages/Crypto/Hash" "Mozilla/5.0 AppleWebKit/537.36 (KHTML, like Gecko; compatible; GPTBot/1.3; +https://openai.com/gptbot)"
74.7.227.150 - - [25/Mar/2026:12:21:24 -0400] "GET /wp-content/uploads/wpforms/assets/jvaiv/iesfh/admin.php?rename=/opt/imunify360/venv/lib/python3.11/site-packages/Crypto/Hash/cSHAKE256.pyi HTTP/1.1" 302 359 "http://transforwarders.com/wp-content/uploads/wpforms/assets/jvaiv/iesfh/admin.php?dir=/opt/imunify360/venv/lib/python3.11/site-packages/Crypto/Hash" "Mozilla/5.0 AppleWebKit/537.36 (KHTML, like Gecko; compatible; GPTBot/1.3; +https://openai.com/gptbot)"
74.7.227.150 - - [25/Mar/2026:12:22:27 -0400] "GET /wp-content/uploads/wpforms/assets/jvaiv/iesfh/admin.php?rename=/opt/imunify360/venv/lib/python3.11/site-packages/Crypto/Hash/SHA256.py HTTP/1.1" 302 355 "http://transforwarders.com/wp-content/uploads/wpforms/assets/jvaiv/iesfh/admin.php?dir=/opt/imunify360/venv/lib/python3.11/site-packages/Crypto/Hash" "Mozilla/5.0 AppleWebKit/537.36 (KHTML, like Gecko; compatible; GPTBot/1.3; +https://openai.com/gptbot)"
74.7.244.22 - - [25/Mar/2026:12:22:27 -0400] "GET /robots.txt HTTP/1.1" 302 276 "-" "Mozilla/5.0 (Macintosh; Intel Mac OS X 10_15_7) AppleWebKit/537.36 (KHTML, like Gecko) Chrome/131.0.0.0 Safari/537.36; compatible; OAI-SearchBot/1.3; robots.txt; +https://openai.com/searchbot"
74.7.227.150 - - [25/Mar/2026:12:23:32 -0400] "GET /wp-content/uploads/wpforms/assets/jvaiv/iesfh/admin.php?edit=/opt/imunify360/venv/lib/python3.11/site-packages/Crypto/Hash/KMAC256.pyi HTTP/1.1" 302 355 "http://transforwarders.com/wp-content/uploads/wpforms/assets/jvaiv/iesfh/admin.php?dir=/opt/imunify360/venv/lib/python3.11/site-packages/Crypto/Hash" "Mozilla/5.0 AppleWebKit/537.36 (KHTML, like Gecko; compatible; GPTBot/1.3; +https://openai.com/gptbot)"
74.7.227.150 - - [25/Mar/2026:12:24:36 -0400] "GET /wp-content/uploads/wpforms/assets/jvaiv/iesfh/admin.php?rename=/opt/imunify360/venv/lib/python3.11/site-packages/Crypto/Hash/KMAC256.pyi HTTP/1.1" 302 357 "http://transforwarders.com/wp-content/uploads/wpforms/assets/jvaiv/iesfh/admin.php?dir=/opt/imunify360/venv/lib/python3.11/site-packages/Crypto/Hash" "Mozilla/5.0 AppleWebKit/537.36 (KHTML, like Gecko; compatible; GPTBot/1.3; +https://openai.com/gptbot)"
74.7.227.150 - - [25/Mar/2026:12:25:39 -0400] "GET /wp-content/uploads/wpforms/assets/jvaiv/iesfh/admin.php?edit=/opt/imunify360/venv/lib/python3.11/site-packages/Crypto/Hash/cSHAKE128.py HTTP/1.1" 302 356 "http://transforwarders.com/wp-content/uploads/wpforms/assets/jvaiv/iesfh/admin.php?dir=/opt/imunify360/venv/lib/python3.11/site-packages/Crypto/Hash" "Mozilla/5.0 AppleWebKit/537.36 (KHTML, like Gecko; compatible; GPTBot/1.3; +https://openai.com/gptbot)"
74.7.227.150 - - [25/Mar/2026:12:26:42 -0400] "GET /wp-content/uploads/wpforms/assets/jvaiv/iesfh/admin.php?rename=/opt/imunify360/venv/lib/python3.11/site-packages/Crypto/Hash/RIPEMD160.py HTTP/1.1" 302 358 "http://transforwarders.com/wp-content/uploads/wpforms/assets/jvaiv/iesfh/admin.php?dir=/opt/imunify360/venv/lib/python3.11/site-packages/Crypto/Hash" "Mozilla/5.0 AppleWebKit/537.36 (KHTML, like Gecko; compatible; GPTBot/1.3; +https://openai.com/gptbot)"
51.68.107.154 - - [25/Mar/2026:12:27:26 -0400] "GET /robots.txt HTTP/1.1" 302 276 "-" "Mozilla/5.0 (compatible; MJ12bot/v2.0.5; http://mj12bot.com/)"
51.68.107.154 - - [25/Mar/2026:12:27:26 -0400] "GET / HTTP/1.1" 302 276 "-" "Mozilla/5.0 (compatible; MJ12bot/v2.0.5; http://mj12bot.com/)"
74.7.227.150 - - [25/Mar/2026:12:27:46 -0400] "GET /wp-content/uploads/wpforms/assets/jvaiv/iesfh/admin.php?rename=/opt/imunify360/venv/lib/python3.11/site-packages/Crypto/Hash/SHAKE256.py HTTP/1.1" 302 357 "http://transforwarders.com/wp-content/uploads/wpforms/assets/jvaiv/iesfh/admin.php?dir=/opt/imunify360/venv/lib/python3.11/site-packages/Crypto/Hash" "Mozilla/5.0 AppleWebKit/537.36 (KHTML, like Gecko; compatible; GPTBot/1.3; +https://openai.com/gptbot)"
74.7.244.22 - - [25/Mar/2026:12:27:46 -0400] "GET /robots.txt HTTP/1.1" 302 276 "-" "Mozilla/5.0 (Macintosh; Intel Mac OS X 10_15_7) AppleWebKit/537.36 (KHTML, like Gecko) Chrome/131.0.0.0 Safari/537.36; compatible; OAI-SearchBot/1.3; robots.txt; +https://openai.com/searchbot"
74.7.227.150 - - [25/Mar/2026:12:28:51 -0400] "GET /wp-content/uploads/wpforms/assets/jvaiv/iesfh/admin.php?rename=/opt/imunify360/venv/lib/python3.11/site-packages/Crypto/Hash/SHAKE256.pyi HTTP/1.1" 302 358 "http://transforwarders.com/wp-content/uploads/wpforms/assets/jvaiv/iesfh/admin.php?dir=/opt/imunify360/venv/lib/python3.11/site-packages/Crypto/Hash" "Mozilla/5.0 AppleWebKit/537.36 (KHTML, like Gecko; compatible; GPTBot/1.3; +https://openai.com/gptbot)"
74.7.227.150 - - [25/Mar/2026:12:29:51 -0400] "GET /wp-content/uploads/wpforms/assets/jvaiv/iesfh/admin.php?rename=/opt/imunify360/venv/lib/python3.11/site-packages/Crypto/Hash/cSHAKE256.py HTTP/1.1" 302 358 "http://transforwarders.com/wp-content/uploads/wpforms/assets/jvaiv/iesfh/admin.php?dir=/opt/imunify360/venv/lib/python3.11/site-packages/Crypto/Hash" "Mozilla/5.0 AppleWebKit/537.36 (KHTML, like Gecko; compatible; GPTBot/1.3; +https://openai.com/gptbot)"
74.7.227.150 - - [25/Mar/2026:12:30:51 -0400] "GET /wp-content/uploads/wpforms/assets/jvaiv/iesfh/admin.php?rename=/opt/imunify360/venv/lib/python3.11/site-packages/Crypto/Hash/Poly1305.py HTTP/1.1" 302 357 "http://transforwarders.com/wp-content/uploads/wpforms/assets/jvaiv/iesfh/admin.php?dir=/opt/imunify360/venv/lib/python3.11/site-packages/Crypto/Hash" "Mozilla/5.0 AppleWebKit/537.36 (KHTML, like Gecko; compatible; GPTBot/1.3; +https://openai.com/gptbot)"
74.7.227.150 - - [25/Mar/2026:12:31:52 -0400] "GET /wp-content/uploads/wpforms/assets/jvaiv/iesfh/admin.php?edit=/opt/imunify360/venv/lib/python3.11/site-packages/Crypto/Hash/SHA512.py HTTP/1.1" 302 353 "http://transforwarders.com/wp-content/uploads/wpforms/assets/jvaiv/iesfh/admin.php?dir=/opt/imunify360/venv/lib/python3.11/site-packages/Crypto/Hash" "Mozilla/5.0 AppleWebKit/537.36 (KHTML, like Gecko; compatible; GPTBot/1.3; +https://openai.com/gptbot)"
74.7.227.150 - - [25/Mar/2026:12:33:13 -0400] "GET /wp-content/uploads/wpforms/assets/jvaiv/iesfh/admin.php?edit=/opt/imunify360/venv/lib/python3.11/site-packages/Crypto/Hash/SHAKE256.pyi HTTP/1.1" 302 356 "http://transforwarders.com/wp-content/uploads/wpforms/assets/jvaiv/iesfh/admin.php?dir=/opt/imunify360/venv/lib/python3.11/site-packages/Crypto/Hash" "Mozilla/5.0 AppleWebKit/537.36 (KHTML, like Gecko; compatible; GPTBot/1.3; +https://openai.com/gptbot)"
74.7.244.22 - - [25/Mar/2026:12:33:13 -0400] "GET /robots.txt HTTP/1.1" 302 276 "-" "Mozilla/5.0 (Macintosh; Intel Mac OS X 10_15_7) AppleWebKit/537.36 (KHTML, like Gecko) Chrome/131.0.0.0 Safari/537.36; compatible; OAI-SearchBot/1.3; robots.txt; +https://openai.com/searchbot"
74.7.227.150 - - [25/Mar/2026:12:34:00 -0400] "GET /wp-content/uploads/wpforms/assets/jvaiv/iesfh/admin.php?edit=/opt/imunify360/venv/lib/python3.11/site-packages/Crypto/Hash/SHAKE128.pyi HTTP/1.1" 302 356 "http://transforwarders.com/wp-content/uploads/wpforms/assets/jvaiv/iesfh/admin.php?dir=/opt/imunify360/venv/lib/python3.11/site-packages/Crypto/Hash" "Mozilla/5.0 AppleWebKit/537.36 (KHTML, like Gecko; compatible; GPTBot/1.3; +https://openai.com/gptbot)"
74.7.227.150 - - [25/Mar/2026:12:35:01 -0400] "GET /wp-content/uploads/wpforms/assets/jvaiv/iesfh/admin.php?rename=/opt/imunify360/venv/lib/python3.11/site-packages/Crypto/Hash/KMAC128.py HTTP/1.1" 302 356 "http://transforwarders.com/wp-content/uploads/wpforms/assets/jvaiv/iesfh/admin.php?dir=/opt/imunify360/venv/lib/python3.11/site-packages/Crypto/Hash" "Mozilla/5.0 AppleWebKit/537.36 (KHTML, like Gecko; compatible; GPTBot/1.3; +https://openai.com/gptbot)"
74.7.227.150 - - [25/Mar/2026:12:36:20 -0400] "GET /wp-content/uploads/wpforms/assets/jvaiv/iesfh/admin.php?edit=/opt/imunify360/venv/lib/python3.11/site-packages/Crypto/Hash/SHA384.pyi HTTP/1.1" 302 354 "http://transforwarders.com/wp-content/uploads/wpforms/assets/jvaiv/iesfh/admin.php?dir=/opt/imunify360/venv/lib/python3.11/site-packages/Crypto/Hash" "Mozilla/5.0 AppleWebKit/537.36 (KHTML, like Gecko; compatible; GPTBot/1.3; +https://openai.com/gptbot)"
74.7.227.150 - - [25/Mar/2026:12:37:08 -0400] "GET /wp-content/uploads/wpforms/assets/jvaiv/iesfh/admin.php?edit=/opt/imunify360/venv/lib/python3.11/site-packages/Crypto/Hash/SHA224.pyi HTTP/1.1" 302 354 "http://transforwarders.com/wp-content/uploads/wpforms/assets/jvaiv/iesfh/admin.php?dir=/opt/imunify360/venv/lib/python3.11/site-packages/Crypto/Hash" "Mozilla/5.0 AppleWebKit/537.36 (KHTML, like Gecko; compatible; GPTBot/1.3; +https://openai.com/gptbot)"
74.7.227.150 - - [25/Mar/2026:12:38:20 -0400] "GET /wp-content/uploads/wpforms/assets/jvaiv/iesfh/admin.php?edit=/opt/imunify360/venv/lib/python3.11/site-packages/Crypto/Hash/KMAC128.py HTTP/1.1" 302 354 "http://transforwarders.com/wp-content/uploads/wpforms/assets/jvaiv/iesfh/admin.php?dir=/opt/imunify360/venv/lib/python3.11/site-packages/Crypto/Hash" "Mozilla/5.0 AppleWebKit/537.36 (KHTML, like Gecko; compatible; GPTBot/1.3; +https://openai.com/gptbot)"
74.7.244.22 - - [25/Mar/2026:12:38:20 -0400] "GET /robots.txt HTTP/1.1" 302 276 "-" "Mozilla/5.0 (Macintosh; Intel Mac OS X 10_15_7) AppleWebKit/537.36 (KHTML, like Gecko) Chrome/131.0.0.0 Safari/537.36; compatible; OAI-SearchBot/1.3; robots.txt; +https://openai.com/searchbot"
74.7.227.150 - - [25/Mar/2026:12:39:15 -0400] "GET /wp-content/uploads/wpforms/assets/jvaiv/iesfh/admin.php?edit=/opt/imunify360/venv/lib/python3.11/site-packages/Crypto/Util/RFC1751.pyi HTTP/1.1" 302 355 "http://transforwarders.com/wp-content/uploads/wpforms/assets/jvaiv/iesfh/admin.php?dir=/opt/imunify360/venv/lib/python3.11/site-packages/Crypto/Util" "Mozilla/5.0 AppleWebKit/537.36 (KHTML, like Gecko; compatible; GPTBot/1.3; +https://openai.com/gptbot)"
74.7.227.150 - - [25/Mar/2026:12:40:15 -0400] "GET /wp-content/uploads/wpforms/assets/jvaiv/iesfh/admin.php?rename=/opt/imunify360/venv/lib/python3.11/site-packages/Crypto/Hash/KMAC128.pyi HTTP/1.1" 302 357 "http://transforwarders.com/wp-content/uploads/wpforms/assets/jvaiv/iesfh/admin.php?dir=/opt/imunify360/venv/lib/python3.11/site-packages/Crypto/Hash" "Mozilla/5.0 AppleWebKit/537.36 (KHTML, like Gecko; compatible; GPTBot/1.3; +https://openai.com/gptbot)"
74.7.227.150 - - [25/Mar/2026:12:41:24 -0400] "GET /wp-content/uploads/wpforms/assets/jvaiv/iesfh/admin.php?edit=/opt/imunify360/venv/lib/python3.11/site-packages/Crypto/Hash/SHA256.py HTTP/1.1" 302 353 "http://transforwarders.com/wp-content/uploads/wpforms/assets/jvaiv/iesfh/admin.php?dir=/opt/imunify360/venv/lib/python3.11/site-packages/Crypto/Hash" "Mozilla/5.0 AppleWebKit/537.36 (KHTML, like Gecko; compatible; GPTBot/1.3; +https://openai.com/gptbot)"
74.7.227.150 - - [25/Mar/2026:12:42:20 -0400] "GET /wp-content/uploads/wpforms/assets/jvaiv/iesfh/admin.php?rename=/opt/imunify360/venv/lib/python3.11/site-packages/Crypto/Hash/SHA224.py HTTP/1.1" 302 355 "http://transforwarders.com/wp-content/uploads/wpforms/assets/jvaiv/iesfh/admin.php?dir=/opt/imunify360/venv/lib/python3.11/site-packages/Crypto/Hash" "Mozilla/5.0 AppleWebKit/537.36 (KHTML, like Gecko; compatible; GPTBot/1.3; +https://openai.com/gptbot)"
74.7.227.150 - - [25/Mar/2026:12:43:21 -0400] "GET /wp-content/uploads/wpforms/assets/jvaiv/iesfh/admin.php?edit=/opt/imunify360/venv/lib/python3.11/site-packages/Crypto/Hash/cSHAKE256.pyi HTTP/1.1" 302 357 "http://transforwarders.com/wp-content/uploads/wpforms/assets/jvaiv/iesfh/admin.php?dir=/opt/imunify360/venv/lib/python3.11/site-packages/Crypto/Hash" "Mozilla/5.0 AppleWebKit/537.36 (KHTML, like Gecko; compatible; GPTBot/1.3; +https://openai.com/gptbot)"
74.7.227.150 - - [25/Mar/2026:12:44:27 -0400] "GET /wp-content/uploads/wpforms/assets/jvaiv/iesfh/admin.php?rename=/opt/imunify360/venv/lib/python3.11/site-packages/Crypto/Util/RFC1751.pyi HTTP/1.1" 302 357 "http://transforwarders.com/wp-content/uploads/wpforms/assets/jvaiv/iesfh/admin.php?dir=/opt/imunify360/venv/lib/python3.11/site-packages/Crypto/Util" "Mozilla/5.0 AppleWebKit/537.36 (KHTML, like Gecko; compatible; GPTBot/1.3; +https://openai.com/gptbot)"
74.7.227.150 - - [25/Mar/2026:12:45:29 -0400] "GET /wp-content/uploads/wpforms/assets/jvaiv/iesfh/admin.php?edit=/opt/imunify360/venv/lib/python3.11/site-packages/Crypto/Util/RFC1751.py HTTP/1.1" 302 354 "http://transforwarders.com/wp-content/uploads/wpforms/assets/jvaiv/iesfh/admin.php?dir=/opt/imunify360/venv/lib/python3.11/site-packages/Crypto/Util" "Mozilla/5.0 AppleWebKit/537.36 (KHTML, like Gecko; compatible; GPTBot/1.3; +https://openai.com/gptbot)"
74.7.227.150 - - [25/Mar/2026:12:46:35 -0400] "GET /wp-content/uploads/wpforms/assets/jvaiv/iesfh/admin.php?rename=/opt/imunify360/venv/lib/python3.11/site-packages/Crypto/Hash/SHA256.pyi HTTP/1.1" 302 356 "http://transforwarders.com/wp-content/uploads/wpforms/assets/jvaiv/iesfh/admin.php?dir=/opt/imunify360/venv/lib/python3.11/site-packages/Crypto/Hash" "Mozilla/5.0 AppleWebKit/537.36 (KHTML, like Gecko; compatible; GPTBot/1.3; +https://openai.com/gptbot)"
74.7.227.150 - - [25/Mar/2026:12:47:38 -0400] "GET /wp-content/uploads/wpforms/assets/jvaiv/iesfh/admin.php?rename=/opt/imunify360/venv/lib/python3.11/site-packages/Crypto/Hash/SHA224.pyi HTTP/1.1" 302 356 "http://transforwarders.com/wp-content/uploads/wpforms/assets/jvaiv/iesfh/admin.php?dir=/opt/imunify360/venv/lib/python3.11/site-packages/Crypto/Hash" "Mozilla/5.0 AppleWebKit/537.36 (KHTML, like Gecko; compatible; GPTBot/1.3; +https://openai.com/gptbot)"
74.7.227.150 - - [25/Mar/2026:12:48:42 -0400] "GET /wp-content/uploads/wpforms/assets/jvaiv/iesfh/admin.php?rename=/opt/imunify360/venv/lib/python3.11/site-packages/Crypto/Hash/SHA512.py HTTP/1.1" 302 355 "http://transforwarders.com/wp-content/uploads/wpforms/assets/jvaiv/iesfh/admin.php?dir=/opt/imunify360/venv/lib/python3.11/site-packages/Crypto/Hash" "Mozilla/5.0 AppleWebKit/537.36 (KHTML, like Gecko; compatible; GPTBot/1.3; +https://openai.com/gptbot)"
74.7.244.22 - - [25/Mar/2026:12:48:42 -0400] "GET /robots.txt HTTP/1.1" 302 276 "-" "Mozilla/5.0 (Macintosh; Intel Mac OS X 10_15_7) AppleWebKit/537.36 (KHTML, like Gecko) Chrome/131.0.0.0 Safari/537.36; compatible; OAI-SearchBot/1.3; robots.txt; +https://openai.com/searchbot"
74.7.227.150 - - [25/Mar/2026:12:49:44 -0400] "GET /wp-content/uploads/wpforms/assets/jvaiv/iesfh/admin.php?rename=/opt/imunify360/venv/lib/python3.11/site-packages/Crypto/Hash/SHAKE128.py HTTP/1.1" 302 357 "http://transforwarders.com/wp-content/uploads/wpforms/assets/jvaiv/iesfh/admin.php?dir=/opt/imunify360/venv/lib/python3.11/site-packages/Crypto/Hash" "Mozilla/5.0 AppleWebKit/537.36 (KHTML, like Gecko; compatible; GPTBot/1.3; +https://openai.com/gptbot)"
74.7.227.150 - - [25/Mar/2026:12:50:49 -0400] "GET /wp-content/uploads/wpforms/assets/jvaiv/iesfh/admin.php?rename=/opt/imunify360/venv/lib/python3.11/site-packages/Crypto/Hash/SHA384.pyi HTTP/1.1" 302 356 "http://transforwarders.com/wp-content/uploads/wpforms/assets/jvaiv/iesfh/admin.php?dir=/opt/imunify360/venv/lib/python3.11/site-packages/Crypto/Hash" "Mozilla/5.0 AppleWebKit/537.36 (KHTML, like Gecko; compatible; GPTBot/1.3; +https://openai.com/gptbot)"
74.7.227.150 - - [25/Mar/2026:12:51:53 -0400] "GET /wp-content/uploads/wpforms/assets/jvaiv/iesfh/admin.php?rename=/opt/imunify360/venv/lib/python3.11/site-packages/Crypto/Hash/SHAKE128.pyi HTTP/1.1" 302 358 "http://transforwarders.com/wp-content/uploads/wpforms/assets/jvaiv/iesfh/admin.php?dir=/opt/imunify360/venv/lib/python3.11/site-packages/Crypto/Hash" "Mozilla/5.0 AppleWebKit/537.36 (KHTML, like Gecko; compatible; GPTBot/1.3; +https://openai.com/gptbot)"
74.7.227.150 - - [25/Mar/2026:12:52:57 -0400] "GET /wp-content/uploads/wpforms/assets/jvaiv/iesfh/admin.php?edit=/opt/imunify360/venv/lib/python3.11/site-packages/Crypto/Hash/RIPEMD160.py HTTP/1.1" 302 356 "http://transforwarders.com/wp-content/uploads/wpforms/assets/jvaiv/iesfh/admin.php?dir=/opt/imunify360/venv/lib/python3.11/site-packages/Crypto/Hash" "Mozilla/5.0 AppleWebKit/537.36 (KHTML, like Gecko; compatible; GPTBot/1.3; +https://openai.com/gptbot)"
74.7.227.150 - - [25/Mar/2026:12:53:58 -0400] "GET /wp-content/uploads/wpforms/assets/jvaiv/iesfh/admin.php?rename=/opt/imunify360/venv/lib/python3.11/site-packages/Crypto/Hash/SHA384.py HTTP/1.1" 302 355 "http://transforwarders.com/wp-content/uploads/wpforms/assets/jvaiv/iesfh/admin.php?dir=/opt/imunify360/venv/lib/python3.11/site-packages/Crypto/Hash" "Mozilla/5.0 AppleWebKit/537.36 (KHTML, like Gecko; compatible; GPTBot/1.3; +https://openai.com/gptbot)"
74.7.244.22 - - [25/Mar/2026:12:53:58 -0400] "GET /robots.txt HTTP/1.1" 302 276 "-" "Mozilla/5.0 (Macintosh; Intel Mac OS X 10_15_7) AppleWebKit/537.36 (KHTML, like Gecko) Chrome/131.0.0.0 Safari/537.36; compatible; OAI-SearchBot/1.3; robots.txt; +https://openai.com/searchbot"
74.7.227.150 - - [25/Mar/2026:12:54:59 -0400] "GET /wp-content/uploads/wpforms/assets/jvaiv/iesfh/admin.php?rename=/opt/imunify360/venv/lib/python3.11/site-packages/Crypto/Hash/cSHAKE128.py HTTP/1.1" 302 358 "http://transforwarders.com/wp-content/uploads/wpforms/assets/jvaiv/iesfh/admin.php?dir=/opt/imunify360/venv/lib/python3.11/site-packages/Crypto/Hash" "Mozilla/5.0 AppleWebKit/537.36 (KHTML, like Gecko; compatible; GPTBot/1.3; +https://openai.com/gptbot)"
74.7.227.150 - - [25/Mar/2026:12:56:05 -0400] "GET /wp-content/uploads/wpforms/assets/jvaiv/iesfh/admin.php?rename=/opt/imunify360/venv/lib/python3.11/site-packages/Crypto/Hash/RIPEMD160.pyi HTTP/1.1" 302 359 "http://transforwarders.com/wp-content/uploads/wpforms/assets/jvaiv/iesfh/admin.php?dir=/opt/imunify360/venv/lib/python3.11/site-packages/Crypto/Hash" "Mozilla/5.0 AppleWebKit/537.36 (KHTML, like Gecko; compatible; GPTBot/1.3; +https://openai.com/gptbot)"
74.7.227.150 - - [25/Mar/2026:12:57:08 -0400] "GET /wp-content/uploads/wpforms/assets/jvaiv/iesfh/admin.php?edit=/opt/imunify360/venv/lib/python3.11/site-packages/Crypto/Hash/SHA512.pyi HTTP/1.1" 302 354 "http://transforwarders.com/wp-content/uploads/wpforms/assets/jvaiv/iesfh/admin.php?dir=/opt/imunify360/venv/lib/python3.11/site-packages/Crypto/Hash" "Mozilla/5.0 AppleWebKit/537.36 (KHTML, like Gecko; compatible; GPTBot/1.3; +https://openai.com/gptbot)"
74.7.227.150 - - [25/Mar/2026:12:58:09 -0400] "GET /wp-content/uploads/wpforms/assets/jvaiv/iesfh/admin.php?edit=/opt/imunify360/venv/lib/python3.11/site-packages/Crypto/Hash/KMAC256.py HTTP/1.1" 302 354 "http://transforwarders.com/wp-content/uploads/wpforms/assets/jvaiv/iesfh/admin.php?dir=/opt/imunify360/venv/lib/python3.11/site-packages/Crypto/Hash" "Mozilla/5.0 AppleWebKit/537.36 (KHTML, like Gecko; compatible; GPTBot/1.3; +https://openai.com/gptbot)"
74.7.227.150 - - [25/Mar/2026:12:59:11 -0400] "GET /wp-content/uploads/wpforms/assets/jvaiv/iesfh/admin.php?edit=/opt/imunify360/venv/lib/python3.11/site-packages/Crypto/Hash/cSHAKE128.pyi HTTP/1.1" 302 357 "http://transforwarders.com/wp-content/uploads/wpforms/assets/jvaiv/iesfh/admin.php?dir=/opt/imunify360/venv/lib/python3.11/site-packages/Crypto/Hash" "Mozilla/5.0 AppleWebKit/537.36 (KHTML, like Gecko; compatible; GPTBot/1.3; +https://openai.com/gptbot)"
74.7.244.22 - - [25/Mar/2026:12:59:11 -0400] "GET /robots.txt HTTP/1.1" 302 276 "-" "Mozilla/5.0 (Macintosh; Intel Mac OS X 10_15_7) AppleWebKit/537.36 (KHTML, like Gecko) Chrome/131.0.0.0 Safari/537.36; compatible; OAI-SearchBot/1.3; robots.txt; +https://openai.com/searchbot"
74.7.227.150 - - [25/Mar/2026:13:00:12 -0400] "GET /wp-content/uploads/wpforms/assets/jvaiv/iesfh/admin.php?edit=/opt/cpanel/ea-brotli/lib/libbrotlienc.so.1 HTTP/1.1" 302 325 "http://transforwarders.com/wp-content/uploads/wpforms/assets/jvaiv/iesfh/admin.php?dir=/opt/cpanel/ea-brotli/lib" "Mozilla/5.0 AppleWebKit/537.36 (KHTML, like Gecko; compatible; GPTBot/1.3; +https://openai.com/gptbot)"
74.7.227.150 - - [25/Mar/2026:13:01:12 -0400] "GET /wp-content/uploads/wpforms/assets/jvaiv/iesfh/admin.php?edit=/opt/cpanel/ea-brotli/lib/libbrotlidec.so.1 HTTP/1.1" 302 325 "http://transforwarders.com/wp-content/uploads/wpforms/assets/jvaiv/iesfh/admin.php?dir=/opt/cpanel/ea-brotli/lib" "Mozilla/5.0 AppleWebKit/537.36 (KHTML, like Gecko; compatible; GPTBot/1.3; +https://openai.com/gptbot)"
74.7.227.150 - - [25/Mar/2026:13:02:17 -0400] "GET /wp-content/uploads/wpforms/assets/jvaiv/iesfh/admin.php?edit=/opt/imunify360/venv/lib/python3.11/site-packages/Crypto/SelfTest/Random/test_random.py HTTP/1.1" 302 369 "http://transforwarders.com/wp-content/uploads/wpforms/assets/jvaiv/iesfh/admin.php?dir=/opt/imunify360/venv/lib/python3.11/site-packages/Crypto/SelfTest/Random" "Mozilla/5.0 AppleWebKit/537.36 (KHTML, like Gecko; compatible; GPTBot/1.3; +https://openai.com/gptbot)"
74.7.227.150 - - [25/Mar/2026:13:03:19 -0400] "GET /wp-content/uploads/wpforms/assets/jvaiv/iesfh/admin.php?rename=/opt/imunify360/venv/lib/python3.11/site-packages/Crypto/SelfTest/Random/test_random.py HTTP/1.1" 302 371 "http://transforwarders.com/wp-content/uploads/wpforms/assets/jvaiv/iesfh/admin.php?dir=/opt/imunify360/venv/lib/python3.11/site-packages/Crypto/SelfTest/Random" "Mozilla/5.0 AppleWebKit/537.36 (KHTML, like Gecko; compatible; GPTBot/1.3; +https://openai.com/gptbot)"
74.7.227.150 - - [25/Mar/2026:13:04:22 -0400] "GET /wp-content/uploads/wpforms/assets/jvaiv/iesfh/admin.php?dir=/opt/alt/alt-nodejs14/root/usr/lib64 HTTP/1.1" 302 317 "http://transforwarders.com/wp-content/uploads/wpforms/assets/jvaiv/iesfh/admin.php?view=/lib/.build-id/4b/48136caaee20eee1c00cd66f12e8824426f96c" "Mozilla/5.0 AppleWebKit/537.36 (KHTML, like Gecko; compatible; GPTBot/1.3; +https://openai.com/gptbot)"
74.7.244.22 - - [25/Mar/2026:13:04:22 -0400] "GET /robots.txt HTTP/1.1" 302 276 "-" "Mozilla/5.0 (Macintosh; Intel Mac OS X 10_15_7) AppleWebKit/537.36 (KHTML, like Gecko) Chrome/131.0.0.0 Safari/537.36; compatible; OAI-SearchBot/1.3; robots.txt; +https://openai.com/searchbot"
74.7.227.150 - - [25/Mar/2026:13:05:31 -0400] "GET /wp-content/uploads/wpforms/assets/jvaiv/iesfh/admin.php?dir=/opt/alt/alt-nodejs16/root/usr/lib64 HTTP/1.1" 302 317 "http://transforwarders.com/wp-content/uploads/wpforms/assets/jvaiv/iesfh/admin.php?dir=/opt/alt/alt-nodejs16/root/usr/lib64/engines-1.1" "Mozilla/5.0 AppleWebKit/537.36 (KHTML, like Gecko; compatible; GPTBot/1.3; +https://openai.com/gptbot)"
74.7.227.150 - - [25/Mar/2026:13:06:32 -0400] "GET /wp-content/uploads/wpforms/assets/jvaiv/iesfh/admin.php?dir=/opt/alt/alt-nodejs11/root/usr/lib64 HTTP/1.1" 302 317 "http://transforwarders.com/wp-content/uploads/wpforms/assets/jvaiv/iesfh/admin.php?edit=/lib/.build-id/ea/4aa8908ae5a08050b9bde27277eff4479229f4" "Mozilla/5.0 AppleWebKit/537.36 (KHTML, like Gecko; compatible; GPTBot/1.3; +https://openai.com/gptbot)"
74.7.227.150 - - [25/Mar/2026:13:07:35 -0400] "GET /wp-content/uploads/wpforms/assets/jvaiv/iesfh/admin.php?dir=/opt/alt/alt-nodejs12/root/usr/lib64 HTTP/1.1" 302 317 "http://transforwarders.com/wp-content/uploads/wpforms/assets/jvaiv/iesfh/admin.php?view=/lib/.build-id/fe/a418fa6c2cd28e433fe61e9b8ee56e6ab6d85e" "Mozilla/5.0 AppleWebKit/537.36 (KHTML, like Gecko; compatible; GPTBot/1.3; +https://openai.com/gptbot)"
74.7.227.150 - - [25/Mar/2026:13:08:43 -0400] "GET /wp-content/uploads/wpforms/assets/jvaiv/iesfh/admin.php?dir=/opt/alt/ruby34/lib64/ruby/enc/trans HTTP/1.1" 302 317 "http://transforwarders.com/wp-content/uploads/wpforms/assets/jvaiv/iesfh/admin.php?view=/lib/.build-id/b5/a8ea8bbbd28dc0b8939266788dd3bfd6fec06e" "Mozilla/5.0 AppleWebKit/537.36 (KHTML, like Gecko; compatible; GPTBot/1.3; +https://openai.com/gptbot)"
74.7.227.150 - - [25/Mar/2026:13:10:01 -0400] "GET /wp-content/uploads/wpforms/assets/jvaiv/iesfh/admin.php?dir=/opt/alt/alt-nodejs18/root/usr/lib64 HTTP/1.1" 302 317 "http://transforwarders.com/wp-content/uploads/wpforms/assets/jvaiv/iesfh/admin.php?view=/lib/.build-id/b6/6535114eae2fcc0292e7e3582b0c62dd58e4a8" "Mozilla/5.0 AppleWebKit/537.36 (KHTML, like Gecko; compatible; GPTBot/1.3; +https://openai.com/gptbot)"
74.7.227.150 - - [25/Mar/2026:13:10:54 -0400] "GET /wp-content/uploads/wpforms/assets/jvaiv/iesfh/admin.php?dir=/opt/alt/alt-nodejs19/root/usr/lib64 HTTP/1.1" 302 317 "http://transforwarders.com/wp-content/uploads/wpforms/assets/jvaiv/iesfh/admin.php?view=/lib/.build-id/d7/2db7f030e77765bb2f9c6102c11c448798017f" "Mozilla/5.0 AppleWebKit/537.36 (KHTML, like Gecko; compatible; GPTBot/1.3; +https://openai.com/gptbot)"
74.7.227.150 - - [25/Mar/2026:13:11:51 -0400] "GET /wp-content/uploads/wpforms/assets/jvaiv/iesfh/admin.php?dir=/opt/alt/alt-nodejs10/root/usr/lib64 HTTP/1.1" 302 317 "http://transforwarders.com/wp-content/uploads/wpforms/assets/jvaiv/iesfh/admin.php?view=/lib/.build-id/be/4e2468799d890f9d939044eda61732efd764ab" "Mozilla/5.0 AppleWebKit/537.36 (KHTML, like Gecko; compatible; GPTBot/1.3; +https://openai.com/gptbot)"
74.7.227.150 - - [25/Mar/2026:13:12:50 -0400] "GET /wp-content/uploads/wpforms/assets/jvaiv/iesfh/admin.php?dir=/opt/alt/ruby33/lib64/ruby/enc/trans HTTP/1.1" 302 317 "http://transforwarders.com/wp-content/uploads/wpforms/assets/jvaiv/iesfh/admin.php?view=/lib/.build-id/c4/1bfaad4f16ea9ddd7be1900e062ca85adbe1a6" "Mozilla/5.0 AppleWebKit/537.36 (KHTML, like Gecko; compatible; GPTBot/1.3; +https://openai.com/gptbot)"
74.7.227.150 - - [25/Mar/2026:13:13:51 -0400] "GET /wp-content/uploads/wpforms/assets/jvaiv/iesfh/admin.php?edit=/opt/alt/ruby26/lib64/ruby/2.6.0/bundler/templates/Executable.standalone HTTP/1.1" 302 354 "http://transforwarders.com/wp-content/uploads/wpforms/assets/jvaiv/iesfh/admin.php?dir=/opt/alt/ruby26/lib64/ruby/2.6.0/bundler/templates" "Mozilla/5.0 AppleWebKit/537.36 (KHTML, like Gecko; compatible; GPTBot/1.3; +https://openai.com/gptbot)"
74.7.227.150 - - [25/Mar/2026:13:14:56 -0400] "GET /wp-content/uploads/wpforms/assets/jvaiv/iesfh/admin.php?edit=/opt/imunify360/venv/lib/python3.11/site-packages/Crypto/Cipher/_ARC4.abi3.so HTTP/1.1" 302 359 "http://transforwarders.com/wp-content/uploads/wpforms/assets/jvaiv/iesfh/admin.php?dir=/opt/imunify360/venv/lib/python3.11/site-packages/Crypto/Cipher" "Mozilla/5.0 AppleWebKit/537.36 (KHTML, like Gecko; compatible; GPTBot/1.3; +https://openai.com/gptbot)"
74.7.227.150 - - [25/Mar/2026:13:16:03 -0400] "GET /wp-content/uploads/wpforms/assets/jvaiv/iesfh/admin.php?edit=/lib/.build-id/de/ff3d664f6a68a419acfd634409e328f6fb3bbd HTTP/1.1" 302 338 "http://transforwarders.com/wp-content/uploads/wpforms/assets/jvaiv/iesfh/admin.php?dir=/lib/.build-id/de" "Mozilla/5.0 AppleWebKit/537.36 (KHTML, like Gecko; compatible; GPTBot/1.3; +https://openai.com/gptbot)"
74.7.244.22 - - [25/Mar/2026:13:16:03 -0400] "GET /robots.txt HTTP/1.1" 302 276 "-" "Mozilla/5.0 (Macintosh; Intel Mac OS X 10_15_7) AppleWebKit/537.36 (KHTML, like Gecko) Chrome/131.0.0.0 Safari/537.36; compatible; OAI-SearchBot/1.3; robots.txt; +https://openai.com/searchbot"
74.7.227.150 - - [25/Mar/2026:13:17:04 -0400] "GET /wp-content/uploads/wpforms/assets/jvaiv/iesfh/admin.php?edit=/lib/.build-id/de/3c4b2fde21b74d57f8298af35d7f6fb6f64a9c HTTP/1.1" 302 338 "http://transforwarders.com/wp-content/uploads/wpforms/assets/jvaiv/iesfh/admin.php?dir=/lib/.build-id/de" "Mozilla/5.0 AppleWebKit/537.36 (KHTML, like Gecko; compatible; GPTBot/1.3; +https://openai.com/gptbot)"
74.7.227.150 - - [25/Mar/2026:13:18:09 -0400] "GET /wp-content/uploads/wpforms/assets/jvaiv/iesfh/admin.php?edit=/lib/.build-id/de/fdf04979cb32fd5ec70f3d42006ef83ef51bb4 HTTP/1.1" 302 338 "http://transforwarders.com/wp-content/uploads/wpforms/assets/jvaiv/iesfh/admin.php?dir=/lib/.build-id/de" "Mozilla/5.0 AppleWebKit/537.36 (KHTML, like Gecko; compatible; GPTBot/1.3; +https://openai.com/gptbot)"
74.7.227.150 - - [25/Mar/2026:13:19:11 -0400] "GET /wp-content/uploads/wpforms/assets/jvaiv/iesfh/admin.php?dir=/opt/cpanel/libtidy/bin HTTP/1.1" 302 304 "http://transforwarders.com/wp-content/uploads/wpforms/assets/jvaiv/iesfh/admin.php?view=/lib/.build-id/c4/fc6042a1c160c5e40fa75b6edd51621dc729a3" "Mozilla/5.0 AppleWebKit/537.36 (KHTML, like Gecko; compatible; GPTBot/1.3; +https://openai.com/gptbot)"
74.7.227.150 - - [25/Mar/2026:13:20:12 -0400] "GET /wp-content/uploads/wpforms/assets/jvaiv/iesfh/admin.php?rename=/etc/recent_authed_mail_ips HTTP/1.1" 302 - "http://transforwarders.com/wp-content/uploads/wpforms/assets/jvaiv/iesfh/admin.php?dir=//etc" "Mozilla/5.0 AppleWebKit/537.36 (KHTML, like Gecko; compatible; GPTBot/1.3; +https://openai.com/gptbot)"
74.7.227.150 - - [25/Mar/2026:13:21:15 -0400] "GET /wp-content/uploads/wpforms/assets/jvaiv/iesfh/admin.php?edit=/usr/bin/mariadb-access HTTP/1.1" 302 305 "http://transforwarders.com/wp-content/uploads/wpforms/assets/jvaiv/iesfh/admin.php?dir=//bin" "Mozilla/5.0 AppleWebKit/537.36 (KHTML, like Gecko; compatible; GPTBot/1.3; +https://openai.com/gptbot)"
74.7.244.22 - - [25/Mar/2026:13:21:15 -0400] "GET /robots.txt HTTP/1.1" 302 276 "-" "Mozilla/5.0 (Macintosh; Intel Mac OS X 10_15_7) AppleWebKit/537.36 (KHTML, like Gecko) Chrome/131.0.0.0 Safari/537.36; compatible; OAI-SearchBot/1.3; robots.txt; +https://openai.com/searchbot"
74.7.227.150 - - [25/Mar/2026:13:22:23 -0400] "GET /wp-content/uploads/wpforms/assets/jvaiv/iesfh/admin.php?rename=/usr/bin/mariadb-slap HTTP/1.1" 302 305 "http://transforwarders.com/wp-content/uploads/wpforms/assets/jvaiv/iesfh/admin.php?dir=//bin" "Mozilla/5.0 AppleWebKit/537.36 (KHTML, like Gecko; compatible; GPTBot/1.3; +https://openai.com/gptbot)"
74.7.227.150 - - [25/Mar/2026:13:23:17 -0400] "GET /wp-content/uploads/wpforms/assets/jvaiv/iesfh/admin.php?edit=/usr/bin/mariadb-find-rows HTTP/1.1" 302 308 "http://transforwarders.com/wp-content/uploads/wpforms/assets/jvaiv/iesfh/admin.php?dir=//bin" "Mozilla/5.0 AppleWebKit/537.36 (KHTML, like Gecko; compatible; GPTBot/1.3; +https://openai.com/gptbot)"
74.7.227.150 - - [25/Mar/2026:13:24:23 -0400] "GET /wp-content/uploads/wpforms/assets/jvaiv/iesfh/admin.php?edit=/etc/recent_authed_mail_ips HTTP/1.1" 302 - "http://transforwarders.com/wp-content/uploads/wpforms/assets/jvaiv/iesfh/admin.php?dir=//etc" "Mozilla/5.0 AppleWebKit/537.36 (KHTML, like Gecko; compatible; GPTBot/1.3; +https://openai.com/gptbot)"
74.7.227.150 - - [25/Mar/2026:13:25:28 -0400] "GET /wp-content/uploads/wpforms/assets/jvaiv/iesfh/admin.php?rename=/usr/sbin/cagefs_enter_site HTTP/1.1" 302 311 "http://transforwarders.com/wp-content/uploads/wpforms/assets/jvaiv/iesfh/admin.php?dir=//sbin" "Mozilla/5.0 AppleWebKit/537.36 (KHTML, like Gecko; compatible; GPTBot/1.3; +https://openai.com/gptbot)"
74.7.227.150 - - [25/Mar/2026:13:26:29 -0400] "GET /wp-content/uploads/wpforms/assets/jvaiv/iesfh/admin.php?dir=/opt/alt/cyrus-sasl/include HTTP/1.1" 302 308 "http://transforwarders.com/wp-content/uploads/wpforms/assets/jvaiv/iesfh/admin.php?dir=/opt/alt/cyrus-sasl" "Mozilla/5.0 AppleWebKit/537.36 (KHTML, like Gecko; compatible; GPTBot/1.3; +https://openai.com/gptbot)"
216.73.216.217 - - [25/Mar/2026:13:26:29 -0400] "GET /wp-includes/html-api/resources/files/2023/sae/index.php?path=%2F%2Fusr%2Flib64%2Fpython3.8%2Fcurses&viewfile=%2F%2Fusr%2Flib64%2Fpython3.8%2Fcurses%2Ftextpad.py HTTP/1.1" 302 385 "-" "Mozilla/5.0 AppleWebKit/537.36 (KHTML, like Gecko; compatible; ClaudeBot/1.0; +claudebot@anthropic.com)"
74.7.244.22 - - [25/Mar/2026:13:26:29 -0400] "GET /robots.txt HTTP/1.1" 302 276 "-" "Mozilla/5.0 (Macintosh; Intel Mac OS X 10_15_7) AppleWebKit/537.36 (KHTML, like Gecko) Chrome/131.0.0.0 Safari/537.36; compatible; OAI-SearchBot/1.3; robots.txt; +https://openai.com/searchbot"
74.7.227.150 - - [25/Mar/2026:13:27:32 -0400] "GET /wp-content/uploads/wpforms/assets/jvaiv/iesfh/admin.php?dir=/opt/cpanel/ea-openssl/bin HTTP/1.1" 302 307 "http://transforwarders.com/wp-content/uploads/wpforms/assets/jvaiv/iesfh/admin.php?view=/lib/.build-id/2d/6e082d40e6c609d8629552c78f079be62c090a" "Mozilla/5.0 AppleWebKit/537.36 (KHTML, like Gecko; compatible; GPTBot/1.3; +https://openai.com/gptbot)"
74.7.227.150 - - [25/Mar/2026:13:28:38 -0400] "GET /wp-content/uploads/wpforms/assets/jvaiv/iesfh/admin.php?dir=/opt/cpanel/ea-openssl/lib HTTP/1.1" 302 307 "http://transforwarders.com/wp-content/uploads/wpforms/assets/jvaiv/iesfh/admin.php?view=/lib/.build-id/b3/727254d386e161692fdf1ff40eb51c29ac2fab" "Mozilla/5.0 AppleWebKit/537.36 (KHTML, like Gecko; compatible; GPTBot/1.3; +https://openai.com/gptbot)"
74.7.227.150 - - [25/Mar/2026:13:29:39 -0400] "GET /wp-content/uploads/wpforms/assets/jvaiv/iesfh/admin.php?edit=/usr/sbin/dnssec-revoke HTTP/1.1" 302 305 "http://transforwarders.com/wp-content/uploads/wpforms/assets/jvaiv/iesfh/admin.php?dir=//sbin" "Mozilla/5.0 AppleWebKit/537.36 (KHTML, like Gecko; compatible; GPTBot/1.3; +https://openai.com/gptbot)"
74.7.227.150 - - [25/Mar/2026:13:30:44 -0400] "GET /wp-content/uploads/wpforms/assets/jvaiv/iesfh/admin.php?edit=/usr/bin/enchant-lsmod HTTP/1.1" 302 304 "http://transforwarders.com/wp-content/uploads/wpforms/assets/jvaiv/iesfh/admin.php?dir=//bin" "Mozilla/5.0 AppleWebKit/537.36 (KHTML, like Gecko; compatible; GPTBot/1.3; +https://openai.com/gptbot)"
74.7.227.150 - - [25/Mar/2026:13:31:47 -0400] "GET /wp-content/uploads/wpforms/assets/jvaiv/iesfh/admin.php?edit=/usr/sbin/cagefs_enter_site HTTP/1.1" 302 309 "http://transforwarders.com/wp-content/uploads/wpforms/assets/jvaiv/iesfh/admin.php?dir=//sbin" "Mozilla/5.0 AppleWebKit/537.36 (KHTML, like Gecko; compatible; GPTBot/1.3; +https://openai.com/gptbot)"
74.7.244.22 - - [25/Mar/2026:13:31:47 -0400] "GET /robots.txt HTTP/1.1" 302 276 "-" "Mozilla/5.0 (Macintosh; Intel Mac OS X 10_15_7) AppleWebKit/537.36 (KHTML, like Gecko) Chrome/131.0.0.0 Safari/537.36; compatible; OAI-SearchBot/1.3; robots.txt; +https://openai.com/searchbot"
74.7.227.150 - - [25/Mar/2026:13:32:48 -0400] "GET /wp-content/uploads/wpforms/assets/jvaiv/iesfh/admin.php?dir=/opt/alt/libicu/usr/include HTTP/1.1" 302 308 "http://transforwarders.com/wp-content/uploads/wpforms/assets/jvaiv/iesfh/admin.php?dir=/opt/alt/libicu/usr" "Mozilla/5.0 AppleWebKit/537.36 (KHTML, like Gecko; compatible; GPTBot/1.3; +https://openai.com/gptbot)"
74.7.227.150 - - [25/Mar/2026:13:33:50 -0400] "GET /wp-content/uploads/wpforms/assets/jvaiv/iesfh/admin.php?rename=/usr/local/bin/lsphp HTTP/1.1" 302 304 "http://transforwarders.com/wp-content/uploads/wpforms/assets/jvaiv/iesfh/admin.php?dir=/usr/local/bin" "Mozilla/5.0 AppleWebKit/537.36 (KHTML, like Gecko; compatible; GPTBot/1.3; +https://openai.com/gptbot)"
74.7.227.150 - - [25/Mar/2026:13:34:55 -0400] "GET /wp-content/uploads/wpforms/assets/jvaiv/iesfh/admin.php?rename=/usr/bin/lesspipe.sh HTTP/1.1" 302 304 "http://transforwarders.com/wp-content/uploads/wpforms/assets/jvaiv/iesfh/admin.php?dir=//bin" "Mozilla/5.0 AppleWebKit/537.36 (KHTML, like Gecko; compatible; GPTBot/1.3; +https://openai.com/gptbot)"
74.7.227.150 - - [25/Mar/2026:13:35:57 -0400] "GET /wp-content/uploads/wpforms/assets/jvaiv/iesfh/admin.php?edit=/usr/bin/mariadb-import HTTP/1.1" 302 305 "http://transforwarders.com/wp-content/uploads/wpforms/assets/jvaiv/iesfh/admin.php?dir=//bin" "Mozilla/5.0 AppleWebKit/537.36 (KHTML, like Gecko; compatible; GPTBot/1.3; +https://openai.com/gptbot)"
74.7.227.150 - - [25/Mar/2026:13:37:09 -0400] "GET /wp-content/uploads/wpforms/assets/jvaiv/iesfh/admin.php?rename=/usr/bin/mariadb-show HTTP/1.1" 302 305 "http://transforwarders.com/wp-content/uploads/wpforms/assets/jvaiv/iesfh/admin.php?dir=//bin" "Mozilla/5.0 AppleWebKit/537.36 (KHTML, like Gecko; compatible; GPTBot/1.3; +https://openai.com/gptbot)"
74.7.244.22 - - [25/Mar/2026:13:37:09 -0400] "GET /robots.txt HTTP/1.1" 302 276 "-" "Mozilla/5.0 (Macintosh; Intel Mac OS X 10_15_7) AppleWebKit/537.36 (KHTML, like Gecko) Chrome/131.0.0.0 Safari/537.36; compatible; OAI-SearchBot/1.3; robots.txt; +https://openai.com/searchbot"
74.7.227.150 - - [25/Mar/2026:13:38:02 -0400] "GET /wp-content/uploads/wpforms/assets/jvaiv/iesfh/admin.php?rename=/usr/bin/mariadb-dump HTTP/1.1" 302 305 "http://transforwarders.com/wp-content/uploads/wpforms/assets/jvaiv/iesfh/admin.php?dir=//bin" "Mozilla/5.0 AppleWebKit/537.36 (KHTML, like Gecko; compatible; GPTBot/1.3; +https://openai.com/gptbot)"
74.7.227.150 - - [25/Mar/2026:13:39:05 -0400] "GET /wp-content/uploads/wpforms/assets/jvaiv/iesfh/admin.php?rename=/usr/bin/run-with-aspell HTTP/1.1" 302 308 "http://transforwarders.com/wp-content/uploads/wpforms/assets/jvaiv/iesfh/admin.php?dir=//bin" "Mozilla/5.0 AppleWebKit/537.36 (KHTML, like Gecko; compatible; GPTBot/1.3; +https://openai.com/gptbot)"
74.7.227.150 - - [25/Mar/2026:13:40:08 -0400] "GET /wp-content/uploads/wpforms/assets/jvaiv/iesfh/admin.php?edit=/opt/imunify360/venv/lib/python3.11/site-packages/Crypto/Cipher/_pkcs1_decode.abi3.so HTTP/1.1" 302 367 "http://transforwarders.com/wp-content/uploads/wpforms/assets/jvaiv/iesfh/admin.php?dir=/opt/imunify360/venv/lib/python3.11/site-packages/Crypto/Cipher" "Mozilla/5.0 AppleWebKit/537.36 (KHTML, like Gecko; compatible; GPTBot/1.3; +https://openai.com/gptbot)"
74.7.227.150 - - [25/Mar/2026:13:41:09 -0400] "GET /wp-content/uploads/wpforms/assets/jvaiv/iesfh/admin.php?rename=/opt/cpanel/ea-libicu/lib/libicuuc.so HTTP/1.1" 302 321 "http://transforwarders.com/wp-content/uploads/wpforms/assets/jvaiv/iesfh/admin.php?dir=/opt/cpanel/ea-libicu/lib" "Mozilla/5.0 AppleWebKit/537.36 (KHTML, like Gecko; compatible; GPTBot/1.3; +https://openai.com/gptbot)"
74.7.227.150 - - [25/Mar/2026:13:42:12 -0400] "GET /wp-content/uploads/wpforms/assets/jvaiv/iesfh/admin.php?edit=/opt/cpanel/ea-libicu/lib/libicudata.so HTTP/1.1" 302 321 "http://transforwarders.com/wp-content/uploads/wpforms/assets/jvaiv/iesfh/admin.php?dir=/opt/cpanel/ea-libicu/lib" "Mozilla/5.0 AppleWebKit/537.36 (KHTML, like Gecko; compatible; GPTBot/1.3; +https://openai.com/gptbot)"
74.7.244.22 - - [25/Mar/2026:13:42:12 -0400] "GET /robots.txt HTTP/1.1" 302 276 "-" "Mozilla/5.0 (Macintosh; Intel Mac OS X 10_15_7) AppleWebKit/537.36 (KHTML, like Gecko) Chrome/131.0.0.0 Safari/537.36; compatible; OAI-SearchBot/1.3; robots.txt; +https://openai.com/searchbot"
45.90.196.63 - - [25/Mar/2026:13:42:13 -0400] "GET / HTTP/1.0" 302 276 "http://transforwarders.com/" "Mozilla/5.0 (Windows NT 10.0; Win64; x64) AppleWebKit/537.36 (KHTML, like Gecko) Chrome/129.0.0.0 Safari/537.36"
74.7.227.150 - - [25/Mar/2026:13:43:14 -0400] "GET /wp-content/uploads/wpforms/assets/jvaiv/iesfh/admin.php?rename=/opt/cpanel/ea-libicu/lib/libicutu.so HTTP/1.1" 302 321 "http://transforwarders.com/wp-content/uploads/wpforms/assets/jvaiv/iesfh/admin.php?dir=/opt/cpanel/ea-libicu/lib" "Mozilla/5.0 AppleWebKit/537.36 (KHTML, like Gecko; compatible; GPTBot/1.3; +https://openai.com/gptbot)"
74.7.227.150 - - [25/Mar/2026:13:44:19 -0400] "GET /wp-content/uploads/wpforms/assets/jvaiv/iesfh/admin.php?rename=/opt/cpanel/ea-libicu/lib/libicuio.so HTTP/1.1" 302 321 "http://transforwarders.com/wp-content/uploads/wpforms/assets/jvaiv/iesfh/admin.php?dir=/opt/cpanel/ea-libicu/lib" "Mozilla/5.0 AppleWebKit/537.36 (KHTML, like Gecko; compatible; GPTBot/1.3; +https://openai.com/gptbot)"
74.7.227.150 - - [25/Mar/2026:13:45:22 -0400] "GET /wp-content/uploads/wpforms/assets/jvaiv/iesfh/admin.php?rename=/opt/imunify360/venv/lib/python3.11/site-packages/Crypto/Cipher/_pkcs1_decode.abi3.so HTTP/1.1" 302 369 "http://transforwarders.com/wp-content/uploads/wpforms/assets/jvaiv/iesfh/admin.php?dir=/opt/imunify360/venv/lib/python3.11/site-packages/Crypto/Cipher" "Mozilla/5.0 AppleWebKit/537.36 (KHTML, like Gecko; compatible; GPTBot/1.3; +https://openai.com/gptbot)"
74.7.227.150 - - [25/Mar/2026:13:46:25 -0400] "GET /wp-content/uploads/wpforms/assets/jvaiv/iesfh/admin.php?rename=/opt/alt/python34/lib64/python3.4/idlelib/__pycache__/configHelpSourceEdit.cpython-34.pyo HTTP/1.1" 302 373 "http://transforwarders.com/wp-content/uploads/wpforms/assets/jvaiv/iesfh/admin.php?dir=/opt/alt/python34/lib64/python3.4/idlelib/__pycache__" "Mozilla/5.0 AppleWebKit/537.36 (KHTML, like Gecko; compatible; GPTBot/1.3; +https://openai.com/gptbot)"
185.193.157.177 - - [25/Mar/2026:13:47:26 -0400] "GET / HTTP/1.1" 200 2805 "-" "Mozilla/5.0 (Windows NT 10.0; Win64; x64) AppleWebKit/537.36 (KHTML, like Gecko) Chrome/78.0.3904.108 Safari/537.36"
185.193.157.177 - - [25/Mar/2026:13:47:26 -0400] "GET / HTTP/1.1" 200 2805 "-" "Mozilla/5.0 (Windows NT 10.0; Win64; x64) AppleWebKit/537.36 (KHTML, like Gecko) Chrome/78.0.3904.108 Safari/537.36"
185.193.157.177 - - [25/Mar/2026:13:47:27 -0400] "GET /wp-includes/wlwmanifest.xml HTTP/1.1" 404 - "-" "Mozilla/5.0 (Windows NT 10.0; Win64; x64) AppleWebKit/537.36 (KHTML, like Gecko) Chrome/78.0.3904.108 Safari/537.36"
74.7.227.150 - - [25/Mar/2026:13:47:27 -0400] "GET /wp-content/uploads/wpforms/assets/jvaiv/iesfh/admin.php?rename=/opt/alt/python33/lib64/python3.3/idlelib/__pycache__/RemoteDebugger.cpython-33.pyc HTTP/1.1" 200 962 "http://transforwarders.com/wp-content/uploads/wpforms/assets/jvaiv/iesfh/admin.php?dir=/opt/alt/python33/lib64/python3.3/idlelib/__pycache__" "Mozilla/5.0 AppleWebKit/537.36 (KHTML, like Gecko; compatible; GPTBot/1.3; +https://openai.com/gptbot)"
185.193.157.177 - - [25/Mar/2026:13:47:27 -0400] "GET / HTTP/1.1" 200 2805 "-" "Mozilla/5.0 (Windows NT 10.0; Win64; x64) AppleWebKit/537.36 (KHTML, like Gecko) Chrome/78.0.3904.108 Safari/537.36"
185.193.157.177 - - [25/Mar/2026:13:47:27 -0400] "GET /blog/wp-includes/wlwmanifest.xml HTTP/1.1" 404 - "-" "Mozilla/5.0 (Windows NT 10.0; Win64; x64) AppleWebKit/537.36 (KHTML, like Gecko) Chrome/78.0.3904.108 Safari/537.36"
185.193.157.177 - - [25/Mar/2026:13:47:28 -0400] "GET /web/wp-includes/wlwmanifest.xml HTTP/1.1" 404 - "-" "Mozilla/5.0 (Windows NT 10.0; Win64; x64) AppleWebKit/537.36 (KHTML, like Gecko) Chrome/78.0.3904.108 Safari/537.36"
185.193.157.177 - - [25/Mar/2026:13:47:28 -0400] "GET /wordpress/wp-includes/wlwmanifest.xml HTTP/1.1" 404 - "-" "Mozilla/5.0 (Windows NT 10.0; Win64; x64) AppleWebKit/537.36 (KHTML, like Gecko) Chrome/78.0.3904.108 Safari/537.36"
185.193.157.177 - - [25/Mar/2026:13:47:28 -0400] "GET /website/wp-includes/wlwmanifest.xml HTTP/1.1" 404 - "-" "Mozilla/5.0 (Windows NT 10.0; Win64; x64) AppleWebKit/537.36 (KHTML, like Gecko) Chrome/78.0.3904.108 Safari/537.36"
185.193.157.177 - - [25/Mar/2026:13:47:28 -0400] "GET /wp/wp-includes/wlwmanifest.xml HTTP/1.1" 404 - "-" "Mozilla/5.0 (Windows NT 10.0; Win64; x64) AppleWebKit/537.36 (KHTML, like Gecko) Chrome/78.0.3904.108 Safari/537.36"
185.193.157.177 - - [25/Mar/2026:13:47:28 -0400] "GET /news/wp-includes/wlwmanifest.xml HTTP/1.1" 404 - "-" "Mozilla/5.0 (Windows NT 10.0; Win64; x64) AppleWebKit/537.36 (KHTML, like Gecko) Chrome/78.0.3904.108 Safari/537.36"
185.193.157.177 - - [25/Mar/2026:13:47:28 -0400] "GET /2018/wp-includes/wlwmanifest.xml HTTP/1.1" 404 - "-" "Mozilla/5.0 (Windows NT 10.0; Win64; x64) AppleWebKit/537.36 (KHTML, like Gecko) Chrome/78.0.3904.108 Safari/537.36"
185.193.157.177 - - [25/Mar/2026:13:47:28 -0400] "GET /2019/wp-includes/wlwmanifest.xml HTTP/1.1" 404 - "-" "Mozilla/5.0 (Windows NT 10.0; Win64; x64) AppleWebKit/537.36 (KHTML, like Gecko) Chrome/78.0.3904.108 Safari/537.36"
185.193.157.177 - - [25/Mar/2026:13:47:28 -0400] "GET /shop/wp-includes/wlwmanifest.xml HTTP/1.1" 404 - "-" "Mozilla/5.0 (Windows NT 10.0; Win64; x64) AppleWebKit/537.36 (KHTML, like Gecko) Chrome/78.0.3904.108 Safari/537.36"
185.193.157.177 - - [25/Mar/2026:13:47:28 -0400] "GET /wp1/wp-includes/wlwmanifest.xml HTTP/1.1" 404 - "-" "Mozilla/5.0 (Windows NT 10.0; Win64; x64) AppleWebKit/537.36 (KHTML, like Gecko) Chrome/78.0.3904.108 Safari/537.36"
185.193.157.177 - - [25/Mar/2026:13:47:28 -0400] "GET /test/wp-includes/wlwmanifest.xml HTTP/1.1" 404 - "-" "Mozilla/5.0 (Windows NT 10.0; Win64; x64) AppleWebKit/537.36 (KHTML, like Gecko) Chrome/78.0.3904.108 Safari/537.36"
185.193.157.177 - - [25/Mar/2026:13:47:28 -0400] "GET /media/wp-includes/wlwmanifest.xml HTTP/1.1" 404 - "-" "Mozilla/5.0 (Windows NT 10.0; Win64; x64) AppleWebKit/537.36 (KHTML, like Gecko) Chrome/78.0.3904.108 Safari/537.36"
185.193.157.177 - - [25/Mar/2026:13:47:28 -0400] "GET /wp2/wp-includes/wlwmanifest.xml HTTP/1.1" 404 - "-" "Mozilla/5.0 (Windows NT 10.0; Win64; x64) AppleWebKit/537.36 (KHTML, like Gecko) Chrome/78.0.3904.108 Safari/537.36"
185.193.157.177 - - [25/Mar/2026:13:47:28 -0400] "GET /site/wp-includes/wlwmanifest.xml HTTP/1.1" 404 - "-" "Mozilla/5.0 (Windows NT 10.0; Win64; x64) AppleWebKit/537.36 (KHTML, like Gecko) Chrome/78.0.3904.108 Safari/537.36"
185.193.157.177 - - [25/Mar/2026:13:47:29 -0400] "GET /cms/wp-includes/wlwmanifest.xml HTTP/1.1" 404 - "-" "Mozilla/5.0 (Windows NT 10.0; Win64; x64) AppleWebKit/537.36 (KHTML, like Gecko) Chrome/78.0.3904.108 Safari/537.36"
185.193.157.177 - - [25/Mar/2026:13:47:29 -0400] "GET /sito/wp-includes/wlwmanifest.xml HTTP/1.1" 404 - "-" "Mozilla/5.0 (Windows NT 10.0; Win64; x64) AppleWebKit/537.36 (KHTML, like Gecko) Chrome/78.0.3904.108 Safari/537.36"
74.7.227.150 - - [25/Mar/2026:13:48:30 -0400] "GET /wp-content/uploads/wpforms/assets/jvaiv/iesfh/admin.php?edit=/opt/alt/python33/lib64/python3.3/idlelib/__pycache__/RemoteObjectBrowser.cpython-33.pyo HTTP/1.1" 200 1867 "http://transforwarders.com/wp-content/uploads/wpforms/assets/jvaiv/iesfh/admin.php?dir=/opt/alt/python33/lib64/python3.3/idlelib/__pycache__" "Mozilla/5.0 AppleWebKit/537.36 (KHTML, like Gecko; compatible; GPTBot/1.3; +https://openai.com/gptbot)"
74.7.227.150 - - [25/Mar/2026:13:49:29 -0400] "GET /wp-content/uploads/wpforms/assets/jvaiv/iesfh/admin.php?rename=/opt/alt/python33/lib64/python3.3/idlelib/__pycache__/RemoteObjectBrowser.cpython-33.pyo HTTP/1.1" 200 966 "http://transforwarders.com/wp-content/uploads/wpforms/assets/jvaiv/iesfh/admin.php?dir=/opt/alt/python33/lib64/python3.3/idlelib/__pycache__" "Mozilla/5.0 AppleWebKit/537.36 (KHTML, like Gecko; compatible; GPTBot/1.3; +https://openai.com/gptbot)"
74.7.227.150 - - [25/Mar/2026:13:50:19 -0400] "GET /wp-content/uploads/wpforms/assets/jvaiv/iesfh/admin.php?rename=/opt/alt/python33/lib64/python3.3/idlelib/__pycache__/MultiStatusBar.cpython-33.pyc HTTP/1.1" 200 964 "http://transforwarders.com/wp-content/uploads/wpforms/assets/jvaiv/iesfh/admin.php?dir=/opt/alt/python33/lib64/python3.3/idlelib/__pycache__" "Mozilla/5.0 AppleWebKit/537.36 (KHTML, like Gecko; compatible; GPTBot/1.3; +https://openai.com/gptbot)"
74.7.227.150 - - [25/Mar/2026:13:51:14 -0400] "GET /wp-content/uploads/wpforms/assets/jvaiv/iesfh/admin.php?rename=/opt/alt/python33/lib64/python3.3/idlelib/__pycache__/FormatParagraph.cpython-33.pyc HTTP/1.1" 200 964 "http://transforwarders.com/wp-content/uploads/wpforms/assets/jvaiv/iesfh/admin.php?dir=/opt/alt/python33/lib64/python3.3/idlelib/__pycache__" "Mozilla/5.0 AppleWebKit/537.36 (KHTML, like Gecko; compatible; GPTBot/1.3; +https://openai.com/gptbot)"
74.7.227.150 - - [25/Mar/2026:13:51:45 -0400] "GET /wp-content/uploads/wpforms/assets/jvaiv/iesfh/admin.php?rename=/opt/alt/python33/lib64/python3.3/idlelib/__pycache__/FormatParagraph.cpython-33.pyo HTTP/1.1" 200 964 "http://transforwarders.com/wp-content/uploads/wpforms/assets/jvaiv/iesfh/admin.php?dir=/opt/alt/python33/lib64/python3.3/idlelib/__pycache__" "Mozilla/5.0 AppleWebKit/537.36 (KHTML, like Gecko; compatible; GPTBot/1.3; +https://openai.com/gptbot)"
